{"id":49624,"date":"2026-04-27T02:12:26","date_gmt":"2026-04-27T05:12:26","guid":{"rendered":"https:\/\/www.hediyepazar.com\/?product=5-in-1-temizleyici-yuz-masaj-aleti"},"modified":"2026-04-27T02:12:26","modified_gmt":"2026-04-27T05:12:26","slug":"5-in-1-temizleyici-yuz-masaj-aleti","status":"publish","type":"product","link":"https:\/\/www.hediyepazar.com\/?product=5-in-1-temizleyici-yuz-masaj-aleti","title":{"rendered":"5 \u0130n 1 Temizleyici Y\u00fcz Masaj Aleti"},"content":{"rendered":"","protected":false},"excerpt":{"rendered":"<p>G\u00fcnl\u00fck Cilt Bak\u0131m\u0131n\u0131z i\u00e7in M\u00fckemmel \u00c7\u00f6z\u00fcm cilt bak\u0131m, siyah nokta, y\u00fcz temizleme, y\u00fcz temizleme aleti, cilt bak\u0131m\u0131, siyah nokta temizleme, siyah nokta temizleme cihaz\u0131, cilt temizli\u011fi, profesyonel cil bak\u0131m\u0131 G\u00fczellik Bak\u0131m Seti Beautiful Care Massager Y\u00fcz masaj\u0131 ya\u015flanma s\u00fcrecini geciktirmek i\u00e7in en etkili y\u00f6ntemlerden biridir. Y\u00fcz masaj aleti ile y\u00fcz\u00fcn\u00fczdeki, boyun ve gerdanl\u0131\u011f\u0131ndaki k\u0131r\u0131\u015f\u0131klar\u0131n azalmas\u0131na yard\u0131mc\u0131 olur, ciltteki lekelerin azalmas\u0131na yard\u0131mc\u0131 olur. Y\u00fcz masaj aletini her g\u00fcn d\u00fczenli olarak kulland\u0131\u011f\u0131n\u0131zda deri alt\u0131ndaki kan dola\u015f\u0131m\u0131 h\u0131zland\u0131\u011f\u0131ndan y\u00fczdeki ve boyundaki fazla ya\u011flanmalar zamanla gider, cilt daha elastiki bir g\u00f6r\u00fcn\u00fcme sahip olur. Cildiniz zamanla daha canl\u0131 ve p\u00fcr\u00fczs\u00fcz bir g\u00f6r\u00fcnt\u00fcye kavu\u015fur.Yumu\u015fak ve p\u00fcr\u00fczs\u00fcz bir cilt sa\u011flar. \u0130nce \u00e7izgileri gidermeye yard\u0131mc\u0131d\u0131r, siyah noktalardan kurtulmaya olanak sa\u011flar. \u00dcr\u00fcn \u00d6zellikleri: Rahat ve ta\u015f\u0131nabilir tasar\u0131md\u0131r. Y\u00fcz Kremleri ve losyonlar\u0131 s\u00fcremden \u00f6nce y\u00fcz\u00fc temizler. \u00d6l\u00fc deri h\u00fccrelerinin temizlenerek yenilenmesini sa\u011flar. Masaj ve krem uygulamalar\u0131nda deriye daha iyi nufuz etmesini sa\u011fl\u0131yor. Ayak ve dirsek altlar\u0131ndaki sert k\u0131s\u0131mlar\u0131 yumu\u015fat\u0131yor. 2 ad AA pille \u00e7al\u0131\u015f\u0131r. (piller pakete dahil de\u011filidir) Paket \u0130\u00e7eri\u011fi: 1 Adet Masaj Aleti 5 Adet Ba\u015fl\u0131k<\/p>\n","protected":false},"featured_media":49623,"comment_status":"open","ping_status":"closed","template":"","meta":{"_kad_post_transparent":"","_kad_post_title":"","_kad_post_layout":"","_kad_post_sidebar_id":"","_kad_post_content_style":"","_kad_post_vertical_padding":"","_kad_post_feature":"","_kad_post_feature_position":"","_kad_post_header":false,"_kad_post_footer":false,"_kad_post_classname":""},"product_brand":[],"product_cat":[23],"product_tag":[],"class_list":{"0":"post-49624","1":"product","2":"type-product","3":"status-publish","4":"has-post-thumbnail","6":"product_cat-genel","8":"first","9":"instock","10":"purchasable","11":"product-type-simple","12":"entry","13":"content-bg","14":"loop-entry"},"_links":{"self":[{"href":"https:\/\/www.hediyepazar.com\/index.php?rest_route=\/wp\/v2\/product\/49624","targetHints":{"allow":["GET"]}}],"collection":[{"href":"https:\/\/www.hediyepazar.com\/index.php?rest_route=\/wp\/v2\/product"}],"about":[{"href":"https:\/\/www.hediyepazar.com\/index.php?rest_route=\/wp\/v2\/types\/product"}],"replies":[{"embeddable":true,"href":"https:\/\/www.hediyepazar.com\/index.php?rest_route=%2Fwp%2Fv2%2Fcomments&post=49624"}],"wp:featuredmedia":[{"embeddable":true,"href":"https:\/\/www.hediyepazar.com\/index.php?rest_route=\/wp\/v2\/media\/49623"}],"wp:attachment":[{"href":"https:\/\/www.hediyepazar.com\/index.php?rest_route=%2Fwp%2Fv2%2Fmedia&parent=49624"}],"wp:term":[{"taxonomy":"product_brand","embeddable":true,"href":"https:\/\/www.hediyepazar.com\/index.php?rest_route=%2Fwp%2Fv2%2Fproduct_brand&post=49624"},{"taxonomy":"product_cat","embeddable":true,"href":"https:\/\/www.hediyepazar.com\/index.php?rest_route=%2Fwp%2Fv2%2Fproduct_cat&post=49624"},{"taxonomy":"product_tag","embeddable":true,"href":"https:\/\/www.hediyepazar.com\/index.php?rest_route=%2Fwp%2Fv2%2Fproduct_tag&post=49624"}],"curies":[{"name":"wp","href":"https:\/\/api.w.org\/{rel}","templated":true}]}}