{"id":49753,"date":"2026-04-27T02:15:19","date_gmt":"2026-04-27T05:15:19","guid":{"rendered":"https:\/\/www.hediyepazar.com\/?product=p47-kulak-ustu-bluetooth-kulaklik"},"modified":"2026-04-27T02:15:19","modified_gmt":"2026-04-27T05:15:19","slug":"p47-kulak-ustu-bluetooth-kulaklik","status":"publish","type":"product","link":"https:\/\/www.hediyepazar.com\/?product=p47-kulak-ustu-bluetooth-kulaklik","title":{"rendered":"P47 Kulak \u00dcst\u00fc Bluetooth Kulakl\u0131k"},"content":{"rendered":"","protected":false},"excerpt":{"rendered":"<p>P47 Kulak \u00dcst\u00fc Bluetooth Kulakl\u0131k Y\u00fcksek kaliteli ses deneyimi i\u00e7in entegre mikrofon \u00f6zelli\u011fi ile net aramalar yapabilir ve eller serbest kullan\u0131m\u0131n keyfini \u00e7\u0131karabilirsiniz \u00c7ift telefon deste\u011fi sayesinde, iki farkl\u0131 cihaz aras\u0131nda kolayca ge\u00e7i\u015f yaparak m\u00fczik dinlemenin keyfini s\u00fcrd\u00fcrebilirsiniz Suya ve tere kar\u015f\u0131 dayan\u0131kl\u0131 yap\u0131s\u0131 ile spor aktivitelerinizde veya ya\u011fmurlu havalarda dahi rahatl\u0131kla kullanabilirsiniz 2 y\u0131l garanti s\u00fcresi ile sat\u0131n alma sonras\u0131nda da g\u00fcvenle kullanabilece\u011finiz bir \u00fcr\u00fcn deneyimi sunar Konu\u015fma S\u00fcresi: 10 Saat Kulakl\u0131k Tipi: Kulak \u00dcst\u00fc Mikrofon \u00d6zelli\u011fi: Var M\u00fczik Format\u0131 Deste\u011fi: MP3\/WMA Yuvas\u0131: USB2.0 FM Radyo Aral\u0131\u011f\u0131 Desteklenen: 87.5 \u2013 108.0 MHz S\u00fcr\u00fcc\u00fc Birimi: 40mm \u00c7ap Pil Kapasitesi: 250 mAh Hassasiyet: 115db S.P.L at 1 kHz Empedans: 320HM Mikrofon \u00dcnitesi: 4mm * 1.5mm-42dB De\u011ferlendirici G\u00fcc\u00fc: 40 mw Frekans Aral\u0131\u011f\u0131: 20 HZ-20 KHz Fi\u015f Tipi: 3.5mm<\/p>\n","protected":false},"featured_media":49752,"comment_status":"open","ping_status":"closed","template":"","meta":{"_kad_post_transparent":"","_kad_post_title":"","_kad_post_layout":"","_kad_post_sidebar_id":"","_kad_post_content_style":"","_kad_post_vertical_padding":"","_kad_post_feature":"","_kad_post_feature_position":"","_kad_post_header":false,"_kad_post_footer":false,"_kad_post_classname":""},"product_brand":[],"product_cat":[23],"product_tag":[],"class_list":{"0":"post-49753","1":"product","2":"type-product","3":"status-publish","4":"has-post-thumbnail","6":"product_cat-genel","8":"first","9":"instock","10":"purchasable","11":"product-type-simple","12":"entry","13":"content-bg","14":"loop-entry"},"_links":{"self":[{"href":"https:\/\/www.hediyepazar.com\/index.php?rest_route=\/wp\/v2\/product\/49753","targetHints":{"allow":["GET"]}}],"collection":[{"href":"https:\/\/www.hediyepazar.com\/index.php?rest_route=\/wp\/v2\/product"}],"about":[{"href":"https:\/\/www.hediyepazar.com\/index.php?rest_route=\/wp\/v2\/types\/product"}],"replies":[{"embeddable":true,"href":"https:\/\/www.hediyepazar.com\/index.php?rest_route=%2Fwp%2Fv2%2Fcomments&post=49753"}],"wp:featuredmedia":[{"embeddable":true,"href":"https:\/\/www.hediyepazar.com\/index.php?rest_route=\/wp\/v2\/media\/49752"}],"wp:attachment":[{"href":"https:\/\/www.hediyepazar.com\/index.php?rest_route=%2Fwp%2Fv2%2Fmedia&parent=49753"}],"wp:term":[{"taxonomy":"product_brand","embeddable":true,"href":"https:\/\/www.hediyepazar.com\/index.php?rest_route=%2Fwp%2Fv2%2Fproduct_brand&post=49753"},{"taxonomy":"product_cat","embeddable":true,"href":"https:\/\/www.hediyepazar.com\/index.php?rest_route=%2Fwp%2Fv2%2Fproduct_cat&post=49753"},{"taxonomy":"product_tag","embeddable":true,"href":"https:\/\/www.hediyepazar.com\/index.php?rest_route=%2Fwp%2Fv2%2Fproduct_tag&post=49753"}],"curies":[{"name":"wp","href":"https:\/\/api.w.org\/{rel}","templated":true}]}}