{"id":57727,"date":"2026-04-27T06:08:41","date_gmt":"2026-04-27T09:08:41","guid":{"rendered":"https:\/\/www.hediyepazar.com\/?product=newface-apple-watch-38mm-hasirli-cirtcirtli-kordon-pembe-siyah"},"modified":"2026-04-27T06:08:41","modified_gmt":"2026-04-27T09:08:41","slug":"newface-apple-watch-38mm-hasirli-cirtcirtli-kordon-pembe-siyah","status":"publish","type":"product","link":"https:\/\/www.hediyepazar.com\/?product=newface-apple-watch-38mm-hasirli-cirtcirtli-kordon-pembe-siyah","title":{"rendered":"Newface Apple Watch 38mm Has\u0131rl\u0131 C\u0131rtc\u0131rtl\u0131 Kordon &#8211; Pembe-siyah"},"content":{"rendered":"","protected":false},"excerpt":{"rendered":"<p>Newface Apple Watch 38mm Has\u0131rl\u0131 C\u0131rtc\u0131rtl\u0131 Kordon &#8211; Pembe-Siyah<\/p>\n","protected":false},"featured_media":57726,"comment_status":"open","ping_status":"closed","template":"","meta":{"_kad_post_transparent":"","_kad_post_title":"","_kad_post_layout":"","_kad_post_sidebar_id":"","_kad_post_content_style":"","_kad_post_vertical_padding":"","_kad_post_feature":"","_kad_post_feature_position":"","_kad_post_header":false,"_kad_post_footer":false,"_kad_post_classname":""},"product_brand":[],"product_cat":[23],"product_tag":[],"class_list":{"0":"post-57727","1":"product","2":"type-product","3":"status-publish","4":"has-post-thumbnail","6":"product_cat-genel","8":"first","9":"instock","10":"purchasable","11":"product-type-simple","12":"entry","13":"content-bg","14":"loop-entry"},"_links":{"self":[{"href":"https:\/\/www.hediyepazar.com\/index.php?rest_route=\/wp\/v2\/product\/57727","targetHints":{"allow":["GET"]}}],"collection":[{"href":"https:\/\/www.hediyepazar.com\/index.php?rest_route=\/wp\/v2\/product"}],"about":[{"href":"https:\/\/www.hediyepazar.com\/index.php?rest_route=\/wp\/v2\/types\/product"}],"replies":[{"embeddable":true,"href":"https:\/\/www.hediyepazar.com\/index.php?rest_route=%2Fwp%2Fv2%2Fcomments&post=57727"}],"wp:featuredmedia":[{"embeddable":true,"href":"https:\/\/www.hediyepazar.com\/index.php?rest_route=\/wp\/v2\/media\/57726"}],"wp:attachment":[{"href":"https:\/\/www.hediyepazar.com\/index.php?rest_route=%2Fwp%2Fv2%2Fmedia&parent=57727"}],"wp:term":[{"taxonomy":"product_brand","embeddable":true,"href":"https:\/\/www.hediyepazar.com\/index.php?rest_route=%2Fwp%2Fv2%2Fproduct_brand&post=57727"},{"taxonomy":"product_cat","embeddable":true,"href":"https:\/\/www.hediyepazar.com\/index.php?rest_route=%2Fwp%2Fv2%2Fproduct_cat&post=57727"},{"taxonomy":"product_tag","embeddable":true,"href":"https:\/\/www.hediyepazar.com\/index.php?rest_route=%2Fwp%2Fv2%2Fproduct_tag&post=57727"}],"curies":[{"name":"wp","href":"https:\/\/api.w.org\/{rel}","templated":true}]}}