{"id":6534,"date":"2026-04-26T07:04:07","date_gmt":"2026-04-26T10:04:07","guid":{"rendered":"https:\/\/www.hediyepazar.com\/?product=carstar-hm-498x-arac-multimedya-sistemi-sokme-takimi"},"modified":"2026-04-26T07:04:09","modified_gmt":"2026-04-26T10:04:09","slug":"carstar-hm-498x-arac-multimedya-sistemi-sokme-takimi","status":"publish","type":"product","link":"https:\/\/www.hediyepazar.com\/?product=carstar-hm-498x-arac-multimedya-sistemi-sokme-takimi","title":{"rendered":"Carstar Hm-498x Ara\u00e7 Multimedya Sistemi S\u00f6kme Tak\u0131m\u0131"},"content":{"rendered":"<p>Carstar Hm-498x Ara\u00e7 Multimedya Sistemi S\u00f6kme Tak\u0131m\u0131<\/p>\n","protected":false},"excerpt":{"rendered":"<p>Carstar Hm-498x Ara\u00e7 Multimedya Sistemi S\u00f6kme Tak\u0131m\u0131<\/p>\n","protected":false},"featured_media":6535,"comment_status":"closed","ping_status":"open","template":"","meta":{"_kad_post_transparent":"","_kad_post_title":"","_kad_post_layout":"","_kad_post_sidebar_id":"","_kad_post_content_style":"","_kad_post_vertical_padding":"","_kad_post_feature":"","_kad_post_feature_position":"","_kad_post_header":false,"_kad_post_footer":false,"_kad_post_classname":""},"product_brand":[],"product_cat":[267],"product_tag":[],"class_list":{"0":"post-6534","1":"product","2":"type-product","3":"status-publish","4":"has-post-thumbnail","6":"product_cat-oto-ses-ve-goruntu-sistemleri-oto-aksesuarlari","8":"first","9":"instock","10":"purchasable","11":"product-type-simple","12":"entry","13":"content-bg","14":"loop-entry"},"_links":{"self":[{"href":"https:\/\/www.hediyepazar.com\/index.php?rest_route=\/wp\/v2\/product\/6534","targetHints":{"allow":["GET"]}}],"collection":[{"href":"https:\/\/www.hediyepazar.com\/index.php?rest_route=\/wp\/v2\/product"}],"about":[{"href":"https:\/\/www.hediyepazar.com\/index.php?rest_route=\/wp\/v2\/types\/product"}],"replies":[{"embeddable":true,"href":"https:\/\/www.hediyepazar.com\/index.php?rest_route=%2Fwp%2Fv2%2Fcomments&post=6534"}],"wp:featuredmedia":[{"embeddable":true,"href":"https:\/\/www.hediyepazar.com\/index.php?rest_route=\/wp\/v2\/media\/6535"}],"wp:attachment":[{"href":"https:\/\/www.hediyepazar.com\/index.php?rest_route=%2Fwp%2Fv2%2Fmedia&parent=6534"}],"wp:term":[{"taxonomy":"product_brand","embeddable":true,"href":"https:\/\/www.hediyepazar.com\/index.php?rest_route=%2Fwp%2Fv2%2Fproduct_brand&post=6534"},{"taxonomy":"product_cat","embeddable":true,"href":"https:\/\/www.hediyepazar.com\/index.php?rest_route=%2Fwp%2Fv2%2Fproduct_cat&post=6534"},{"taxonomy":"product_tag","embeddable":true,"href":"https:\/\/www.hediyepazar.com\/index.php?rest_route=%2Fwp%2Fv2%2Fproduct_tag&post=6534"}],"curies":[{"name":"wp","href":"https:\/\/api.w.org\/{rel}","templated":true}]}}