{"id":73701,"date":"2026-04-29T19:48:12","date_gmt":"2026-04-29T22:48:12","guid":{"rendered":"https:\/\/www.hediyepazar.com\/?product=3-adet-tesettur-bone-bagcikli-likrali-siyah"},"modified":"2026-04-29T19:48:12","modified_gmt":"2026-04-29T22:48:12","slug":"3-adet-tesettur-bone-bagcikli-likrali-siyah","status":"publish","type":"product","link":"https:\/\/www.hediyepazar.com\/?product=3-adet-tesettur-bone-bagcikli-likrali-siyah","title":{"rendered":"3 Adet Tesett\u00fcr Bone Ba\u011fc\u0131kl\u0131 Likral\u0131 Siyah"},"content":{"rendered":"<p>Ba\u011fc\u0131kl\u0131 Likral\u0131 Tesett&uuml;r ve Ba\u015f&ouml;rt&uuml;s&uuml; Bonesi&nbsp;<br \/>\n%100 Pamuktan &uuml;retilmi\u015ftir.<br \/>\nLikral\u0131 ve esnek Kuma\u015ft\u0131r.<br \/>\nTerleme yapmaz.<br \/>\n&Uuml;t&uuml;s&uuml;z kullanabilir.<\/p>\n<p>Paket i&ccedil;eri\u011fi:<br \/>\n3 Adet D&uuml;z Siyah Penye Bone 30&#215;70<br \/>\n&nbsp;; Renk : Siyah<\/p>\n","protected":false},"excerpt":{"rendered":"<p>3 Adet Tesett\u00fcr Bone Ba\u011fc\u0131kl\u0131 Likral\u0131 Siyah<\/p>\n","protected":false},"featured_media":71199,"comment_status":"open","ping_status":"closed","template":"","meta":{"_kad_post_transparent":"","_kad_post_title":"","_kad_post_layout":"","_kad_post_sidebar_id":"","_kad_post_content_style":"","_kad_post_vertical_padding":"","_kad_post_feature":"","_kad_post_feature_position":"","_kad_post_header":false,"_kad_post_footer":false,"_kad_post_classname":""},"product_brand":[],"product_cat":[457,537,547],"product_tag":[],"class_list":{"0":"post-73701","1":"product","2":"type-product","3":"status-publish","4":"has-post-thumbnail","6":"product_cat-giyim","7":"product_cat-kadin","8":"product_cat-tesettur-giyim","10":"first","11":"instock","12":"shipping-taxable","13":"purchasable","14":"product-type-simple","15":"entry","16":"content-bg","17":"loop-entry"},"_links":{"self":[{"href":"https:\/\/www.hediyepazar.com\/index.php?rest_route=\/wp\/v2\/product\/73701","targetHints":{"allow":["GET"]}}],"collection":[{"href":"https:\/\/www.hediyepazar.com\/index.php?rest_route=\/wp\/v2\/product"}],"about":[{"href":"https:\/\/www.hediyepazar.com\/index.php?rest_route=\/wp\/v2\/types\/product"}],"replies":[{"embeddable":true,"href":"https:\/\/www.hediyepazar.com\/index.php?rest_route=%2Fwp%2Fv2%2Fcomments&post=73701"}],"wp:featuredmedia":[{"embeddable":true,"href":"https:\/\/www.hediyepazar.com\/index.php?rest_route=\/wp\/v2\/media\/71199"}],"wp:attachment":[{"href":"https:\/\/www.hediyepazar.com\/index.php?rest_route=%2Fwp%2Fv2%2Fmedia&parent=73701"}],"wp:term":[{"taxonomy":"product_brand","embeddable":true,"href":"https:\/\/www.hediyepazar.com\/index.php?rest_route=%2Fwp%2Fv2%2Fproduct_brand&post=73701"},{"taxonomy":"product_cat","embeddable":true,"href":"https:\/\/www.hediyepazar.com\/index.php?rest_route=%2Fwp%2Fv2%2Fproduct_cat&post=73701"},{"taxonomy":"product_tag","embeddable":true,"href":"https:\/\/www.hediyepazar.com\/index.php?rest_route=%2Fwp%2Fv2%2Fproduct_tag&post=73701"}],"curies":[{"name":"wp","href":"https:\/\/api.w.org\/{rel}","templated":true}]}}