{"id":73986,"date":"2026-04-29T19:54:38","date_gmt":"2026-04-29T22:54:38","guid":{"rendered":"https:\/\/www.hediyepazar.com\/?product=elite-life-sunger-destekli-kadin-siyah-bustiyer-772"},"modified":"2026-04-29T19:54:38","modified_gmt":"2026-04-29T22:54:38","slug":"elite-life-sunger-destekli-kadin-siyah-bustiyer-772","status":"publish","type":"product","link":"https:\/\/www.hediyepazar.com\/?product=elite-life-sunger-destekli-kadin-siyah-bustiyer-772","title":{"rendered":"Elite Life S\u00fcnger Destekli Kad\u0131n Siyah B\u00fcstiyer 772"},"content":{"rendered":"<table style=\"border-collapse:collapse; width:118pt; border:none\" width=\"157\">\n<colgroup>\n<col style=\"width:118pt\" width=\"157\" \/>\n\t<\/colgroup>\n<tbody>\n<tr height=\"20\" style=\"height:15.0pt\">\n<td class=\"xl63\" height=\"20\" style=\"border:none; height:15.0pt; width:118pt; vertical-align:middle; padding-top:1px; padding-right:1px; padding-left:1px; white-space:nowrap\" width=\"157\"><span style=\"font-size:11pt\"><span style=\"color:black\"><span style=\"font-weight:400\"><span style=\"font-style:normal\"><span style=\"text-decoration:none\"><span style=\"font-family:Calibri,sans-serif\">Elite Life S&uuml;nger Destekli Kad\u0131n Siyah B&uuml;stiyer 772<\/p>\n<p>\t\t\t&Ccedil;ok eski y\u0131llardan bu yana kullan\u0131lan, daha kad\u0131ns\u0131 ve ince bir g&ouml;r&uuml;n&uuml;m sa\u011flayan<br \/>\n\t\t\tb&uuml;stiyerler kad\u0131n modas\u0131n\u0131n vazge&ccedil;ilmezleri aras\u0131ndad\u0131r.<\/p>\n<p>\t\t\tB&uuml;stiyer s&uuml;tyen de\u011fildir. S&uuml;tyen sadece g&ouml;\u011f&uuml;s b&ouml;lgesini i&ccedil;ine alan<br \/>\n\t\t\tbir i&ccedil; &ccedil;ama\u015f\u0131r\u0131 &uuml;r&uuml;n&uuml; olmas\u0131na ra\u011fmen, b&uuml;stiyer g&ouml;\u011f&uuml;s &uuml;st&uuml;nden ba\u015flayarak<br \/>\n\t\t\tbel oyuntusuna kadar devam eder. Dar ve genellikle seksi duru\u015fu nedeniyle,<br \/>\n\t\t\tk\u0131sa ti\u015f&ouml;rtlerden farkl\u0131l\u0131k g&ouml;sterir.<\/p>\n<p>\t\t\tY\u0131kama talimat\u0131na uygun y\u0131kay\u0131n\u0131z.<\/span><\/span><\/span><\/span><\/span><\/span><\/td>\n<\/tr>\n<\/tbody>\n<\/table>\n","protected":false},"excerpt":{"rendered":"<p>Elite Life S\u00fcnger Destekli Kad\u0131n Siyah B\u00fcstiyer 772<\/p>\n","protected":false},"featured_media":71766,"comment_status":"open","ping_status":"closed","template":"","meta":{"_kad_post_transparent":"","_kad_post_title":"","_kad_post_layout":"","_kad_post_sidebar_id":"","_kad_post_content_style":"","_kad_post_vertical_padding":"","_kad_post_feature":"","_kad_post_feature_position":"","_kad_post_header":false,"_kad_post_footer":false,"_kad_post_classname":""},"product_brand":[],"product_cat":[543,457,537],"product_tag":[],"class_list":{"0":"post-73986","1":"product","2":"type-product","3":"status-publish","4":"has-post-thumbnail","6":"product_cat-bluz-tunik-bustiyer","7":"product_cat-giyim","8":"product_cat-kadin","10":"first","11":"instock","12":"shipping-taxable","13":"purchasable","14":"product-type-simple","15":"entry","16":"content-bg","17":"loop-entry"},"_links":{"self":[{"href":"https:\/\/www.hediyepazar.com\/index.php?rest_route=\/wp\/v2\/product\/73986","targetHints":{"allow":["GET"]}}],"collection":[{"href":"https:\/\/www.hediyepazar.com\/index.php?rest_route=\/wp\/v2\/product"}],"about":[{"href":"https:\/\/www.hediyepazar.com\/index.php?rest_route=\/wp\/v2\/types\/product"}],"replies":[{"embeddable":true,"href":"https:\/\/www.hediyepazar.com\/index.php?rest_route=%2Fwp%2Fv2%2Fcomments&post=73986"}],"wp:featuredmedia":[{"embeddable":true,"href":"https:\/\/www.hediyepazar.com\/index.php?rest_route=\/wp\/v2\/media\/71766"}],"wp:attachment":[{"href":"https:\/\/www.hediyepazar.com\/index.php?rest_route=%2Fwp%2Fv2%2Fmedia&parent=73986"}],"wp:term":[{"taxonomy":"product_brand","embeddable":true,"href":"https:\/\/www.hediyepazar.com\/index.php?rest_route=%2Fwp%2Fv2%2Fproduct_brand&post=73986"},{"taxonomy":"product_cat","embeddable":true,"href":"https:\/\/www.hediyepazar.com\/index.php?rest_route=%2Fwp%2Fv2%2Fproduct_cat&post=73986"},{"taxonomy":"product_tag","embeddable":true,"href":"https:\/\/www.hediyepazar.com\/index.php?rest_route=%2Fwp%2Fv2%2Fproduct_tag&post=73986"}],"curies":[{"name":"wp","href":"https:\/\/api.w.org\/{rel}","templated":true}]}}