{"id":74104,"date":"2026-04-29T19:58:50","date_gmt":"2026-04-29T22:58:50","guid":{"rendered":"https:\/\/www.hediyepazar.com\/?product=3-adet-tutku-ribana-spor-erkek-gri-atlet-0118"},"modified":"2026-04-29T19:58:50","modified_gmt":"2026-04-29T22:58:50","slug":"3-adet-tutku-ribana-spor-erkek-gri-atlet-0118","status":"publish","type":"product","link":"https:\/\/www.hediyepazar.com\/?product=3-adet-tutku-ribana-spor-erkek-gri-atlet-0118","title":{"rendered":"3 adet Tutku Ribana Spor Erkek Gri Atlet 0118"},"content":{"rendered":"<table style=\"border-collapse:collapse; width:118pt; border:none\" width=\"157\">\n<colgroup>\n<col style=\"width:118pt\" width=\"157\">\n\t<\/colgroup>\n<tbody>\n<tr height=\"20\" style=\"height:15.0pt\">\n<td class=\"xl65\" height=\"20\" style=\"border:none; height:15.0pt; width:118pt; vertical-align:middle; padding-top:1px; padding-right:1px; padding-left:1px; white-space:nowrap\" width=\"157\"><span style=\"font-size:11pt\"><span style=\"color:black\"><span style=\"font-weight:400\"><span style=\"font-style:normal\"><span style=\"text-decoration:none\"><span style=\"font-family:Calibri,sans-serif\">3 adet Tutku Ribana Spor Erkek Gri Atlet 0118<br \/>\n\t\t\tTutku erkek ribana atlet&nbsp; %100 pamuk ipli\u011finden ribana kuma\u015f olarak \u00fcretilmi\u015ftir.<br \/>\n\t\t\tT\u00fcm \u00e7e\u015fitler teniniz ile bar\u0131\u015f\u0131k, cilde nefes ald\u0131ran, t\u00fcm g\u00fcn giyime uygun \u015fekilde tasarlanm\u0131\u015ft\u0131r.<br \/>\n\t\t\tY\u0131kama talimatlar\u0131na uygun \u015fekilde y\u0131karsan\u0131z uzun s\u00fcre<br \/>\n\t\t\tkuma\u015f kalitesinden \u00f6d\u00fcn vermeden kullanabilece\u011finiz \u00fcr\u00fcnlerdendir.<\/span><\/span><\/span><\/span><\/span><\/span><\/td>\n<\/tr>\n<\/tbody>\n<\/table>\n","protected":false},"excerpt":{"rendered":"<p>3 adet Tutku Ribana Spor Erkek Gri Atlet 0118<\/p>\n","protected":false},"featured_media":72001,"comment_status":"open","ping_status":"closed","template":"","meta":{"_kad_post_transparent":"","_kad_post_title":"","_kad_post_layout":"","_kad_post_sidebar_id":"","_kad_post_content_style":"","_kad_post_vertical_padding":"","_kad_post_feature":"","_kad_post_feature_position":"","_kad_post_header":false,"_kad_post_footer":false,"_kad_post_classname":""},"product_brand":[],"product_cat":[550,541,538],"product_tag":[],"class_list":{"0":"post-74104","1":"product","2":"type-product","3":"status-publish","4":"has-post-thumbnail","6":"product_cat-atlet-body","7":"product_cat-erkek","8":"product_cat-ic-giyim","10":"first","11":"instock","12":"shipping-taxable","13":"purchasable","14":"product-type-simple","15":"entry","16":"content-bg","17":"loop-entry"},"_links":{"self":[{"href":"https:\/\/www.hediyepazar.com\/index.php?rest_route=\/wp\/v2\/product\/74104","targetHints":{"allow":["GET"]}}],"collection":[{"href":"https:\/\/www.hediyepazar.com\/index.php?rest_route=\/wp\/v2\/product"}],"about":[{"href":"https:\/\/www.hediyepazar.com\/index.php?rest_route=\/wp\/v2\/types\/product"}],"replies":[{"embeddable":true,"href":"https:\/\/www.hediyepazar.com\/index.php?rest_route=%2Fwp%2Fv2%2Fcomments&post=74104"}],"wp:featuredmedia":[{"embeddable":true,"href":"https:\/\/www.hediyepazar.com\/index.php?rest_route=\/wp\/v2\/media\/72001"}],"wp:attachment":[{"href":"https:\/\/www.hediyepazar.com\/index.php?rest_route=%2Fwp%2Fv2%2Fmedia&parent=74104"}],"wp:term":[{"taxonomy":"product_brand","embeddable":true,"href":"https:\/\/www.hediyepazar.com\/index.php?rest_route=%2Fwp%2Fv2%2Fproduct_brand&post=74104"},{"taxonomy":"product_cat","embeddable":true,"href":"https:\/\/www.hediyepazar.com\/index.php?rest_route=%2Fwp%2Fv2%2Fproduct_cat&post=74104"},{"taxonomy":"product_tag","embeddable":true,"href":"https:\/\/www.hediyepazar.com\/index.php?rest_route=%2Fwp%2Fv2%2Fproduct_tag&post=74104"}],"curies":[{"name":"wp","href":"https:\/\/api.w.org\/{rel}","templated":true}]}}