{"id":74175,"date":"2026-04-29T20:01:41","date_gmt":"2026-04-29T23:01:41","guid":{"rendered":"https:\/\/www.hediyepazar.com\/?product=pratik-kullanim-ahsap-buyuk-mutfak-seti-4-parca"},"modified":"2026-04-29T20:01:41","modified_gmt":"2026-04-29T23:01:41","slug":"pratik-kullanim-ahsap-buyuk-mutfak-seti-4-parca","status":"publish","type":"product","link":"https:\/\/www.hediyepazar.com\/?product=pratik-kullanim-ahsap-buyuk-mutfak-seti-4-parca","title":{"rendered":"Pratik Kullan\u0131m Ah\u015fap B\u00fcy\u00fck Mutfak Seti 4 Par\u00e7a"},"content":{"rendered":"<table style=\"border-collapse:collapse; width:48pt; border:none\" width=\"64\">\n<colgroup>\n<col style=\"width:48pt\" width=\"64\" \/>\n\t<\/colgroup>\n<tbody>\n<tr height=\"20\" style=\"height:15.0pt\">\n<td height=\"20\" style=\"border:none; height:15.0pt; width:48pt; padding-top:1px; padding-right:1px; padding-left:1px; vertical-align:bottom; white-space:nowrap\" width=\"64\"><span style=\"font-size:11pt\"><span style=\"color:black\"><span style=\"font-weight:400\"><span style=\"font-style:normal\"><span style=\"text-decoration:none\"><span style=\"font-family:Calibri,sans-serif\">Ah\u015fap G&uuml;rgen Kesme ve Sunum Tahtas\u0131 36 x 16 x 2 cm<br \/>\n\t\t\t&Uuml;r&uuml;n &ouml;zellikleri: G&uuml;rgen a\u011fac\u0131ndan imal edilmi\u015ftir.<br \/>\n\t\t\t&Ouml;l&ccedil;&uuml;ler : 36x16x2 cm<br \/>\n\t\t\tKesme ve sunum tahtalar\u0131m\u0131z do\u011fal ah\u015faptan el i\u015f&ccedil;ili\u011fi ile &uuml;retilmi\u015ftir.<br \/>\n\t\t\t&Uuml;r&uuml;n temizli\u011fi do\u011fal bile\u015fimli temizleyicilerle yap\u0131lmal\u0131d\u0131r.<\/p>\n<p>\t\t\tAh\u015fap G&uuml;rgen A\u011fac\u0131 Yufka Bazlama &Ccedil;evirme 30&#215;5 cm<br \/>\n\t\t\tMalzeme : G&uuml;rgen<br \/>\n\t\t\t&Ouml;l&ccedil;&uuml; : 30&#215;5 cm<\/p>\n<p>\t\t\tAh\u015fap G&uuml;rgen A\u011fac\u0131 Mutfak Ma\u015fas\u0131 30&#215;5 cm<br \/>\n\t\t\tMalzeme : G&uuml;rgen<br \/>\n\t\t\t&Ouml;l&ccedil;&uuml; : 30&#215;5 cm<\/p>\n<p>\t\t\tAh\u015fap G&uuml;rgen A\u011fac\u0131 Spatula 29&#215;5 cm<br \/>\n\t\t\tMalzeme : G&uuml;rgen<br \/>\n\t\t\t&Ouml;l&ccedil;&uuml; : 29&#215;5 cm<\/span><\/span><\/span><\/span><\/span><\/span><\/td>\n<\/tr>\n<\/tbody>\n<\/table>\n","protected":false},"excerpt":{"rendered":"<p>Pratik Kullan\u0131m Ah\u015fap B\u00fcy\u00fck Mutfak Seti 4 Par\u00e7a<\/p>\n","protected":false},"featured_media":72143,"comment_status":"open","ping_status":"closed","template":"","meta":{"_kad_post_transparent":"","_kad_post_title":"","_kad_post_layout":"","_kad_post_sidebar_id":"","_kad_post_content_style":"","_kad_post_vertical_padding":"","_kad_post_feature":"","_kad_post_feature_position":"","_kad_post_header":false,"_kad_post_footer":false,"_kad_post_classname":""},"product_brand":[],"product_cat":[557,559,558],"product_tag":[],"class_list":{"0":"post-74175","1":"product","2":"type-product","3":"status-publish","4":"has-post-thumbnail","6":"product_cat-ev-yasam","7":"product_cat-sofra","8":"product_cat-sofra-mutfak-2","10":"first","11":"instock","12":"shipping-taxable","13":"purchasable","14":"product-type-simple","15":"entry","16":"content-bg","17":"loop-entry"},"_links":{"self":[{"href":"https:\/\/www.hediyepazar.com\/index.php?rest_route=\/wp\/v2\/product\/74175","targetHints":{"allow":["GET"]}}],"collection":[{"href":"https:\/\/www.hediyepazar.com\/index.php?rest_route=\/wp\/v2\/product"}],"about":[{"href":"https:\/\/www.hediyepazar.com\/index.php?rest_route=\/wp\/v2\/types\/product"}],"replies":[{"embeddable":true,"href":"https:\/\/www.hediyepazar.com\/index.php?rest_route=%2Fwp%2Fv2%2Fcomments&post=74175"}],"wp:featuredmedia":[{"embeddable":true,"href":"https:\/\/www.hediyepazar.com\/index.php?rest_route=\/wp\/v2\/media\/72143"}],"wp:attachment":[{"href":"https:\/\/www.hediyepazar.com\/index.php?rest_route=%2Fwp%2Fv2%2Fmedia&parent=74175"}],"wp:term":[{"taxonomy":"product_brand","embeddable":true,"href":"https:\/\/www.hediyepazar.com\/index.php?rest_route=%2Fwp%2Fv2%2Fproduct_brand&post=74175"},{"taxonomy":"product_cat","embeddable":true,"href":"https:\/\/www.hediyepazar.com\/index.php?rest_route=%2Fwp%2Fv2%2Fproduct_cat&post=74175"},{"taxonomy":"product_tag","embeddable":true,"href":"https:\/\/www.hediyepazar.com\/index.php?rest_route=%2Fwp%2Fv2%2Fproduct_tag&post=74175"}],"curies":[{"name":"wp","href":"https:\/\/api.w.org\/{rel}","templated":true}]}}