{"id":74180,"date":"2026-04-29T20:01:48","date_gmt":"2026-04-29T23:01:48","guid":{"rendered":"https:\/\/www.hediyepazar.com\/?product=12-adet-pamuklu-lux-erkek-mendili-40x40-cm"},"modified":"2026-04-29T20:01:48","modified_gmt":"2026-04-29T23:01:48","slug":"12-adet-pamuklu-lux-erkek-mendili-40x40-cm","status":"publish","type":"product","link":"https:\/\/www.hediyepazar.com\/?product=12-adet-pamuklu-lux-erkek-mendili-40x40-cm","title":{"rendered":"12 adet Pamuklu L\u00fcx Erkek Mendili 40&#215;40 cm"},"content":{"rendered":"<p>12 adet Pamuklu L\u00fcx Erkek Mendili 40&#215;40 cm<\/p>\n<table style=\"border-collapse:collapse; width:163pt; border:none\" width=\"217\">\n<colgroup>\n<col style=\"width:163pt\" width=\"217\">\n\t<\/colgroup>\n<tbody>\n<tr height=\"20\" style=\"height:15.0pt\">\n<td class=\"xl63\" height=\"20\" style=\"border:none; height:15.0pt; width:163pt; white-space:nowrap; padding-top:1px; padding-right:1px; padding-left:1px; vertical-align:bottom\" width=\"217\"><span style=\"font-size:11pt\"><span style=\"color:black\"><span style=\"font-weight:400\"><span style=\"font-style:normal\"><span style=\"text-decoration:none\"><span style=\"font-family:Calibri,sans-serif\">T\u00fcrk k\u00fclt\u00fcr\u00fcnde mendilin kullan\u0131m\u0131 \u00e7ok eski tarihlere dayan\u0131r.<br \/>\n\t\t\tBurun ve ter mendili, matem mendili, enfiye mendili ve merasim mendili olarak \u00e7e\u015fitli alanlarda kullan\u0131ld\u0131\u011f\u0131 g\u00f6r\u00fcl\u00fcr.<br \/>\n\t\t\tG\u00fcn\u00fcm\u00fczde ise ne yaz\u0131k ki fazla ra\u011fbet g\u00f6rmemekle beraber daha \u00e7ok tak\u0131m elbiselerin aksesuar\u0131 niteli\u011finde tan\u0131n\u0131r.<br \/>\n\t\t\tG\u00f6r\u00fcn\u00fcm\u00fcn\u00fcze \u015f\u0131kl\u0131k katacak olan bu naif mendilleri kravat\u0131n\u0131zla renk uyumu i\u00e7erisinde kullanman\u0131z\u0131 tavsiye ediyoruz.<br \/>\n\t\t\tEBAT: 40&#215;40 cm<br \/>\n\t\t\t\u0130PL\u0130K : %100 Pamuk<br \/>\n\t\t\tPAKET \u015eEKL\u0130: D\u00fczine (12&#8217;li)<\/span><\/span><\/span><\/span><\/span><\/span><\/td>\n<\/tr>\n<\/tbody>\n<\/table>\n","protected":false},"excerpt":{"rendered":"<p>12 adet Pamuklu L\u00fcx Erkek Mendili 40&#215;40 cm<\/p>\n","protected":false},"featured_media":72153,"comment_status":"open","ping_status":"closed","template":"","meta":{"_kad_post_transparent":"","_kad_post_title":"","_kad_post_layout":"","_kad_post_sidebar_id":"","_kad_post_content_style":"","_kad_post_vertical_padding":"","_kad_post_feature":"","_kad_post_feature_position":"","_kad_post_header":false,"_kad_post_footer":false,"_kad_post_classname":""},"product_brand":[],"product_cat":[545,541,561],"product_tag":[],"class_list":{"0":"post-74180","1":"product","2":"type-product","3":"status-publish","4":"has-post-thumbnail","6":"product_cat-aksesuar","7":"product_cat-erkek","8":"product_cat-kravat-papyon","10":"first","11":"instock","12":"shipping-taxable","13":"purchasable","14":"product-type-simple","15":"entry","16":"content-bg","17":"loop-entry"},"_links":{"self":[{"href":"https:\/\/www.hediyepazar.com\/index.php?rest_route=\/wp\/v2\/product\/74180","targetHints":{"allow":["GET"]}}],"collection":[{"href":"https:\/\/www.hediyepazar.com\/index.php?rest_route=\/wp\/v2\/product"}],"about":[{"href":"https:\/\/www.hediyepazar.com\/index.php?rest_route=\/wp\/v2\/types\/product"}],"replies":[{"embeddable":true,"href":"https:\/\/www.hediyepazar.com\/index.php?rest_route=%2Fwp%2Fv2%2Fcomments&post=74180"}],"wp:featuredmedia":[{"embeddable":true,"href":"https:\/\/www.hediyepazar.com\/index.php?rest_route=\/wp\/v2\/media\/72153"}],"wp:attachment":[{"href":"https:\/\/www.hediyepazar.com\/index.php?rest_route=%2Fwp%2Fv2%2Fmedia&parent=74180"}],"wp:term":[{"taxonomy":"product_brand","embeddable":true,"href":"https:\/\/www.hediyepazar.com\/index.php?rest_route=%2Fwp%2Fv2%2Fproduct_brand&post=74180"},{"taxonomy":"product_cat","embeddable":true,"href":"https:\/\/www.hediyepazar.com\/index.php?rest_route=%2Fwp%2Fv2%2Fproduct_cat&post=74180"},{"taxonomy":"product_tag","embeddable":true,"href":"https:\/\/www.hediyepazar.com\/index.php?rest_route=%2Fwp%2Fv2%2Fproduct_tag&post=74180"}],"curies":[{"name":"wp","href":"https:\/\/api.w.org\/{rel}","templated":true}]}}