{"id":74512,"date":"2026-04-29T20:10:49","date_gmt":"2026-04-29T23:10:49","guid":{"rendered":"https:\/\/www.hediyepazar.com\/?product=2-adet-ayak-koku-giderici-mantar-onleyici-bakim-spreyi"},"modified":"2026-04-29T20:10:49","modified_gmt":"2026-04-29T23:10:49","slug":"2-adet-ayak-koku-giderici-mantar-onleyici-bakim-spreyi","status":"publish","type":"product","link":"https:\/\/www.hediyepazar.com\/?product=2-adet-ayak-koku-giderici-mantar-onleyici-bakim-spreyi","title":{"rendered":"2 Adet Ayak Koku Giderici Mantar \u00d6nleyici Bak\u0131m Spreyi"},"content":{"rendered":"<table style=\"border-collapse:collapse; width:59pt; border:none\" width=\"78\">\n<colgroup>\n<col style=\"width:59pt\" width=\"78\" \/>\n\t<\/colgroup>\n<tbody>\n<tr height=\"20\" style=\"height:15.0pt\">\n<td class=\"xl65\" height=\"20\" style=\"border:none; height:15.0pt; width:59pt; white-space:nowrap; padding-top:1px; padding-right:1px; padding-left:1px; vertical-align:bottom\" width=\"78\"><span style=\"font-size:11pt\"><span style=\"color:black\"><span style=\"font-weight:400\"><span style=\"font-style:normal\"><span style=\"text-decoration:none\"><span style=\"font-family:Calibri,sans-serif\">2 Adet Maxieffect Ayak Koku Giderici Ve Mantar &Ouml;nleyici Ayak Bak\u0131m Spreyi<br \/>\n\t\t\tAyak kokular\u0131n\u0131 ilk kullan\u0131mdan itibaren giderilmesine yard\u0131mc\u0131 olur<br \/>\n\t\t\tAyakta Mantar olu\u015fumunun &ouml;nlenmesine yard\u0131mc\u0131 olur<br \/>\n\t\t\tAyak ve topukta ki &ouml;l&uuml; h&uuml;creleri temizler<br \/>\n\t\t\tMaxi Effect propolis i&ccedil;ermektedir.<br \/>\n\t\t\tPropolis antienflamatuar etkisi sayesinde t\u0131rnak batmalar\u0131nda iltihap &ouml;nleyici olarak kullan\u0131labilir.<br \/>\n\t\t\tParmak aralar\u0131na kuru yer kalmayacak \u015fekilde uygulan\u0131r gerekiyorsa el ile yedirilir.<br \/>\n\t\t\tSabah ve Ak\u015fam olmak &uuml;zere \u015fi\u015fe bitene kadar uygulan\u0131r.<br \/>\n\t\t\tPaket i&ccedil;eri\u011fi:<br \/>\n\t\t\t2 Adet Maxieffect Ayak Koku Giderici Ve Mantar &Ouml;nleyici Ayak Bak\u0131m Spreyi&nbsp;<\/span><\/span><\/span><\/span><\/span><\/span><\/td>\n<\/tr>\n<\/tbody>\n<\/table>\n","protected":false},"excerpt":{"rendered":"<p>2 Adet Ayak Koku Giderici Mantar \u00d6nleyici Bak\u0131m Spreyi<\/p>\n","protected":false},"featured_media":72817,"comment_status":"open","ping_status":"closed","template":"","meta":{"_kad_post_transparent":"","_kad_post_title":"","_kad_post_layout":"","_kad_post_sidebar_id":"","_kad_post_content_style":"","_kad_post_vertical_padding":"","_kad_post_feature":"","_kad_post_feature_position":"","_kad_post_header":false,"_kad_post_footer":false,"_kad_post_classname":""},"product_brand":[],"product_cat":[566,537,564],"product_tag":[],"class_list":{"0":"post-74512","1":"product","2":"type-product","3":"status-publish","4":"has-post-thumbnail","6":"product_cat-cilt-bakimi","7":"product_cat-kadin","8":"product_cat-kadin-kozmetik","10":"first","11":"instock","12":"shipping-taxable","13":"purchasable","14":"product-type-simple","15":"entry","16":"content-bg","17":"loop-entry"},"_links":{"self":[{"href":"https:\/\/www.hediyepazar.com\/index.php?rest_route=\/wp\/v2\/product\/74512","targetHints":{"allow":["GET"]}}],"collection":[{"href":"https:\/\/www.hediyepazar.com\/index.php?rest_route=\/wp\/v2\/product"}],"about":[{"href":"https:\/\/www.hediyepazar.com\/index.php?rest_route=\/wp\/v2\/types\/product"}],"replies":[{"embeddable":true,"href":"https:\/\/www.hediyepazar.com\/index.php?rest_route=%2Fwp%2Fv2%2Fcomments&post=74512"}],"wp:featuredmedia":[{"embeddable":true,"href":"https:\/\/www.hediyepazar.com\/index.php?rest_route=\/wp\/v2\/media\/72817"}],"wp:attachment":[{"href":"https:\/\/www.hediyepazar.com\/index.php?rest_route=%2Fwp%2Fv2%2Fmedia&parent=74512"}],"wp:term":[{"taxonomy":"product_brand","embeddable":true,"href":"https:\/\/www.hediyepazar.com\/index.php?rest_route=%2Fwp%2Fv2%2Fproduct_brand&post=74512"},{"taxonomy":"product_cat","embeddable":true,"href":"https:\/\/www.hediyepazar.com\/index.php?rest_route=%2Fwp%2Fv2%2Fproduct_cat&post=74512"},{"taxonomy":"product_tag","embeddable":true,"href":"https:\/\/www.hediyepazar.com\/index.php?rest_route=%2Fwp%2Fv2%2Fproduct_tag&post=74512"}],"curies":[{"name":"wp","href":"https:\/\/api.w.org\/{rel}","templated":true}]}}