{"id":74913,"date":"2026-04-29T20:45:13","date_gmt":"2026-04-29T23:45:13","guid":{"rendered":"https:\/\/www.hediyepazar.com\/?product=super-inci-el-orgu-ipi-100-gr-visne-curugu-2187"},"modified":"2026-04-29T20:45:13","modified_gmt":"2026-04-29T23:45:13","slug":"super-inci-el-orgu-ipi-100-gr-visne-curugu-2187","status":"publish","type":"product","link":"https:\/\/www.hediyepazar.com\/?product=super-inci-el-orgu-ipi-100-gr-visne-curugu-2187","title":{"rendered":"S\u00fcper \u0130nci El \u00d6rg\u00fc \u0130pi 100 gr Vi\u015fne \u00c7\u00fcr\u00fc\u011f\u00fc 2187"},"content":{"rendered":"<table style=\"border-collapse:collapse; width:65pt; border:none\" width=\"86\">\n<colgroup>\n<col style=\"width:65pt\" width=\"86\" \/>\n\t<\/colgroup>\n<tbody>\n<tr height=\"20\" style=\"height:15.0pt\">\n<td class=\"xl65\" height=\"20\" style=\"border:none; height:15.0pt; width:65pt; white-space:nowrap; padding-top:1px; padding-right:1px; padding-left:1px; vertical-align:bottom\" width=\"86\"><span style=\"font-size:11pt\"><span style=\"color:black\"><span style=\"font-weight:400\"><span style=\"font-style:normal\"><span style=\"text-decoration:none\"><span style=\"font-family:Calibri,sans-serif\">S&uuml;per \u0130nci El &Ouml;rg&uuml; \u0130pi 100 gr Vi\u015fne &Ccedil;&uuml;r&uuml;\u011f&uuml; 2187<br \/>\n\t\t\tNako S&uuml;per \u0130nci %25 Y&uuml;n %75 Premium Akrilik Kar\u0131\u015f\u0131m\u0131na sahiptir.<br \/>\n\t\t\tS&uuml;per \u0130nci Narin ile Hem T\u0131\u011f Hem de \u015ei\u015f &ouml;rg&uuml;s&uuml;n&uuml;n bir arada kullan\u0131ld\u0131\u011f\u0131 Kazaklar &ouml;rebilir,<br \/>\n\t\t\tNarin Bluzlar, H\u0131rka, \u015eal ve di\u011fer &Ouml;rg&uuml; Aksesuar yap\u0131m\u0131nda kullanabilirsiniz.<br \/>\n\t\t\tNako S&uuml;per \u0130nci Narin ile &ouml;rd&uuml;\u011f&uuml;n&uuml;z &uuml;r&uuml;nleri 30&deg; yi ge&ccedil;irmeden makinede y\u0131kayabilirsiniz.<br \/>\n\t\t\tSererek kurutman\u0131z tavsiye edilir.<br \/>\n\t\t\tKullan\u0131m alanlar\u0131: H\u0131rka, kazak, \u015fal, ev tekstili, atk\u0131, bere vb. aksesuar malzemeleri<br \/>\n\t\t\tHammaddesi: %25 Y&uuml;n, %75 Premium Akrilik<br \/>\n\t\t\tYumak Gramaj\u0131: 100 gr<br \/>\n\t\t\tMetraj\u0131: 260 m<br \/>\n\t\t\tKullan\u0131lan \u015fi\u015f numaralar\u0131: 4 &#8211; 4.5<br \/>\n\t\t\tKullan\u0131lan t\u0131\u011f numaralar\u0131: 2<br \/>\n\t\t\t\u0130lmek bilgisi: 10&#215;10 cm &ouml;l&ccedil;&uuml; i&ccedil;in 25 S\u0131ra 18 \u0130lmek<br \/>\n\t\t\tMevsim: Sonbahar, K\u0131\u015f, \u0130lkbahar<br \/>\n\t\t\tPaket \u0130&ccedil;eri\u011fi :<br \/>\n\t\t\t1 Adet&nbsp; S&uuml;per \u0130nci El &Ouml;rg&uuml; \u0130pi 100 gr Vi\u015fne &Ccedil;&uuml;r&uuml;\u011f&uuml; 2187<\/span><\/span><\/span><\/span><\/span><\/span><\/td>\n<\/tr>\n<\/tbody>\n<\/table>\n","protected":false},"excerpt":{"rendered":"<p>S\u00fcper \u0130nci El \u00d6rg\u00fc \u0130pi 100 gr Vi\u015fne \u00c7\u00fcr\u00fc\u011f\u00fc 2187<\/p>\n","protected":false},"featured_media":74912,"comment_status":"open","ping_status":"closed","template":"","meta":{"_kad_post_transparent":"","_kad_post_title":"","_kad_post_layout":"","_kad_post_sidebar_id":"","_kad_post_content_style":"","_kad_post_vertical_padding":"","_kad_post_feature":"","_kad_post_feature_position":"","_kad_post_header":false,"_kad_post_footer":false,"_kad_post_classname":""},"product_brand":[],"product_cat":[557,568,569],"product_tag":[],"class_list":{"0":"post-74913","1":"product","2":"type-product","3":"status-publish","4":"has-post-thumbnail","6":"product_cat-ev-yasam","7":"product_cat-hobi","8":"product_cat-hobi-malzemeleri","10":"first","11":"instock","12":"shipping-taxable","13":"purchasable","14":"product-type-simple","15":"entry","16":"content-bg","17":"loop-entry"},"_links":{"self":[{"href":"https:\/\/www.hediyepazar.com\/index.php?rest_route=\/wp\/v2\/product\/74913","targetHints":{"allow":["GET"]}}],"collection":[{"href":"https:\/\/www.hediyepazar.com\/index.php?rest_route=\/wp\/v2\/product"}],"about":[{"href":"https:\/\/www.hediyepazar.com\/index.php?rest_route=\/wp\/v2\/types\/product"}],"replies":[{"embeddable":true,"href":"https:\/\/www.hediyepazar.com\/index.php?rest_route=%2Fwp%2Fv2%2Fcomments&post=74913"}],"wp:featuredmedia":[{"embeddable":true,"href":"https:\/\/www.hediyepazar.com\/index.php?rest_route=\/wp\/v2\/media\/74912"}],"wp:attachment":[{"href":"https:\/\/www.hediyepazar.com\/index.php?rest_route=%2Fwp%2Fv2%2Fmedia&parent=74913"}],"wp:term":[{"taxonomy":"product_brand","embeddable":true,"href":"https:\/\/www.hediyepazar.com\/index.php?rest_route=%2Fwp%2Fv2%2Fproduct_brand&post=74913"},{"taxonomy":"product_cat","embeddable":true,"href":"https:\/\/www.hediyepazar.com\/index.php?rest_route=%2Fwp%2Fv2%2Fproduct_cat&post=74913"},{"taxonomy":"product_tag","embeddable":true,"href":"https:\/\/www.hediyepazar.com\/index.php?rest_route=%2Fwp%2Fv2%2Fproduct_tag&post=74913"}],"curies":[{"name":"wp","href":"https:\/\/api.w.org\/{rel}","templated":true}]}}