{"id":76142,"date":"2026-04-29T21:57:01","date_gmt":"2026-04-30T00:57:01","guid":{"rendered":"https:\/\/www.hediyepazar.com\/?product=6-adet-beli-yazili-lastik-pamuk-kadin-kulot"},"modified":"2026-04-29T21:57:01","modified_gmt":"2026-04-30T00:57:01","slug":"6-adet-beli-yazili-lastik-pamuk-kadin-kulot","status":"publish","type":"product","link":"https:\/\/www.hediyepazar.com\/?product=6-adet-beli-yazili-lastik-pamuk-kadin-kulot","title":{"rendered":"6 Adet Beli Yaz\u0131l\u0131 Lastik Pamuk Kad\u0131n K\u00fclot"},"content":{"rendered":"<table style=\"border-collapse:collapse; width:99pt; border:none\" width=\"132\">\n<colgroup>\n<col style=\"width:99pt\" width=\"132\" \/>\n\t<\/colgroup>\n<tbody>\n<tr height=\"20\" style=\"height:15.0pt\">\n<td height=\"20\" style=\"border:none; height:15.0pt; width:99pt; padding-top:1px; padding-right:1px; padding-left:1px; vertical-align:bottom; white-space:nowrap\" width=\"132\"><span style=\"font-size:11pt\"><span style=\"color:black\"><span style=\"font-weight:400\"><span style=\"font-style:normal\"><span style=\"text-decoration:none\"><span style=\"font-family:Calibri,sans-serif\">6 Adet Beli Yaz\u0131l\u0131 Lastik Pamuk Kad\u0131n K&uuml;lot<br \/>\n\t\t\tBeli Fashion Girl Yaz\u0131l\u0131 kad\u0131n slip k&uuml;lot modelimiz<br \/>\n\t\t\ta\u011f b&ouml;lgesindeki ekstra pamuklu kuma\u015f sayesinde<br \/>\n\t\t\tg&uuml;nl&uuml;k olarak kullan\u0131laca\u011f\u0131 gibi &ouml;zel g&uuml;nlerinizde ped yap\u0131\u015ft\u0131rmaya uygundur.<br \/>\n\t\t\tKal\u0131n bel lasti\u011fi sayesinde kayma yapmaz ve &uuml;zerinize tam oturur.<br \/>\n\t\t\tModern kad\u0131n i&ccedil; giyim arayan kad\u0131nlar\u0131n tercihidir.<br \/>\n\t\t\tZengin renk se&ccedil;ene\u011fi ile kombinlerinizde rahatl\u0131kla kullanabilirsiniz.<br \/>\n\t\t\tPamuklu i&ccedil; giyim &ouml;zelli\u011fi sayesinde cildiniz nefes alacak ve g&uuml;n i&ccedil;inde kendinizi rahat ve<br \/>\n\t\t\tkuru hissedebileceksiniz.<br \/>\n\t\t\tPamuklu kad\u0131n i&ccedil; giyim &uuml;r&uuml;nlerini tercih ediniz.<br \/>\n\t\t\tRoyaleks Pamuklu kad\u0131n slip k&uuml;lot y\u0131kama talimatlar\u0131na uyuldu\u011funda uzun &ouml;m&uuml;rl&uuml; kullan\u0131labilir.<br \/>\n\t\t\tA\u011fart\u0131c\u0131 kullanmadan 30 derecenin alt\u0131nda makinada y\u0131kanabilir.<br \/>\n\t\t\tB&ouml;ylelikle deforme olmadan severek giyebileceksiniz.<br \/>\n\t\t\tRoyaleks ailesi olarak mutlu g&uuml;nlerde kullanman\u0131z\u0131 temenni ederiz.<br \/>\n\t\t\t% 94 pamuk % 6 elastan<br \/>\n\t\t\tPaket \u0130&ccedil;eri\u011fi: 6 Adet Beli Yaz\u0131l\u0131 Lastik Pamuk Kad\u0131n K&uuml;lot&nbsp;<\/span><\/span><\/span><\/span><\/span><\/span><\/td>\n<\/tr>\n<\/tbody>\n<\/table>\n","protected":false},"excerpt":{"rendered":"<p>6 Adet Beli Yaz\u0131l\u0131 Lastik Pamuk Kad\u0131n K\u00fclot<\/p>\n","protected":false},"featured_media":76141,"comment_status":"open","ping_status":"closed","template":"","meta":{"_kad_post_transparent":"","_kad_post_title":"","_kad_post_layout":"","_kad_post_sidebar_id":"","_kad_post_content_style":"","_kad_post_vertical_padding":"","_kad_post_feature":"","_kad_post_feature_position":"","_kad_post_header":false,"_kad_post_footer":false,"_kad_post_classname":""},"product_brand":[],"product_cat":[538,537,539],"product_tag":[],"class_list":{"0":"post-76142","1":"product","2":"type-product","3":"status-publish","4":"has-post-thumbnail","6":"product_cat-ic-giyim","7":"product_cat-kadin","8":"product_cat-kulot","10":"first","11":"instock","12":"shipping-taxable","13":"purchasable","14":"product-type-simple","15":"entry","16":"content-bg","17":"loop-entry"},"_links":{"self":[{"href":"https:\/\/www.hediyepazar.com\/index.php?rest_route=\/wp\/v2\/product\/76142","targetHints":{"allow":["GET"]}}],"collection":[{"href":"https:\/\/www.hediyepazar.com\/index.php?rest_route=\/wp\/v2\/product"}],"about":[{"href":"https:\/\/www.hediyepazar.com\/index.php?rest_route=\/wp\/v2\/types\/product"}],"replies":[{"embeddable":true,"href":"https:\/\/www.hediyepazar.com\/index.php?rest_route=%2Fwp%2Fv2%2Fcomments&post=76142"}],"wp:featuredmedia":[{"embeddable":true,"href":"https:\/\/www.hediyepazar.com\/index.php?rest_route=\/wp\/v2\/media\/76141"}],"wp:attachment":[{"href":"https:\/\/www.hediyepazar.com\/index.php?rest_route=%2Fwp%2Fv2%2Fmedia&parent=76142"}],"wp:term":[{"taxonomy":"product_brand","embeddable":true,"href":"https:\/\/www.hediyepazar.com\/index.php?rest_route=%2Fwp%2Fv2%2Fproduct_brand&post=76142"},{"taxonomy":"product_cat","embeddable":true,"href":"https:\/\/www.hediyepazar.com\/index.php?rest_route=%2Fwp%2Fv2%2Fproduct_cat&post=76142"},{"taxonomy":"product_tag","embeddable":true,"href":"https:\/\/www.hediyepazar.com\/index.php?rest_route=%2Fwp%2Fv2%2Fproduct_tag&post=76142"}],"curies":[{"name":"wp","href":"https:\/\/api.w.org\/{rel}","templated":true}]}}