{"id":76368,"date":"2026-04-29T22:09:20","date_gmt":"2026-04-30T01:09:20","guid":{"rendered":"https:\/\/www.hediyepazar.com\/?product=capraz-kalin-askili-kadin-sporcu-bustiyer-siyah"},"modified":"2026-04-29T22:09:20","modified_gmt":"2026-04-30T01:09:20","slug":"capraz-kalin-askili-kadin-sporcu-bustiyer-siyah","status":"publish","type":"product","link":"https:\/\/www.hediyepazar.com\/?product=capraz-kalin-askili-kadin-sporcu-bustiyer-siyah","title":{"rendered":"\u00c7apraz Kal\u0131n Ask\u0131l\u0131 Kad\u0131n Sporcu B\u00fcstiyer Siyah"},"content":{"rendered":"<table style=\"border-collapse:collapse; width:166pt; border:none\" width=\"221\">\n<colgroup>\n<col style=\"width:166pt\" width=\"221\" \/>\n\t<\/colgroup>\n<tbody>\n<tr height=\"20\" style=\"height:15.0pt\">\n<td class=\"xl65\" height=\"20\" style=\"border:none; height:15.0pt; width:166pt; white-space:nowrap; padding-top:1px; padding-right:1px; padding-left:1px; vertical-align:bottom\" width=\"221\"><span style=\"font-size:11pt\"><span style=\"color:black\"><span style=\"font-weight:400\"><span style=\"font-style:normal\"><span style=\"text-decoration:none\"><span style=\"font-family:Calibri,sans-serif\">&Ccedil;apraz Kal\u0131n Ask\u0131l\u0131 Kad\u0131n Sporcu B&uuml;stiyer Siyah<br \/>\n\t\t\t&Ccedil;apraz ve kal\u0131n ask\u0131s\u0131 sayesinde efor gerektiren sporlarda g&ouml;\u011f&uuml;s b&ouml;lgesine tam destek sa\u011flamaktad\u0131r.<br \/>\n\t\t\t% 90 Pamuk % 10 elestan<br \/>\n\t\t\tFitness, do\u011fa y&uuml;r&uuml;y&uuml;\u015fleri, ko\u015fu, yoga, pilates giyim ve salon sporlar\u0131nda kad\u0131nlar\u0131n<br \/>\n\t\t\ten &ccedil;ok tercih etti\u011fi modeldir.<br \/>\n\t\t\t&Ccedil;apraz ask\u0131lar\u0131 sayesinde &uuml;zerinize tam yap\u0131\u015farak hareket &ouml;zg&uuml;rl&uuml;\u011f&uuml; sa\u011flar.<br \/>\n\t\t\tPed k\u0131sm\u0131 mevcuttur.<br \/>\n\t\t\tG&ouml;\u011f&uuml;s ucu kapat\u0131c\u0131 kullanman\u0131za gerek kalmadan tek ba\u015f\u0131na sporcu b&uuml;stiyer kullan\u0131labilir.<br \/>\n\t\t\t\u0130stenildi\u011fi zaman ped k\u0131sm\u0131 &ccedil;\u0131kar\u0131labilir pedsiz kullan\u0131m imkan\u0131 sa\u011flar.<br \/>\n\t\t\tSpor harici yazl\u0131k b&ouml;lgelerde deniz kenarlar\u0131nda g&uuml;ne\u015flenmek veya<br \/>\n\t\t\tg&uuml;ndelik hayat\u0131nda \u015f\u0131kl\u0131k arayan kad\u0131nlar i&ccedil;in &uuml;retilmi\u015ftir.<br \/>\n\t\t\tG&uuml;n i&ccedil;inde hareketiniz k\u0131s\u0131tlanmaz.<br \/>\n\t\t\t\u015e\u0131k sporcu kad\u0131n b&uuml;stiyerler rahatl\u0131\u011f\u0131n\u0131z i&ccedil;in &uuml;retilmi\u015ftir.<br \/>\n\t\t\tRoyaleks ailesi olarak fit ve g&uuml;zel g&uuml;nlerde kullanman\u0131z dile\u011fiyle.<br \/>\n\t\t\tPaket \u0130&ccedil;eri\u011fi:<br \/>\n\t\t\t1 Adet &Ccedil;apraz Kal\u0131n Ask\u0131l\u0131 Kad\u0131n Sporcu B&uuml;stiyer Siyah<\/span><\/span><\/span><\/span><\/span><\/span><\/td>\n<\/tr>\n<\/tbody>\n<\/table>\n","protected":false},"excerpt":{"rendered":"<p>\u00c7apraz Kal\u0131n Ask\u0131l\u0131 Kad\u0131n Sporcu B\u00fcstiyer Siyah<\/p>\n","protected":false},"featured_media":76367,"comment_status":"open","ping_status":"closed","template":"","meta":{"_kad_post_transparent":"","_kad_post_title":"","_kad_post_layout":"","_kad_post_sidebar_id":"","_kad_post_content_style":"","_kad_post_vertical_padding":"","_kad_post_feature":"","_kad_post_feature_position":"","_kad_post_header":false,"_kad_post_footer":false,"_kad_post_classname":""},"product_brand":[],"product_cat":[543,457,537],"product_tag":[],"class_list":{"0":"post-76368","1":"product","2":"type-product","3":"status-publish","4":"has-post-thumbnail","6":"product_cat-bluz-tunik-bustiyer","7":"product_cat-giyim","8":"product_cat-kadin","10":"first","11":"instock","12":"shipping-taxable","13":"purchasable","14":"product-type-simple","15":"entry","16":"content-bg","17":"loop-entry"},"_links":{"self":[{"href":"https:\/\/www.hediyepazar.com\/index.php?rest_route=\/wp\/v2\/product\/76368","targetHints":{"allow":["GET"]}}],"collection":[{"href":"https:\/\/www.hediyepazar.com\/index.php?rest_route=\/wp\/v2\/product"}],"about":[{"href":"https:\/\/www.hediyepazar.com\/index.php?rest_route=\/wp\/v2\/types\/product"}],"replies":[{"embeddable":true,"href":"https:\/\/www.hediyepazar.com\/index.php?rest_route=%2Fwp%2Fv2%2Fcomments&post=76368"}],"wp:featuredmedia":[{"embeddable":true,"href":"https:\/\/www.hediyepazar.com\/index.php?rest_route=\/wp\/v2\/media\/76367"}],"wp:attachment":[{"href":"https:\/\/www.hediyepazar.com\/index.php?rest_route=%2Fwp%2Fv2%2Fmedia&parent=76368"}],"wp:term":[{"taxonomy":"product_brand","embeddable":true,"href":"https:\/\/www.hediyepazar.com\/index.php?rest_route=%2Fwp%2Fv2%2Fproduct_brand&post=76368"},{"taxonomy":"product_cat","embeddable":true,"href":"https:\/\/www.hediyepazar.com\/index.php?rest_route=%2Fwp%2Fv2%2Fproduct_cat&post=76368"},{"taxonomy":"product_tag","embeddable":true,"href":"https:\/\/www.hediyepazar.com\/index.php?rest_route=%2Fwp%2Fv2%2Fproduct_tag&post=76368"}],"curies":[{"name":"wp","href":"https:\/\/api.w.org\/{rel}","templated":true}]}}