{"id":76384,"date":"2026-04-29T22:10:32","date_gmt":"2026-04-30T01:10:32","guid":{"rendered":"https:\/\/www.hediyepazar.com\/?product=brezilya-fonu-keratin-700-ml"},"modified":"2026-04-29T22:10:32","modified_gmt":"2026-04-30T01:10:32","slug":"brezilya-fonu-keratin-700-ml","status":"publish","type":"product","link":"https:\/\/www.hediyepazar.com\/?product=brezilya-fonu-keratin-700-ml","title":{"rendered":"Brezilya F\u00f6n\u00fc Keratin 700 ml"},"content":{"rendered":"<p>Bio Sis Brezilya F&ouml;n&uuml; Keratin 700 ml<br \/>\nBio Sis Brezilya F&ouml;n&uuml; keratini sa&ccedil;\u0131n\u0131z\u0131n 4-6 ay boyunca p&uuml;r&uuml;zs&uuml;z ve d&uuml;z kalmas\u0131n\u0131 sa\u011flar.&nbsp;<br \/>\nSa&ccedil;\u0131 nemlendirerek yumu\u015fakl\u0131k ve canl\u0131l\u0131k kazand\u0131r\u0131r.&nbsp;<br \/>\nK\u0131v\u0131rc\u0131k sa&ccedil; ve dalgal\u0131 sa&ccedil;lar\u0131 d&uuml;z sa&ccedil; yapmaya yard\u0131mc\u0131 olur. %100 orjinaldir.&nbsp;<br \/>\n\u0130\u015flem yapmadan &ouml;nce sa&ccedil; bio sis \u015fampuanla y\u0131kan\u0131r.&nbsp;<br \/>\nY\u0131kanan sa&ccedil;a krem yap\u0131lmaz ve iyice kurutulur.&nbsp;<br \/>\nKuruyan sa&ccedil;a &uuml;r&uuml;n boya gibi dipten 1.5 cm yukar\u0131dan olacak \u015fekilde uygulan\u0131r ve 15 dakika beklenir.<br \/>\nBekleme s&uuml;resinin ard\u0131ndan sa&ccedil; kurutulup &nbsp;&ouml;zenli bir \u015fekilde 1 kat f&ouml;n &ccedil;ekilir.&nbsp;<br \/>\nDaha sonra kal\u0131n k\u0131v\u0131rc\u0131k sa&ccedil; i&ccedil;in 230 derece , ince telli sa&ccedil; i&ccedil;in 160 derece olmak &uuml;zere pres uygulan\u0131r.<br \/>\n\u0130\u015flem tamamland\u0131ktan sonra sa&ccedil; y\u0131kan\u0131r ve kurutulur.&nbsp;<br \/>\nI\u015f\u0131ldayan sa&ccedil;lar ve g&uuml;zel g&uuml;nlerde kullan\u0131n.&nbsp;<br \/>\nRoyaleks ailesi olarak mutlu g&uuml;nler dileriz.<br \/>\nPaket i&ccedil;eri\u011fi: 1 Adet Bio Sis Brezilya F&ouml;n&uuml; Keratin 700 ml<\/p>\n","protected":false},"excerpt":{"rendered":"<p>Brezilya F\u00f6n\u00fc Keratin 700 ml<\/p>\n","protected":false},"featured_media":76383,"comment_status":"open","ping_status":"closed","template":"","meta":{"_kad_post_transparent":"","_kad_post_title":"","_kad_post_layout":"","_kad_post_sidebar_id":"","_kad_post_content_style":"","_kad_post_vertical_padding":"","_kad_post_feature":"","_kad_post_feature_position":"","_kad_post_header":false,"_kad_post_footer":false,"_kad_post_classname":""},"product_brand":[],"product_cat":[452,586,598],"product_tag":[],"class_list":{"0":"post-76384","1":"product","2":"type-product","3":"status-publish","4":"has-post-thumbnail","6":"product_cat-kozmetik","7":"product_cat-sac-bakimi","8":"product_cat-sac-serum-ve-yagi","10":"first","11":"instock","12":"shipping-taxable","13":"purchasable","14":"product-type-simple","15":"entry","16":"content-bg","17":"loop-entry"},"_links":{"self":[{"href":"https:\/\/www.hediyepazar.com\/index.php?rest_route=\/wp\/v2\/product\/76384","targetHints":{"allow":["GET"]}}],"collection":[{"href":"https:\/\/www.hediyepazar.com\/index.php?rest_route=\/wp\/v2\/product"}],"about":[{"href":"https:\/\/www.hediyepazar.com\/index.php?rest_route=\/wp\/v2\/types\/product"}],"replies":[{"embeddable":true,"href":"https:\/\/www.hediyepazar.com\/index.php?rest_route=%2Fwp%2Fv2%2Fcomments&post=76384"}],"wp:featuredmedia":[{"embeddable":true,"href":"https:\/\/www.hediyepazar.com\/index.php?rest_route=\/wp\/v2\/media\/76383"}],"wp:attachment":[{"href":"https:\/\/www.hediyepazar.com\/index.php?rest_route=%2Fwp%2Fv2%2Fmedia&parent=76384"}],"wp:term":[{"taxonomy":"product_brand","embeddable":true,"href":"https:\/\/www.hediyepazar.com\/index.php?rest_route=%2Fwp%2Fv2%2Fproduct_brand&post=76384"},{"taxonomy":"product_cat","embeddable":true,"href":"https:\/\/www.hediyepazar.com\/index.php?rest_route=%2Fwp%2Fv2%2Fproduct_cat&post=76384"},{"taxonomy":"product_tag","embeddable":true,"href":"https:\/\/www.hediyepazar.com\/index.php?rest_route=%2Fwp%2Fv2%2Fproduct_tag&post=76384"}],"curies":[{"name":"wp","href":"https:\/\/api.w.org\/{rel}","templated":true}]}}