{"id":76386,"date":"2026-04-29T22:10:42","date_gmt":"2026-04-30T01:10:42","guid":{"rendered":"https:\/\/www.hediyepazar.com\/?product=2-adet-brezilya-fonu-keratin-700-ml"},"modified":"2026-04-29T22:10:42","modified_gmt":"2026-04-30T01:10:42","slug":"2-adet-brezilya-fonu-keratin-700-ml","status":"publish","type":"product","link":"https:\/\/www.hediyepazar.com\/?product=2-adet-brezilya-fonu-keratin-700-ml","title":{"rendered":"2 Adet Brezilya F\u00f6n\u00fc Keratin 700 ml"},"content":{"rendered":"<table style=\"border-collapse:collapse; width:164pt; border:none\" width=\"219\">\n<colgroup>\n<col style=\"width:164pt\" width=\"219\" \/>\n\t<\/colgroup>\n<tbody>\n<tr height=\"20\" style=\"height:15.0pt\">\n<td class=\"xl63\" height=\"20\" style=\"border:none; height:15.0pt; width:164pt; white-space:nowrap; padding-top:1px; padding-right:1px; padding-left:1px; vertical-align:bottom\" width=\"219\"><span style=\"font-size:11pt\"><span style=\"color:black\"><span style=\"font-weight:400\"><span style=\"font-style:normal\"><span style=\"text-decoration:none\"><span style=\"font-family:Calibri,sans-serif\">2 Adet Bio Sis Brezilya F&ouml;n&uuml; Keratin 700 ml<br \/>\n\t\t\tBio Sis Brezilya F&ouml;n&uuml; keratini sa&ccedil;\u0131n\u0131z\u0131n 4-6 ay boyunca p&uuml;r&uuml;zs&uuml;z ve d&uuml;z kalmas\u0131n\u0131 sa\u011flar.<br \/>\n\t\t\tSa&ccedil;\u0131 nemlendirerek yumu\u015fakl\u0131k ve canl\u0131l\u0131k kazand\u0131r\u0131r.<br \/>\n\t\t\tK\u0131v\u0131rc\u0131k sa&ccedil; ve dalgal\u0131 sa&ccedil;lar\u0131 d&uuml;z sa&ccedil; yapmaya yard\u0131mc\u0131 olur. %100 orjinaldir.<br \/>\n\t\t\t\u0130\u015flem yapmadan &ouml;nce sa&ccedil; bio sis \u015fampuanla y\u0131kan\u0131r.<br \/>\n\t\t\tY\u0131kanan sa&ccedil;a krem yap\u0131lmaz ve iyice kurutulur.<br \/>\n\t\t\tKuruyan sa&ccedil;a &uuml;r&uuml;n boya gibi dipten 1.5 cm yukar\u0131dan olacak \u015fekilde uygulan\u0131r ve 15 dakika beklenir.<br \/>\n\t\t\tBekleme s&uuml;resinin ard\u0131ndan sa&ccedil; kurutulup&nbsp; &ouml;zenli bir \u015fekilde 1 kat f&ouml;n &ccedil;ekilir.<br \/>\n\t\t\tDaha sonra kal\u0131n k\u0131v\u0131rc\u0131k sa&ccedil; i&ccedil;in 230 derece , ince telli sa&ccedil; i&ccedil;in 160 derece olmak &uuml;zere pres uygulan\u0131r.<br \/>\n\t\t\t\u0130\u015flem tamamland\u0131ktan sonra sa&ccedil; y\u0131kan\u0131r ve kurutulur.<br \/>\n\t\t\tI\u015f\u0131ldayan sa&ccedil;lar ve g&uuml;zel g&uuml;nlerde kullan\u0131n.<br \/>\n\t\t\tRoyaleks ailesi olarak mutlu g&uuml;nler dileriz.<br \/>\n\t\t\tPaket i&ccedil;eri\u011fi: 2 Adet Bio Sis Brezilya F&ouml;n&uuml; Keratin 700 ml<\/span><\/span><\/span><\/span><\/span><\/span><\/td>\n<\/tr>\n<\/tbody>\n<\/table>\n","protected":false},"excerpt":{"rendered":"<p>2 Adet Brezilya F\u00f6n\u00fc Keratin 700 ml<\/p>\n","protected":false},"featured_media":76385,"comment_status":"open","ping_status":"closed","template":"","meta":{"_kad_post_transparent":"","_kad_post_title":"","_kad_post_layout":"","_kad_post_sidebar_id":"","_kad_post_content_style":"","_kad_post_vertical_padding":"","_kad_post_feature":"","_kad_post_feature_position":"","_kad_post_header":false,"_kad_post_footer":false,"_kad_post_classname":""},"product_brand":[],"product_cat":[452,586,598],"product_tag":[],"class_list":{"0":"post-76386","1":"product","2":"type-product","3":"status-publish","4":"has-post-thumbnail","6":"product_cat-kozmetik","7":"product_cat-sac-bakimi","8":"product_cat-sac-serum-ve-yagi","10":"first","11":"instock","12":"shipping-taxable","13":"purchasable","14":"product-type-simple","15":"entry","16":"content-bg","17":"loop-entry"},"_links":{"self":[{"href":"https:\/\/www.hediyepazar.com\/index.php?rest_route=\/wp\/v2\/product\/76386","targetHints":{"allow":["GET"]}}],"collection":[{"href":"https:\/\/www.hediyepazar.com\/index.php?rest_route=\/wp\/v2\/product"}],"about":[{"href":"https:\/\/www.hediyepazar.com\/index.php?rest_route=\/wp\/v2\/types\/product"}],"replies":[{"embeddable":true,"href":"https:\/\/www.hediyepazar.com\/index.php?rest_route=%2Fwp%2Fv2%2Fcomments&post=76386"}],"wp:featuredmedia":[{"embeddable":true,"href":"https:\/\/www.hediyepazar.com\/index.php?rest_route=\/wp\/v2\/media\/76385"}],"wp:attachment":[{"href":"https:\/\/www.hediyepazar.com\/index.php?rest_route=%2Fwp%2Fv2%2Fmedia&parent=76386"}],"wp:term":[{"taxonomy":"product_brand","embeddable":true,"href":"https:\/\/www.hediyepazar.com\/index.php?rest_route=%2Fwp%2Fv2%2Fproduct_brand&post=76386"},{"taxonomy":"product_cat","embeddable":true,"href":"https:\/\/www.hediyepazar.com\/index.php?rest_route=%2Fwp%2Fv2%2Fproduct_cat&post=76386"},{"taxonomy":"product_tag","embeddable":true,"href":"https:\/\/www.hediyepazar.com\/index.php?rest_route=%2Fwp%2Fv2%2Fproduct_tag&post=76386"}],"curies":[{"name":"wp","href":"https:\/\/api.w.org\/{rel}","templated":true}]}}