{"id":76766,"date":"2026-04-29T22:31:55","date_gmt":"2026-04-30T01:31:55","guid":{"rendered":"https:\/\/www.hediyepazar.com\/?product=6-adet-fiyonklu-file-kadin-babet-corap"},"modified":"2026-04-29T22:31:55","modified_gmt":"2026-04-30T01:31:55","slug":"6-adet-fiyonklu-file-kadin-babet-corap","status":"publish","type":"product","link":"https:\/\/www.hediyepazar.com\/?product=6-adet-fiyonklu-file-kadin-babet-corap","title":{"rendered":"6 Adet Fiyonklu File Kad\u0131n Babet \u00c7orap"},"content":{"rendered":"<table style=\"border-collapse:collapse; width:98pt; border:none\" width=\"131\">\n<colgroup>\n<col style=\"width:98pt\" width=\"131\" \/>\n\t<\/colgroup>\n<tbody>\n<tr height=\"20\" style=\"height:15.0pt\">\n<td class=\"xl65\" height=\"20\" style=\"border:none; height:15.0pt; width:98pt; white-space:nowrap; padding-top:1px; padding-right:1px; padding-left:1px; vertical-align:bottom\" width=\"131\"><span style=\"font-size:11pt\"><span style=\"color:black\"><span style=\"font-weight:400\"><span style=\"font-style:normal\"><span style=\"text-decoration:none\"><span style=\"font-family:Calibri,sans-serif\">6 Adet Fiyonklu File Kad\u0131n Babet &Ccedil;orap<br \/>\n\t\t\tFile &ouml;rme stili ile \u015f\u0131kl\u0131\u011f\u0131 ve &ccedil;ekicili\u011fi ayn\u0131 anda hissettirir.<br \/>\n\t\t\tEv i&ccedil; giyim olarak kullan\u0131ld\u0131\u011f\u0131 gibi yaz aylar\u0131nda ayakkab\u0131 i&ccedil;inde de kullan\u0131labilir.<br \/>\n\t\t\tYumu\u015fak dokusu sayesinde ayaklar\u0131n\u0131z rahats\u0131z etmez. 36-40 numaraya kadar uyumludur.<br \/>\n\t\t\tY\u0131kamal\u0131 ve parf&uuml;ml&uuml; fiyonklu file kad\u0131n babet yaz s\u0131caklar\u0131nda vazge&ccedil;ilmeziniz olacak.<br \/>\n\t\t\tRoyaleks ailesi olarak mutlu g&uuml;nlerde kullanman\u0131z\u0131 temenni ederiz.<br \/>\n\t\t\tPaket \u0130&ccedil;eri\u011fi; 6 Adet Fiyonklu File Kad\u0131n Babet &Ccedil;orap<\/span><\/span><\/span><\/span><\/span><\/span><\/td>\n<\/tr>\n<\/tbody>\n<\/table>\n","protected":false},"excerpt":{"rendered":"<p>6 Adet Fiyonklu File Kad\u0131n Babet \u00c7orap<\/p>\n","protected":false},"featured_media":76765,"comment_status":"open","ping_status":"closed","template":"","meta":{"_kad_post_transparent":"","_kad_post_title":"","_kad_post_layout":"","_kad_post_sidebar_id":"","_kad_post_content_style":"","_kad_post_vertical_padding":"","_kad_post_feature":"","_kad_post_feature_position":"","_kad_post_header":false,"_kad_post_footer":false,"_kad_post_classname":""},"product_brand":[],"product_cat":[540,538,537],"product_tag":[],"class_list":{"0":"post-76766","1":"product","2":"type-product","3":"status-publish","4":"has-post-thumbnail","6":"product_cat-corap","7":"product_cat-ic-giyim","8":"product_cat-kadin","10":"first","11":"instock","12":"shipping-taxable","13":"purchasable","14":"product-type-simple","15":"entry","16":"content-bg","17":"loop-entry"},"_links":{"self":[{"href":"https:\/\/www.hediyepazar.com\/index.php?rest_route=\/wp\/v2\/product\/76766","targetHints":{"allow":["GET"]}}],"collection":[{"href":"https:\/\/www.hediyepazar.com\/index.php?rest_route=\/wp\/v2\/product"}],"about":[{"href":"https:\/\/www.hediyepazar.com\/index.php?rest_route=\/wp\/v2\/types\/product"}],"replies":[{"embeddable":true,"href":"https:\/\/www.hediyepazar.com\/index.php?rest_route=%2Fwp%2Fv2%2Fcomments&post=76766"}],"wp:featuredmedia":[{"embeddable":true,"href":"https:\/\/www.hediyepazar.com\/index.php?rest_route=\/wp\/v2\/media\/76765"}],"wp:attachment":[{"href":"https:\/\/www.hediyepazar.com\/index.php?rest_route=%2Fwp%2Fv2%2Fmedia&parent=76766"}],"wp:term":[{"taxonomy":"product_brand","embeddable":true,"href":"https:\/\/www.hediyepazar.com\/index.php?rest_route=%2Fwp%2Fv2%2Fproduct_brand&post=76766"},{"taxonomy":"product_cat","embeddable":true,"href":"https:\/\/www.hediyepazar.com\/index.php?rest_route=%2Fwp%2Fv2%2Fproduct_cat&post=76766"},{"taxonomy":"product_tag","embeddable":true,"href":"https:\/\/www.hediyepazar.com\/index.php?rest_route=%2Fwp%2Fv2%2Fproduct_tag&post=76766"}],"curies":[{"name":"wp","href":"https:\/\/api.w.org\/{rel}","templated":true}]}}