{"id":77161,"date":"2026-04-29T22:49:01","date_gmt":"2026-04-30T01:49:01","guid":{"rendered":"https:\/\/www.hediyepazar.com\/?product=100-adet-naturel-badem-takma-tirnak-ve-5-adet-yapistirici"},"modified":"2026-04-29T22:49:01","modified_gmt":"2026-04-30T01:49:01","slug":"100-adet-naturel-badem-takma-tirnak-ve-5-adet-yapistirici","status":"publish","type":"product","link":"https:\/\/www.hediyepazar.com\/?product=100-adet-naturel-badem-takma-tirnak-ve-5-adet-yapistirici","title":{"rendered":"100 Adet Naturel Badem Takma T\u0131rnak ve 5 Adet Yap\u0131\u015ft\u0131r\u0131c\u0131"},"content":{"rendered":"<p>100 Adet Naturel Badem Takma T\u0131rnak ve Yap\u0131\u015ft\u0131r\u0131c\u0131<br \/>\nNaturel g&ouml;r&uuml;nt&uuml;s&uuml; ile istedi\u011finiz forma getirerek kullanabilirsiniz.&nbsp;<br \/>\nKad\u0131n El Bak\u0131m takma t\u0131rnak<br \/>\nT\u0131rnak modas\u0131n\u0131 yak\u0131ndan takip eden kad\u0131nlar\u0131n tercihidir.<br \/>\nSiyah french veya renkli french yaparak modaya ayak uydurun.<br \/>\nT\u0131rnak d&ouml;vmesi ile hayalinizdeki t\u0131rnaklar\u0131 yaratman\u0131za olanak sa\u011flar.<br \/>\nNaturel Beyaz<br \/>\nPaket \u0130&ccedil;eri\u011fi<br \/>\n100 Adet Naturel T\u0131rnak ve 5 adet Yap\u0131\u015ft\u0131r\u0131c\u0131<\/p>\n","protected":false},"excerpt":{"rendered":"<p>100 Adet Naturel Badem Takma T\u0131rnak ve 5 Adet Yap\u0131\u015ft\u0131r\u0131c\u0131<\/p>\n","protected":false},"featured_media":77158,"comment_status":"open","ping_status":"closed","template":"","meta":{"_kad_post_transparent":"","_kad_post_title":"","_kad_post_layout":"","_kad_post_sidebar_id":"","_kad_post_content_style":"","_kad_post_vertical_padding":"","_kad_post_feature":"","_kad_post_feature_position":"","_kad_post_header":false,"_kad_post_footer":false,"_kad_post_classname":""},"product_brand":[],"product_cat":[452,565,615],"product_tag":[],"class_list":{"0":"post-77161","1":"product","2":"type-product","3":"status-publish","4":"has-post-thumbnail","6":"product_cat-kozmetik","7":"product_cat-makyaj","8":"product_cat-tirnak","10":"first","11":"instock","12":"shipping-taxable","13":"purchasable","14":"product-type-simple","15":"entry","16":"content-bg","17":"loop-entry"},"_links":{"self":[{"href":"https:\/\/www.hediyepazar.com\/index.php?rest_route=\/wp\/v2\/product\/77161","targetHints":{"allow":["GET"]}}],"collection":[{"href":"https:\/\/www.hediyepazar.com\/index.php?rest_route=\/wp\/v2\/product"}],"about":[{"href":"https:\/\/www.hediyepazar.com\/index.php?rest_route=\/wp\/v2\/types\/product"}],"replies":[{"embeddable":true,"href":"https:\/\/www.hediyepazar.com\/index.php?rest_route=%2Fwp%2Fv2%2Fcomments&post=77161"}],"wp:featuredmedia":[{"embeddable":true,"href":"https:\/\/www.hediyepazar.com\/index.php?rest_route=\/wp\/v2\/media\/77158"}],"wp:attachment":[{"href":"https:\/\/www.hediyepazar.com\/index.php?rest_route=%2Fwp%2Fv2%2Fmedia&parent=77161"}],"wp:term":[{"taxonomy":"product_brand","embeddable":true,"href":"https:\/\/www.hediyepazar.com\/index.php?rest_route=%2Fwp%2Fv2%2Fproduct_brand&post=77161"},{"taxonomy":"product_cat","embeddable":true,"href":"https:\/\/www.hediyepazar.com\/index.php?rest_route=%2Fwp%2Fv2%2Fproduct_cat&post=77161"},{"taxonomy":"product_tag","embeddable":true,"href":"https:\/\/www.hediyepazar.com\/index.php?rest_route=%2Fwp%2Fv2%2Fproduct_tag&post=77161"}],"curies":[{"name":"wp","href":"https:\/\/api.w.org\/{rel}","templated":true}]}}