{"id":77432,"date":"2026-04-29T23:03:21","date_gmt":"2026-04-30T02:03:21","guid":{"rendered":"https:\/\/www.hediyepazar.com\/?product=5-adet-paris-el-orgu-ipi-yunu-koyu-pembe-6578"},"modified":"2026-04-29T23:03:21","modified_gmt":"2026-04-30T02:03:21","slug":"5-adet-paris-el-orgu-ipi-yunu-koyu-pembe-6578","status":"publish","type":"product","link":"https:\/\/www.hediyepazar.com\/?product=5-adet-paris-el-orgu-ipi-yunu-koyu-pembe-6578","title":{"rendered":"5 Adet Paris El \u00d6rg\u00fc ipi Y\u00fcn\u00fc Koyu Pembe 6578"},"content":{"rendered":"<table style=\"border-collapse:collapse; width:113pt; border:none\" width=\"150\">\n<colgroup>\n<col style=\"width:113pt\" width=\"150\" \/>\n\t<\/colgroup>\n<tbody>\n<tr height=\"20\" style=\"height:15.0pt\">\n<td class=\"xl65\" height=\"20\" style=\"border:none; height:15.0pt; width:113pt; white-space:nowrap; padding-top:1px; padding-right:1px; padding-left:1px; vertical-align:bottom\" width=\"150\"><span style=\"font-size:11pt\"><span style=\"color:black\"><span style=\"font-weight:400\"><span style=\"font-style:normal\"><span style=\"text-decoration:none\"><span style=\"font-family:Calibri,sans-serif\">5 Adet Paris El &Ouml;rg&uuml; ipi Y&uuml;n&uuml; Koyu Pembe 6578<br \/>\n\t\t\tKar\u0131\u015f\u0131m\u0131 (Hammaddesi): %40 Premium Akrilik, %60 Polyamid<br \/>\n\t\t\tYumak gramaj\u0131: 100 g<br \/>\n\t\t\tEtiket metraj\u0131: 245 m<br \/>\n\t\t\t\u0130lgili \u015fi\u015f numaralar\u0131: 3.5 &#8211; 4<br \/>\n\t\t\t\u0130lgili t\u0131\u011f numaralar\u0131: 3<br \/>\n\t\t\t\u0130lmek bilgisi: 10&#215;10 cm &ouml;l&ccedil;&uuml; i&ccedil;in 30 S\u0131ra 21 \u0130lmek<br \/>\n\t\t\tMevsim: Sonbahar, K\u0131\u015f, \u0130lkbahar<br \/>\n\t\t\tNerede kullan\u0131labilir?: H\u0131rka, kazak, bluz, atk\u0131, bere, \u015fal ve t&uuml;m aksesuar &ouml;rg&uuml;ler<\/p>\n<p>\n\t\t\tTasar\u0131mlar\u0131n\u0131z ipliklerle &ouml;rg&uuml;lere d&ouml;n&uuml;\u015f&uuml;rken,<br \/>\n\t\t\tNako Paris&#39;i %40 Premium Akrilik %60 Polyamid i&ccedil;eri\u011fi<br \/>\n\t\t\tile H\u0131rka, Kazak, Atk\u0131, Buluz, Bere, \u015eal ve T&uuml;m Aksesuar &ouml;rg&uuml;leriniz de<br \/>\n\t\t\trahatl\u0131kla kullanabilirsiniz.<br \/>\n\t\t\tNako Paris ile &ouml;rebilece\u011finiz k&uuml;rk g&ouml;r&uuml;n&uuml;ml&uuml; mantolar ile<br \/>\n\t\t\t\u015f\u0131kl\u0131\u011f\u0131n\u0131za \u015f\u0131kl\u0131kta katabilirsiniz.<br \/>\n\t\t\tParis ile &ouml;rd&uuml;\u011f&uuml;n&uuml;z &uuml;r&uuml;nleri 30&deg; yi ge&ccedil;irmeden makinede y\u0131kayabilirsiniz.<br \/>\n\t\t\tSererek kurutman\u0131z tavsiye edilir.<\/p>\n<p>\t\t\tPaket \u0130&ccedil;eri\u011fi :<br \/>\n\t\t\t1 Adet 5 Adet Paris El &Ouml;rg&uuml; ipi Y&uuml;n&uuml; Koyu Pembe 6578<\/span><\/span><\/span><\/span><\/span><\/span><\/td>\n<\/tr>\n<\/tbody>\n<\/table>\n","protected":false},"excerpt":{"rendered":"<p>5 Adet Paris El \u00d6rg\u00fc ipi Y\u00fcn\u00fc Koyu Pembe 6578<\/p>\n","protected":false},"featured_media":77431,"comment_status":"open","ping_status":"closed","template":"","meta":{"_kad_post_transparent":"","_kad_post_title":"","_kad_post_layout":"","_kad_post_sidebar_id":"","_kad_post_content_style":"","_kad_post_vertical_padding":"","_kad_post_feature":"","_kad_post_feature_position":"","_kad_post_header":false,"_kad_post_footer":false,"_kad_post_classname":""},"product_brand":[],"product_cat":[557,568,569],"product_tag":[],"class_list":{"0":"post-77432","1":"product","2":"type-product","3":"status-publish","4":"has-post-thumbnail","6":"product_cat-ev-yasam","7":"product_cat-hobi","8":"product_cat-hobi-malzemeleri","10":"first","11":"instock","12":"shipping-taxable","13":"purchasable","14":"product-type-simple","15":"entry","16":"content-bg","17":"loop-entry"},"_links":{"self":[{"href":"https:\/\/www.hediyepazar.com\/index.php?rest_route=\/wp\/v2\/product\/77432","targetHints":{"allow":["GET"]}}],"collection":[{"href":"https:\/\/www.hediyepazar.com\/index.php?rest_route=\/wp\/v2\/product"}],"about":[{"href":"https:\/\/www.hediyepazar.com\/index.php?rest_route=\/wp\/v2\/types\/product"}],"replies":[{"embeddable":true,"href":"https:\/\/www.hediyepazar.com\/index.php?rest_route=%2Fwp%2Fv2%2Fcomments&post=77432"}],"wp:featuredmedia":[{"embeddable":true,"href":"https:\/\/www.hediyepazar.com\/index.php?rest_route=\/wp\/v2\/media\/77431"}],"wp:attachment":[{"href":"https:\/\/www.hediyepazar.com\/index.php?rest_route=%2Fwp%2Fv2%2Fmedia&parent=77432"}],"wp:term":[{"taxonomy":"product_brand","embeddable":true,"href":"https:\/\/www.hediyepazar.com\/index.php?rest_route=%2Fwp%2Fv2%2Fproduct_brand&post=77432"},{"taxonomy":"product_cat","embeddable":true,"href":"https:\/\/www.hediyepazar.com\/index.php?rest_route=%2Fwp%2Fv2%2Fproduct_cat&post=77432"},{"taxonomy":"product_tag","embeddable":true,"href":"https:\/\/www.hediyepazar.com\/index.php?rest_route=%2Fwp%2Fv2%2Fproduct_tag&post=77432"}],"curies":[{"name":"wp","href":"https:\/\/api.w.org\/{rel}","templated":true}]}}