{"id":77580,"date":"2026-04-29T23:16:08","date_gmt":"2026-04-30T02:16:08","guid":{"rendered":"https:\/\/www.hediyepazar.com\/?product=cocuk-koruma-priz-kapagi-4-adet"},"modified":"2026-04-29T23:16:08","modified_gmt":"2026-04-30T02:16:08","slug":"cocuk-koruma-priz-kapagi-4-adet","status":"publish","type":"product","link":"https:\/\/www.hediyepazar.com\/?product=cocuk-koruma-priz-kapagi-4-adet","title":{"rendered":"\u00c7ocuk Koruma Priz Kapa\u011f\u0131 4 Adet"},"content":{"rendered":"<p>\u00c7ocuk Koruma Priz Kapa\u011f\u0131 4 Adet ile 0-6 Ya\u015f grubu \u00e7ocuklar\u0131n evlerde \u00f6\u011frenme,<br \/>\nke\u015ffetme isteklerini engellemeden geli\u015fme s\u00fcre\u00e7lerini sa\u011fl\u0131kl\u0131 ve \u00f6zg\u00fcrce ya\u015famalar\u0131na yard\u0131mc\u0131 olmak i\u00e7in,<br \/>\nolas\u0131 ev kazalar\u0131n\u0131 en aza indirebilecek, evinize \u00f6zel g\u00fcvenlik \u00e7\u00f6z\u00fcmleri.<br \/>\n\u00dcr\u00fcn \u00d6zellikleri: Kullan\u0131m\u0131 kolay, elektrik \u00e7arpmas\u0131n\u0131 \u00f6nleyici kapak.<br \/>\nPrizlerinizin i\u00e7ine kolayca yerle\u015ftirilir.<br \/>\n\u00c7ocuklar\u0131n priz deliklerine yabanc\u0131 cisimler sokmas\u0131n\u0131 engeller.<br \/>\nT\u00fcrk Prizlerine Uyumludur.<br \/>\nT\u00dcRK MALIDIR.<br \/>\nPaket \u0130\u00e7eri\u011fi: 4 Adet \u00c7ocuk Koruma Priz Kapa\u011f\u0131<\/p>\n","protected":false},"excerpt":{"rendered":"<p>\u00c7ocuk Koruma Priz Kapa\u011f\u0131 4 Adet<\/p>\n","protected":false},"featured_media":77579,"comment_status":"open","ping_status":"closed","template":"","meta":{"_kad_post_transparent":"","_kad_post_title":"","_kad_post_layout":"","_kad_post_sidebar_id":"","_kad_post_content_style":"","_kad_post_vertical_padding":"","_kad_post_feature":"","_kad_post_feature_position":"","_kad_post_header":false,"_kad_post_footer":false,"_kad_post_classname":""},"product_brand":[],"product_cat":[551,620,619],"product_tag":[],"class_list":{"0":"post-77580","1":"product","2":"type-product","3":"status-publish","4":"has-post-thumbnail","6":"product_cat-cocuk","7":"product_cat-guvenlik","8":"product_cat-tasima-guvenlik","10":"first","11":"instock","12":"shipping-taxable","13":"purchasable","14":"product-type-simple","15":"entry","16":"content-bg","17":"loop-entry"},"_links":{"self":[{"href":"https:\/\/www.hediyepazar.com\/index.php?rest_route=\/wp\/v2\/product\/77580","targetHints":{"allow":["GET"]}}],"collection":[{"href":"https:\/\/www.hediyepazar.com\/index.php?rest_route=\/wp\/v2\/product"}],"about":[{"href":"https:\/\/www.hediyepazar.com\/index.php?rest_route=\/wp\/v2\/types\/product"}],"replies":[{"embeddable":true,"href":"https:\/\/www.hediyepazar.com\/index.php?rest_route=%2Fwp%2Fv2%2Fcomments&post=77580"}],"wp:featuredmedia":[{"embeddable":true,"href":"https:\/\/www.hediyepazar.com\/index.php?rest_route=\/wp\/v2\/media\/77579"}],"wp:attachment":[{"href":"https:\/\/www.hediyepazar.com\/index.php?rest_route=%2Fwp%2Fv2%2Fmedia&parent=77580"}],"wp:term":[{"taxonomy":"product_brand","embeddable":true,"href":"https:\/\/www.hediyepazar.com\/index.php?rest_route=%2Fwp%2Fv2%2Fproduct_brand&post=77580"},{"taxonomy":"product_cat","embeddable":true,"href":"https:\/\/www.hediyepazar.com\/index.php?rest_route=%2Fwp%2Fv2%2Fproduct_cat&post=77580"},{"taxonomy":"product_tag","embeddable":true,"href":"https:\/\/www.hediyepazar.com\/index.php?rest_route=%2Fwp%2Fv2%2Fproduct_tag&post=77580"}],"curies":[{"name":"wp","href":"https:\/\/api.w.org\/{rel}","templated":true}]}}