{"id":79046,"date":"2026-04-30T01:33:12","date_gmt":"2026-04-30T04:33:12","guid":{"rendered":"https:\/\/www.hediyepazar.com\/?product=sari-havuc-tohumu-10-gr"},"modified":"2026-04-30T01:33:12","modified_gmt":"2026-04-30T04:33:12","slug":"sari-havuc-tohumu-10-gr","status":"publish","type":"product","link":"https:\/\/www.hediyepazar.com\/?product=sari-havuc-tohumu-10-gr","title":{"rendered":"Sar\u0131 Havu\u00e7 Tohumu 10 Gr"},"content":{"rendered":"<table style=\"border-collapse:collapse; width:159pt; border:none\" width=\"212\">\n<colgroup>\n<col style=\"width:159pt\" width=\"212\" \/>\n\t<\/colgroup>\n<tbody>\n<tr height=\"20\" style=\"height:15.0pt\">\n<td height=\"20\" style=\"border:none; height:15.0pt; width:159pt; padding-top:1px; padding-right:1px; padding-left:1px; vertical-align:bottom; white-space:nowrap\" width=\"212\"><span style=\"font-size:11pt\"><span style=\"color:black\"><span style=\"font-weight:400\"><span style=\"font-style:normal\"><span style=\"text-decoration:none\"><span style=\"font-family:Calibri,sans-serif\">Sar\u0131 Havu&ccedil; Tohumu 10 Gr<br \/>\n\t\t\tGenel &ouml;zellikleri:<br \/>\n\t\t\tSilindirik yap\u0131da, tatl\u0131 ve gevrektir.<br \/>\n\t\t\tOrta-Uzun ve k&ouml;k ucu k&uuml;tt&uuml;r.<br \/>\n\t\t\tEtli, &ouml;z&uuml; k\u0131rm\u0131z\u0131 ve d&uuml;zg&uuml;n \u015fekillidir<br \/>\n\t\t\tMeyve boyu ortalama 7-9 cm, &ccedil;ap\u0131 2-2,5 cm&#39;dir.<br \/>\n\t\t\tOlgunla\u015fma s&uuml;resi 70-120 g&uuml;n<br \/>\n\t\t\tEkim derinli\u011fi 2-3 cm ideal<br \/>\n\t\t\t&Ccedil;imlenme s&uuml;resi 10-15 g&uuml;n<br \/>\n\t\t\tTavsiye edilen ekim zaman\u0131 ilkbahar &#8211; Sonbahar<\/span><\/span><\/span><\/span><\/span><\/span><\/td>\n<\/tr>\n<\/tbody>\n<\/table>\n","protected":false},"excerpt":{"rendered":"<p>Sar\u0131 Havu\u00e7 Tohumu 10 Gr<\/p>\n","protected":false},"featured_media":79045,"comment_status":"open","ping_status":"closed","template":"","meta":{"_kad_post_transparent":"","_kad_post_title":"","_kad_post_layout":"","_kad_post_sidebar_id":"","_kad_post_content_style":"","_kad_post_vertical_padding":"","_kad_post_feature":"","_kad_post_feature_position":"","_kad_post_header":false,"_kad_post_footer":false,"_kad_post_classname":""},"product_brand":[],"product_cat":[628,625],"product_tag":[],"class_list":{"0":"post-79046","1":"product","2":"type-product","3":"status-publish","4":"has-post-thumbnail","6":"product_cat-bitki-ve-tohum","7":"product_cat-bitkisel-organik","9":"first","10":"instock","11":"shipping-taxable","12":"purchasable","13":"product-type-simple","14":"entry","15":"content-bg","16":"loop-entry"},"_links":{"self":[{"href":"https:\/\/www.hediyepazar.com\/index.php?rest_route=\/wp\/v2\/product\/79046","targetHints":{"allow":["GET"]}}],"collection":[{"href":"https:\/\/www.hediyepazar.com\/index.php?rest_route=\/wp\/v2\/product"}],"about":[{"href":"https:\/\/www.hediyepazar.com\/index.php?rest_route=\/wp\/v2\/types\/product"}],"replies":[{"embeddable":true,"href":"https:\/\/www.hediyepazar.com\/index.php?rest_route=%2Fwp%2Fv2%2Fcomments&post=79046"}],"wp:featuredmedia":[{"embeddable":true,"href":"https:\/\/www.hediyepazar.com\/index.php?rest_route=\/wp\/v2\/media\/79045"}],"wp:attachment":[{"href":"https:\/\/www.hediyepazar.com\/index.php?rest_route=%2Fwp%2Fv2%2Fmedia&parent=79046"}],"wp:term":[{"taxonomy":"product_brand","embeddable":true,"href":"https:\/\/www.hediyepazar.com\/index.php?rest_route=%2Fwp%2Fv2%2Fproduct_brand&post=79046"},{"taxonomy":"product_cat","embeddable":true,"href":"https:\/\/www.hediyepazar.com\/index.php?rest_route=%2Fwp%2Fv2%2Fproduct_cat&post=79046"},{"taxonomy":"product_tag","embeddable":true,"href":"https:\/\/www.hediyepazar.com\/index.php?rest_route=%2Fwp%2Fv2%2Fproduct_tag&post=79046"}],"curies":[{"name":"wp","href":"https:\/\/api.w.org\/{rel}","templated":true}]}}