{"id":79164,"date":"2026-04-30T01:39:22","date_gmt":"2026-04-30T04:39:22","guid":{"rendered":"https:\/\/www.hediyepazar.com\/?product=2-adet-black-150-ml-erkek-deodorant"},"modified":"2026-04-30T01:39:22","modified_gmt":"2026-04-30T04:39:22","slug":"2-adet-black-150-ml-erkek-deodorant","status":"publish","type":"product","link":"https:\/\/www.hediyepazar.com\/?product=2-adet-black-150-ml-erkek-deodorant","title":{"rendered":"2 Adet Black 150 Ml Erkek Deodorant"},"content":{"rendered":"<table style=\"border-collapse:collapse; width:78pt; border:none\" width=\"104\">\n<colgroup>\n<col style=\"width:78pt\" width=\"104\" \/>\n\t<\/colgroup>\n<tbody>\n<tr height=\"20\" style=\"height:15.0pt\">\n<td height=\"20\" style=\"border:none; height:15.0pt; width:78pt; padding-top:1px; padding-right:1px; padding-left:1px; vertical-align:bottom; white-space:nowrap\" width=\"104\"><span style=\"font-size:11pt\"><span style=\"color:black\"><span style=\"font-weight:400\"><span style=\"font-style:normal\"><span style=\"text-decoration:none\"><span style=\"font-family:Calibri,sans-serif\">2 Adet Black 150 Ml Erkek Deodorant<br \/>\n\t\t\tErke\u011fin ki\u015fili\u011finin cool, karizmatik ve gizemli y&ouml;nlerini temsil eder.<br \/>\n\t\t\tMesafeli bir duru\u015f ve gizem unsurlar\u0131n\u0131 i&ccedil;inde bar\u0131nd\u0131ran temas\u0131, \u015fi\u015fe ve isminde kullan\u0131lan siyah rengi ile<br \/>\n\t\t\tdesteklenmektedir.<br \/>\n\t\t\tModern ve spor tarz\u0131n yans\u0131mas\u0131, Jagler&#39; Black<br \/>\n\t\t\t&uuml;st notalar\u0131nda: Bergamot, anason, kakule, ada&ccedil;ay\u0131, biberiye<br \/>\n\t\t\tOrta notalar\u0131nda: Lavanta, sedir a\u011fac\u0131, kabe saman\u0131, pa&ccedil;uli<br \/>\n\t\t\tAlt notalar\u0131nda: Vanilya, benzoin, tar&ccedil;\u0131n, Hindistan cevizi, misk<br \/>\n\t\t\tEgzotik a\u011fa&ccedil;lar\u0131n s\u0131cak esintisi karizmatik bir enerjide hayat buluyor.<br \/>\n\t\t\tPaket i&ccedil;eri\u011fi: 2 Adet Black 150 Ml Erkek Deodorant<\/span><\/span><\/span><\/span><\/span><\/span><\/td>\n<\/tr>\n<\/tbody>\n<\/table>\n","protected":false},"excerpt":{"rendered":"<p>2 Adet Black 150 Ml Erkek Deodorant<\/p>\n","protected":false},"featured_media":79163,"comment_status":"open","ping_status":"closed","template":"","meta":{"_kad_post_transparent":"","_kad_post_title":"","_kad_post_layout":"","_kad_post_sidebar_id":"","_kad_post_content_style":"","_kad_post_vertical_padding":"","_kad_post_feature":"","_kad_post_feature_position":"","_kad_post_header":false,"_kad_post_footer":false,"_kad_post_classname":""},"product_brand":[],"product_cat":[634,452,584],"product_tag":[],"class_list":{"0":"post-79164","1":"product","2":"type-product","3":"status-publish","4":"has-post-thumbnail","6":"product_cat-deodorant","7":"product_cat-kozmetik","8":"product_cat-parfum-deodorant","10":"first","11":"instock","12":"shipping-taxable","13":"purchasable","14":"product-type-simple","15":"entry","16":"content-bg","17":"loop-entry"},"_links":{"self":[{"href":"https:\/\/www.hediyepazar.com\/index.php?rest_route=\/wp\/v2\/product\/79164","targetHints":{"allow":["GET"]}}],"collection":[{"href":"https:\/\/www.hediyepazar.com\/index.php?rest_route=\/wp\/v2\/product"}],"about":[{"href":"https:\/\/www.hediyepazar.com\/index.php?rest_route=\/wp\/v2\/types\/product"}],"replies":[{"embeddable":true,"href":"https:\/\/www.hediyepazar.com\/index.php?rest_route=%2Fwp%2Fv2%2Fcomments&post=79164"}],"wp:featuredmedia":[{"embeddable":true,"href":"https:\/\/www.hediyepazar.com\/index.php?rest_route=\/wp\/v2\/media\/79163"}],"wp:attachment":[{"href":"https:\/\/www.hediyepazar.com\/index.php?rest_route=%2Fwp%2Fv2%2Fmedia&parent=79164"}],"wp:term":[{"taxonomy":"product_brand","embeddable":true,"href":"https:\/\/www.hediyepazar.com\/index.php?rest_route=%2Fwp%2Fv2%2Fproduct_brand&post=79164"},{"taxonomy":"product_cat","embeddable":true,"href":"https:\/\/www.hediyepazar.com\/index.php?rest_route=%2Fwp%2Fv2%2Fproduct_cat&post=79164"},{"taxonomy":"product_tag","embeddable":true,"href":"https:\/\/www.hediyepazar.com\/index.php?rest_route=%2Fwp%2Fv2%2Fproduct_tag&post=79164"}],"curies":[{"name":"wp","href":"https:\/\/api.w.org\/{rel}","templated":true}]}}