{"id":79256,"date":"2026-04-30T01:46:55","date_gmt":"2026-04-30T04:46:55","guid":{"rendered":"https:\/\/www.hediyepazar.com\/?product=jasmine-100-ml-kolonya"},"modified":"2026-04-30T01:46:55","modified_gmt":"2026-04-30T04:46:55","slug":"jasmine-100-ml-kolonya","status":"publish","type":"product","link":"https:\/\/www.hediyepazar.com\/?product=jasmine-100-ml-kolonya","title":{"rendered":"Jasmine 100 Ml Kolonya"},"content":{"rendered":"<table style=\"border-collapse:collapse; width:78pt; border:none\" width=\"104\">\n<colgroup>\n<col style=\"width:78pt\" width=\"104\" \/>\n\t<\/colgroup>\n<tbody>\n<tr height=\"20\" style=\"height:15.0pt\">\n<td height=\"20\" style=\"border:none; height:15.0pt; width:78pt; padding-top:1px; padding-right:1px; padding-left:1px; vertical-align:bottom; white-space:nowrap\" width=\"104\"><span style=\"font-size:11pt\"><span style=\"color:black\"><span style=\"font-weight:400\"><span style=\"font-style:normal\"><span style=\"text-decoration:none\"><span style=\"font-family:Calibri,sans-serif\">Rebul Jasmine 100 Ml Kolonya<br \/>\n\t\t\tYasemin \u015eenli\u011fi<br \/>\n\t\t\tEn g&uuml;zel yaseminlerin diyar\u0131 G&uuml;ney \u0130talya&#39;n\u0131n k\u0131y\u0131lar\u0131ndan gelen o hafif esintide, k\u0131rm\u0131z\u0131 elma, sulu<br \/>\n\t\t\tarmut, tatl\u0131 \u015feftali ve egzotik li&ccedil;iden olu\u015fan kokteyl, size meyve bah&ccedil;elerinin yak\u0131n\u0131nda oldu\u011funuzu<br \/>\n\t\t\thissettirir.<br \/>\n\t\t\tMeyve bah&ccedil;elerini ge&ccedil;tikten sonra, orta notalarda Madagaskar&#39;\u0131n narin ylang ylanglar\u0131 ve<br \/>\n\t\t\t\u0130ngiltere&#39;nin dokunmaya k\u0131yamayaca\u011f\u0131n\u0131z \u015fakay\u0131klar\u0131 t&uuml;m yumu\u015fakl\u0131\u011f\u0131 ile y&uuml;z&uuml;n&uuml;z&uuml; ok\u015fayacakt\u0131r.<br \/>\n\t\t\tAlt notalarda ise \u015feffaf beyaz miskler, sandal a\u011fac\u0131, sedir a\u011fac\u0131 ve zengin pudra dokusu<br \/>\n\t\t\tsizi b&uuml;y&uuml;leyici bir gezintiye &ccedil;\u0131kar\u0131r.<\/span><\/span><\/span><\/span><\/span><\/span><\/td>\n<\/tr>\n<\/tbody>\n<\/table>\n","protected":false},"excerpt":{"rendered":"<p>Jasmine 100 Ml Kolonya<\/p>\n","protected":false},"featured_media":79255,"comment_status":"open","ping_status":"closed","template":"","meta":{"_kad_post_transparent":"","_kad_post_title":"","_kad_post_layout":"","_kad_post_sidebar_id":"","_kad_post_content_style":"","_kad_post_vertical_padding":"","_kad_post_feature":"","_kad_post_feature_position":"","_kad_post_header":false,"_kad_post_footer":false,"_kad_post_classname":""},"product_brand":[],"product_cat":[585,452,584],"product_tag":[],"class_list":{"0":"post-79256","1":"product","2":"type-product","3":"status-publish","4":"has-post-thumbnail","6":"product_cat-kolonya","7":"product_cat-kozmetik","8":"product_cat-parfum-deodorant","10":"first","11":"instock","12":"shipping-taxable","13":"purchasable","14":"product-type-simple","15":"entry","16":"content-bg","17":"loop-entry"},"_links":{"self":[{"href":"https:\/\/www.hediyepazar.com\/index.php?rest_route=\/wp\/v2\/product\/79256","targetHints":{"allow":["GET"]}}],"collection":[{"href":"https:\/\/www.hediyepazar.com\/index.php?rest_route=\/wp\/v2\/product"}],"about":[{"href":"https:\/\/www.hediyepazar.com\/index.php?rest_route=\/wp\/v2\/types\/product"}],"replies":[{"embeddable":true,"href":"https:\/\/www.hediyepazar.com\/index.php?rest_route=%2Fwp%2Fv2%2Fcomments&post=79256"}],"wp:featuredmedia":[{"embeddable":true,"href":"https:\/\/www.hediyepazar.com\/index.php?rest_route=\/wp\/v2\/media\/79255"}],"wp:attachment":[{"href":"https:\/\/www.hediyepazar.com\/index.php?rest_route=%2Fwp%2Fv2%2Fmedia&parent=79256"}],"wp:term":[{"taxonomy":"product_brand","embeddable":true,"href":"https:\/\/www.hediyepazar.com\/index.php?rest_route=%2Fwp%2Fv2%2Fproduct_brand&post=79256"},{"taxonomy":"product_cat","embeddable":true,"href":"https:\/\/www.hediyepazar.com\/index.php?rest_route=%2Fwp%2Fv2%2Fproduct_cat&post=79256"},{"taxonomy":"product_tag","embeddable":true,"href":"https:\/\/www.hediyepazar.com\/index.php?rest_route=%2Fwp%2Fv2%2Fproduct_tag&post=79256"}],"curies":[{"name":"wp","href":"https:\/\/api.w.org\/{rel}","templated":true}]}}