{"id":79280,"date":"2026-04-30T01:48:00","date_gmt":"2026-04-30T04:48:00","guid":{"rendered":"https:\/\/www.hediyepazar.com\/?product=bouquet-270-ml-kolonya"},"modified":"2026-04-30T01:48:00","modified_gmt":"2026-04-30T04:48:00","slug":"bouquet-270-ml-kolonya","status":"publish","type":"product","link":"https:\/\/www.hediyepazar.com\/?product=bouquet-270-ml-kolonya","title":{"rendered":"Bouquet 270 Ml Kolonya"},"content":{"rendered":"<table style=\"border-collapse:collapse; width:78pt; border:none\" width=\"104\">\n<colgroup>\n<col style=\"width:78pt\" width=\"104\" \/>\n\t<\/colgroup>\n<tbody>\n<tr height=\"20\" style=\"height:15.0pt\">\n<td height=\"20\" style=\"border:none; height:15.0pt; width:78pt; padding-top:1px; padding-right:1px; padding-left:1px; vertical-align:bottom; white-space:nowrap\" width=\"104\"><span style=\"font-size:11pt\"><span style=\"color:black\"><span style=\"font-weight:400\"><span style=\"font-style:normal\"><span style=\"text-decoration:none\"><span style=\"font-family:Calibri,sans-serif\">Rebul Bouquet 270 Ml Kolonya<br \/>\n\t\t\tAsaletin Simgesi \u015eakay\u0131k Buketi<br \/>\n\t\t\tJaponyan\u0131n bahar\u0131 m&uuml;jdeleyen \u015eakay\u0131k &ccedil;i&ccedil;e\u011finin Rebul Kolonya ile bulu\u015fmas\u0131 ile hikayemiz ba\u015flar.<br \/>\n\t\t\t&Uuml;st notalarda Akdeniz&#39;in narin ama enerjik turun&ccedil;gilleri, orta notalarda co\u015fkulu \u015fakay\u0131k, masum m&uuml;ge<br \/>\n\t\t\tve zarif zambaklar\u0131n asaleti sizi sarmalar. Dip notalarda misk, sedir a\u011fac\u0131 ve sandal a\u011fac\u0131n\u0131n sofistike<br \/>\n\t\t\td&uuml;nyas\u0131na davet eden bu koku size &ccedil;ekici bir ferahl\u0131k sunar. B&ouml;ylece Rebul Bouquet, nesilden nesile<br \/>\n\t\t\tvazge&ccedil;ilmez bir tutkuya d&ouml;n&uuml;\u015f&uuml;rken, ayn\u0131 zamanda hi&ccedil; bitmeyen ve dilden dile dola\u015fan bir hikayenin<br \/>\n\t\t\tkahraman\u0131 olur.<\/span><\/span><\/span><\/span><\/span><\/span><\/td>\n<\/tr>\n<\/tbody>\n<\/table>\n","protected":false},"excerpt":{"rendered":"<p>Bouquet 270 Ml Kolonya<\/p>\n","protected":false},"featured_media":79279,"comment_status":"open","ping_status":"closed","template":"","meta":{"_kad_post_transparent":"","_kad_post_title":"","_kad_post_layout":"","_kad_post_sidebar_id":"","_kad_post_content_style":"","_kad_post_vertical_padding":"","_kad_post_feature":"","_kad_post_feature_position":"","_kad_post_header":false,"_kad_post_footer":false,"_kad_post_classname":""},"product_brand":[],"product_cat":[585,452,584],"product_tag":[],"class_list":{"0":"post-79280","1":"product","2":"type-product","3":"status-publish","4":"has-post-thumbnail","6":"product_cat-kolonya","7":"product_cat-kozmetik","8":"product_cat-parfum-deodorant","10":"first","11":"instock","12":"shipping-taxable","13":"purchasable","14":"product-type-simple","15":"entry","16":"content-bg","17":"loop-entry"},"_links":{"self":[{"href":"https:\/\/www.hediyepazar.com\/index.php?rest_route=\/wp\/v2\/product\/79280","targetHints":{"allow":["GET"]}}],"collection":[{"href":"https:\/\/www.hediyepazar.com\/index.php?rest_route=\/wp\/v2\/product"}],"about":[{"href":"https:\/\/www.hediyepazar.com\/index.php?rest_route=\/wp\/v2\/types\/product"}],"replies":[{"embeddable":true,"href":"https:\/\/www.hediyepazar.com\/index.php?rest_route=%2Fwp%2Fv2%2Fcomments&post=79280"}],"wp:featuredmedia":[{"embeddable":true,"href":"https:\/\/www.hediyepazar.com\/index.php?rest_route=\/wp\/v2\/media\/79279"}],"wp:attachment":[{"href":"https:\/\/www.hediyepazar.com\/index.php?rest_route=%2Fwp%2Fv2%2Fmedia&parent=79280"}],"wp:term":[{"taxonomy":"product_brand","embeddable":true,"href":"https:\/\/www.hediyepazar.com\/index.php?rest_route=%2Fwp%2Fv2%2Fproduct_brand&post=79280"},{"taxonomy":"product_cat","embeddable":true,"href":"https:\/\/www.hediyepazar.com\/index.php?rest_route=%2Fwp%2Fv2%2Fproduct_cat&post=79280"},{"taxonomy":"product_tag","embeddable":true,"href":"https:\/\/www.hediyepazar.com\/index.php?rest_route=%2Fwp%2Fv2%2Fproduct_tag&post=79280"}],"curies":[{"name":"wp","href":"https:\/\/api.w.org\/{rel}","templated":true}]}}