{"id":79381,"date":"2026-04-30T01:52:00","date_gmt":"2026-04-30T04:52:00","guid":{"rendered":"https:\/\/www.hediyepazar.com\/?product=pamuklu-hamile-likrali-bato-kulot-beyaz-3324a"},"modified":"2026-04-30T01:52:00","modified_gmt":"2026-04-30T04:52:00","slug":"pamuklu-hamile-likrali-bato-kulot-beyaz-3324a","status":"publish","type":"product","link":"https:\/\/www.hediyepazar.com\/?product=pamuklu-hamile-likrali-bato-kulot-beyaz-3324a","title":{"rendered":"Pamuklu Hamile Likral\u0131 Bato K\u00fclot Beyaz &#8211; 3324A"},"content":{"rendered":"<table style=\"border-collapse:collapse; width:79pt; border:none\" width=\"105\">\n<colgroup>\n<col style=\"width:79pt\" width=\"105\" \/>\n\t<\/colgroup>\n<tbody>\n<tr height=\"20\" style=\"height:15.0pt\">\n<td height=\"20\" style=\"border:none; height:15.0pt; width:79pt; padding-top:1px; padding-right:1px; padding-left:1px; vertical-align:bottom; white-space:nowrap\" width=\"105\"><span style=\"font-size:11pt\"><span style=\"color:black\"><span style=\"font-weight:400\"><span style=\"font-style:normal\"><span style=\"text-decoration:none\"><span style=\"font-family:Calibri,sans-serif\">Pamuklu Hamile Likral\u0131 Bato K&uuml;lot Beyaz<br \/>\n\t\t\t&Uuml;r&uuml;n &Ouml;zellikleri&nbsp; %92 Pamuk, %8 Elastan<br \/>\n\t\t\tY&uuml;ksek bel Bebe\u011finizi kuca\u011f\u0131n\u0131za almaya haz\u0131rlan\u0131rken i&ccedil; &ccedil;ama\u015f\u0131r\u0131 se&ccedil;imleriniz son derece &ouml;nemli&hellip;<br \/>\n\t\t\tBu nedenle de\u011fi\u015fen bedeninize uyum sa\u011flayacak ve v&uuml;cut \u0131s\u0131s\u0131n\u0131 kontrol etmeye yard\u0131mc\u0131<br \/>\n\t\t\tkuma\u015flardan &uuml;retilmi\u015f &uuml;r&uuml;nleri tercih etmek en do\u011fru se&ccedil;im olacak.&nbsp;<br \/>\n\t\t\tAnne adaylar\u0131 i&ccedil;in &ouml;zel olarak tasarlanan&nbsp; Pamuklu Hamile Bato K&uuml;lot pamuklu &ouml;zel kuma\u015f\u0131 ile<br \/>\n\t\t\tg&uuml;n boyu hem sizin hem de bebe\u011finizin rahat ve huzurlu hissetmesini sa\u011flayacak.<br \/>\n\t\t\tRoyaleks ailesi olarak mutlu ve huzurlu g&uuml;nlerde kullanman\u0131z\u0131 temenni ederiz.<br \/>\n\t\t\tPaket i&ccedil;eri\u011fi: 1 Adet Pamuklu Hamile Likral\u0131 Bato K&uuml;lot Beyaz<\/span><\/span><\/span><\/span><\/span><\/span><\/td>\n<\/tr>\n<\/tbody>\n<\/table>\n","protected":false},"excerpt":{"rendered":"<p>Pamuklu Hamile Likral\u0131 Bato K\u00fclot Beyaz &#8211; 3324A<\/p>\n","protected":false},"featured_media":79380,"comment_status":"open","ping_status":"closed","template":"","meta":{"_kad_post_transparent":"","_kad_post_title":"","_kad_post_layout":"","_kad_post_sidebar_id":"","_kad_post_content_style":"","_kad_post_vertical_padding":"","_kad_post_feature":"","_kad_post_feature_position":"","_kad_post_header":false,"_kad_post_footer":false,"_kad_post_classname":""},"product_brand":[],"product_cat":[538,537,539],"product_tag":[],"class_list":{"0":"post-79381","1":"product","2":"type-product","3":"status-publish","4":"has-post-thumbnail","6":"product_cat-ic-giyim","7":"product_cat-kadin","8":"product_cat-kulot","10":"first","11":"instock","12":"shipping-taxable","13":"purchasable","14":"product-type-simple","15":"entry","16":"content-bg","17":"loop-entry"},"_links":{"self":[{"href":"https:\/\/www.hediyepazar.com\/index.php?rest_route=\/wp\/v2\/product\/79381","targetHints":{"allow":["GET"]}}],"collection":[{"href":"https:\/\/www.hediyepazar.com\/index.php?rest_route=\/wp\/v2\/product"}],"about":[{"href":"https:\/\/www.hediyepazar.com\/index.php?rest_route=\/wp\/v2\/types\/product"}],"replies":[{"embeddable":true,"href":"https:\/\/www.hediyepazar.com\/index.php?rest_route=%2Fwp%2Fv2%2Fcomments&post=79381"}],"wp:featuredmedia":[{"embeddable":true,"href":"https:\/\/www.hediyepazar.com\/index.php?rest_route=\/wp\/v2\/media\/79380"}],"wp:attachment":[{"href":"https:\/\/www.hediyepazar.com\/index.php?rest_route=%2Fwp%2Fv2%2Fmedia&parent=79381"}],"wp:term":[{"taxonomy":"product_brand","embeddable":true,"href":"https:\/\/www.hediyepazar.com\/index.php?rest_route=%2Fwp%2Fv2%2Fproduct_brand&post=79381"},{"taxonomy":"product_cat","embeddable":true,"href":"https:\/\/www.hediyepazar.com\/index.php?rest_route=%2Fwp%2Fv2%2Fproduct_cat&post=79381"},{"taxonomy":"product_tag","embeddable":true,"href":"https:\/\/www.hediyepazar.com\/index.php?rest_route=%2Fwp%2Fv2%2Fproduct_tag&post=79381"}],"curies":[{"name":"wp","href":"https:\/\/api.w.org\/{rel}","templated":true}]}}