{"id":79391,"date":"2026-04-30T01:52:34","date_gmt":"2026-04-30T04:52:34","guid":{"rendered":"https:\/\/www.hediyepazar.com\/?product=yumurta-kapali-saklama-kabi-24lu-beyaz"},"modified":"2026-04-30T01:52:34","modified_gmt":"2026-04-30T04:52:34","slug":"yumurta-kapali-saklama-kabi-24lu-beyaz","status":"publish","type":"product","link":"https:\/\/www.hediyepazar.com\/?product=yumurta-kapali-saklama-kabi-24lu-beyaz","title":{"rendered":"Yumurta Kapal\u0131 Saklama Kab\u0131 24&#8217;l\u00fc Beyaz"},"content":{"rendered":"<p>Yumurta Kapal\u0131 Saklama Kab\u0131 24&#39;l&uuml; Beyaz<br \/>\nYumurta ta\u015f\u0131ma kab\u0131 ile yumurtalar k\u0131r\u0131lmadan kolayca ta\u015f\u0131n\u0131r.<br \/>\n\u0130ster piknikte isterseniz de evde kullanabilirsiniz.<br \/>\nD\u0131\u015farda yemek zorunda de\u011filsiniz!<br \/>\nArt\u0131k evinizde yapt\u0131\u011f\u0131n\u0131z sa\u011fl\u0131kl\u0131 yiyecekleri istedi\u011finiz her yere ta\u015f\u0131yabilirsiniz.<br \/>\nSa\u011fl\u0131kl\u0131 beslenmek isteyenler i&ccedil;in d&uuml;\u015f&uuml;n&uuml;lm&uuml;\u015f ta\u015f\u0131nabilir yiyecek kaplar\u0131n\u0131 g&uuml;venle kullanabilirsiniz.<br \/>\nSert plastik, geri d&ouml;n&uuml;\u015febilen malzemeden &uuml;retilmi\u015ftir.<br \/>\nDo\u011fa dostudur.<\/p>\n","protected":false},"excerpt":{"rendered":"<p>Yumurta Kapal\u0131 Saklama Kab\u0131 24&#8217;l\u00fc Beyaz<\/p>\n","protected":false},"featured_media":79390,"comment_status":"open","ping_status":"closed","template":"","meta":{"_kad_post_transparent":"","_kad_post_title":"","_kad_post_layout":"","_kad_post_sidebar_id":"","_kad_post_content_style":"","_kad_post_vertical_padding":"","_kad_post_feature":"","_kad_post_feature_position":"","_kad_post_header":false,"_kad_post_footer":false,"_kad_post_classname":""},"product_brand":[],"product_cat":[557,602,558],"product_tag":[],"class_list":{"0":"post-79391","1":"product","2":"type-product","3":"status-publish","4":"has-post-thumbnail","6":"product_cat-ev-yasam","7":"product_cat-mutfak-saklama-duzenleme","8":"product_cat-sofra-mutfak-2","10":"first","11":"instock","12":"shipping-taxable","13":"purchasable","14":"product-type-simple","15":"entry","16":"content-bg","17":"loop-entry"},"_links":{"self":[{"href":"https:\/\/www.hediyepazar.com\/index.php?rest_route=\/wp\/v2\/product\/79391","targetHints":{"allow":["GET"]}}],"collection":[{"href":"https:\/\/www.hediyepazar.com\/index.php?rest_route=\/wp\/v2\/product"}],"about":[{"href":"https:\/\/www.hediyepazar.com\/index.php?rest_route=\/wp\/v2\/types\/product"}],"replies":[{"embeddable":true,"href":"https:\/\/www.hediyepazar.com\/index.php?rest_route=%2Fwp%2Fv2%2Fcomments&post=79391"}],"wp:featuredmedia":[{"embeddable":true,"href":"https:\/\/www.hediyepazar.com\/index.php?rest_route=\/wp\/v2\/media\/79390"}],"wp:attachment":[{"href":"https:\/\/www.hediyepazar.com\/index.php?rest_route=%2Fwp%2Fv2%2Fmedia&parent=79391"}],"wp:term":[{"taxonomy":"product_brand","embeddable":true,"href":"https:\/\/www.hediyepazar.com\/index.php?rest_route=%2Fwp%2Fv2%2Fproduct_brand&post=79391"},{"taxonomy":"product_cat","embeddable":true,"href":"https:\/\/www.hediyepazar.com\/index.php?rest_route=%2Fwp%2Fv2%2Fproduct_cat&post=79391"},{"taxonomy":"product_tag","embeddable":true,"href":"https:\/\/www.hediyepazar.com\/index.php?rest_route=%2Fwp%2Fv2%2Fproduct_tag&post=79391"}],"curies":[{"name":"wp","href":"https:\/\/api.w.org\/{rel}","templated":true}]}}