{"id":79743,"date":"2026-04-30T02:11:43","date_gmt":"2026-04-30T05:11:43","guid":{"rendered":"https:\/\/www.hediyepazar.com\/?product=3-adet-kadin-yuksek-bel-bato-kulot-siyah-krem-pudra"},"modified":"2026-04-30T02:11:43","modified_gmt":"2026-04-30T05:11:43","slug":"3-adet-kadin-yuksek-bel-bato-kulot-siyah-krem-pudra","status":"publish","type":"product","link":"https:\/\/www.hediyepazar.com\/?product=3-adet-kadin-yuksek-bel-bato-kulot-siyah-krem-pudra","title":{"rendered":"3 Adet Kad\u0131n Y\u00fcksek Bel Bato K\u00fclot Siyah Krem Pudra"},"content":{"rendered":"<table style=\"border-collapse:collapse; width:166pt; border:none\" width=\"221\">\n<colgroup>\n<col style=\"width:166pt\" width=\"221\" \/>\n\t<\/colgroup>\n<tbody>\n<tr height=\"20\" style=\"height:15.0pt\">\n<td height=\"20\" style=\"border:none; height:15.0pt; width:166pt; padding-top:1px; padding-right:1px; padding-left:1px; vertical-align:bottom; white-space:nowrap\" width=\"221\"><span style=\"font-size:11pt\"><span style=\"color:black\"><span style=\"font-weight:400\"><span style=\"font-style:normal\"><span style=\"text-decoration:none\"><span style=\"font-family:Calibri,sans-serif\">3 Adet Kad\u0131n Y&uuml;ksek Bel Bato K&uuml;lot Siyah Krem Pudra<br \/>\n\t\t\t%90 Pamuk | %10 Elastan<br \/>\n\t\t\tT&uuml;m k\u0131yafetlerinizin alt\u0131nda kullanabilece\u011finiz niteliktedir.<br \/>\n\t\t\tDi\u011fer i&ccedil; &ccedil;ama\u015f\u0131rlar\u0131n\u0131zla kolay bir \u015fekilde kombinlenir.<br \/>\n\t\t\tPamuklu kuma\u015ftan &uuml;retilmi\u015ftir. Pamuklu doku sa\u011fl\u0131\u011f\u0131n\u0131z i&ccedil;in olduk&ccedil;a faydal\u0131d\u0131r.<br \/>\n\t\t\tTeninizin nefes almas\u0131n\u0131 sa\u011flar ve hareket kabiliyetinizi artt\u0131r\u0131r.<br \/>\n\t\t\tYumu\u015fac\u0131k bir dokusu vard\u0131r. Yumu\u015fakl\u0131\u011f\u0131n\u0131n yan\u0131 s\u0131ra olduk&ccedil;a rahatt\u0131r.<br \/>\n\t\t\tY\u0131kama talimatlar\u0131na uyuldu\u011fu takdirde deforme olmaz ve uzun s&uuml;reli kullan\u0131m keyfi sunar.<br \/>\n\t\t\tPaket i&ccedil;eri\u011fi: 3 Adet Kad\u0131n Y&uuml;ksek Bel Bato K&uuml;lot Siyah Krem Pudra<\/span><\/span><\/span><\/span><\/span><\/span><\/td>\n<\/tr>\n<\/tbody>\n<\/table>\n","protected":false},"excerpt":{"rendered":"<p>3 Adet Kad\u0131n Y\u00fcksek Bel Bato K\u00fclot Siyah Krem Pudra<\/p>\n","protected":false},"featured_media":79742,"comment_status":"open","ping_status":"closed","template":"","meta":{"_kad_post_transparent":"","_kad_post_title":"","_kad_post_layout":"","_kad_post_sidebar_id":"","_kad_post_content_style":"","_kad_post_vertical_padding":"","_kad_post_feature":"","_kad_post_feature_position":"","_kad_post_header":false,"_kad_post_footer":false,"_kad_post_classname":""},"product_brand":[],"product_cat":[538,537,539],"product_tag":[],"class_list":{"0":"post-79743","1":"product","2":"type-product","3":"status-publish","4":"has-post-thumbnail","6":"product_cat-ic-giyim","7":"product_cat-kadin","8":"product_cat-kulot","10":"first","11":"instock","12":"shipping-taxable","13":"purchasable","14":"product-type-simple","15":"entry","16":"content-bg","17":"loop-entry"},"_links":{"self":[{"href":"https:\/\/www.hediyepazar.com\/index.php?rest_route=\/wp\/v2\/product\/79743","targetHints":{"allow":["GET"]}}],"collection":[{"href":"https:\/\/www.hediyepazar.com\/index.php?rest_route=\/wp\/v2\/product"}],"about":[{"href":"https:\/\/www.hediyepazar.com\/index.php?rest_route=\/wp\/v2\/types\/product"}],"replies":[{"embeddable":true,"href":"https:\/\/www.hediyepazar.com\/index.php?rest_route=%2Fwp%2Fv2%2Fcomments&post=79743"}],"wp:featuredmedia":[{"embeddable":true,"href":"https:\/\/www.hediyepazar.com\/index.php?rest_route=\/wp\/v2\/media\/79742"}],"wp:attachment":[{"href":"https:\/\/www.hediyepazar.com\/index.php?rest_route=%2Fwp%2Fv2%2Fmedia&parent=79743"}],"wp:term":[{"taxonomy":"product_brand","embeddable":true,"href":"https:\/\/www.hediyepazar.com\/index.php?rest_route=%2Fwp%2Fv2%2Fproduct_brand&post=79743"},{"taxonomy":"product_cat","embeddable":true,"href":"https:\/\/www.hediyepazar.com\/index.php?rest_route=%2Fwp%2Fv2%2Fproduct_cat&post=79743"},{"taxonomy":"product_tag","embeddable":true,"href":"https:\/\/www.hediyepazar.com\/index.php?rest_route=%2Fwp%2Fv2%2Fproduct_tag&post=79743"}],"curies":[{"name":"wp","href":"https:\/\/api.w.org\/{rel}","templated":true}]}}