{"id":79803,"date":"2026-04-30T02:15:16","date_gmt":"2026-04-30T05:15:16","guid":{"rendered":"https:\/\/www.hediyepazar.com\/?product=siyah-cay-pure-ceylon-tea-pekoe-400-gr"},"modified":"2026-04-30T02:15:16","modified_gmt":"2026-04-30T05:15:16","slug":"siyah-cay-pure-ceylon-tea-pekoe-400-gr","status":"publish","type":"product","link":"https:\/\/www.hediyepazar.com\/?product=siyah-cay-pure-ceylon-tea-pekoe-400-gr","title":{"rendered":"Siyah \u00c7ay Pure Ceylon Tea Pekoe 400 gr"},"content":{"rendered":"<p>&Ccedil;ay tiryakilerinin i&ccedil;imine sunulan \u015eenpa Ceylon &Ccedil;ay\u0131 Sri Lanka&#39;n\u0131n y&uuml;ksek zirvelerinde yeti\u015fir.<br \/>\nYe\u015fil yapraklar &ouml;zenle toplanarak &ouml;zel bir &uuml;retim tekni\u011fi ile i\u015flenir.<br \/>\nDamakta kendisine has ve buruk bir tat b\u0131rak\u0131r.<br \/>\n6 ki\u015filik bir demlik i&ccedil;in 1 &ccedil;orba ka\u015f\u0131\u011f\u0131 &ccedil;ay koyunuz 10 dakika demlenme s&uuml;resinden sonra servis yap\u0131n\u0131z.<br \/>\nPekoe &ccedil;ay : &Ccedil;ay fidan\u0131n\u0131n ikinci yapra\u011f\u0131ndan &uuml;retilen B&uuml;t&uuml;n yaprak , Siyah &Ccedil;ayd\u0131r<\/p>\n","protected":false},"excerpt":{"rendered":"<p>Siyah \u00c7ay Pure Ceylon Tea Pekoe 400 gr<\/p>\n","protected":false},"featured_media":79802,"comment_status":"open","ping_status":"closed","template":"","meta":{"_kad_post_transparent":"","_kad_post_title":"","_kad_post_layout":"","_kad_post_sidebar_id":"","_kad_post_content_style":"","_kad_post_vertical_padding":"","_kad_post_feature":"","_kad_post_feature_position":"","_kad_post_header":false,"_kad_post_footer":false,"_kad_post_classname":""},"product_brand":[],"product_cat":[641,589,570],"product_tag":[],"class_list":{"0":"post-79803","1":"product","2":"type-product","3":"status-publish","4":"has-post-thumbnail","6":"product_cat-cay","7":"product_cat-gida-ve-icecek","8":"product_cat-supermarket","10":"first","11":"instock","12":"shipping-taxable","13":"purchasable","14":"product-type-simple","15":"entry","16":"content-bg","17":"loop-entry"},"_links":{"self":[{"href":"https:\/\/www.hediyepazar.com\/index.php?rest_route=\/wp\/v2\/product\/79803","targetHints":{"allow":["GET"]}}],"collection":[{"href":"https:\/\/www.hediyepazar.com\/index.php?rest_route=\/wp\/v2\/product"}],"about":[{"href":"https:\/\/www.hediyepazar.com\/index.php?rest_route=\/wp\/v2\/types\/product"}],"replies":[{"embeddable":true,"href":"https:\/\/www.hediyepazar.com\/index.php?rest_route=%2Fwp%2Fv2%2Fcomments&post=79803"}],"wp:featuredmedia":[{"embeddable":true,"href":"https:\/\/www.hediyepazar.com\/index.php?rest_route=\/wp\/v2\/media\/79802"}],"wp:attachment":[{"href":"https:\/\/www.hediyepazar.com\/index.php?rest_route=%2Fwp%2Fv2%2Fmedia&parent=79803"}],"wp:term":[{"taxonomy":"product_brand","embeddable":true,"href":"https:\/\/www.hediyepazar.com\/index.php?rest_route=%2Fwp%2Fv2%2Fproduct_brand&post=79803"},{"taxonomy":"product_cat","embeddable":true,"href":"https:\/\/www.hediyepazar.com\/index.php?rest_route=%2Fwp%2Fv2%2Fproduct_cat&post=79803"},{"taxonomy":"product_tag","embeddable":true,"href":"https:\/\/www.hediyepazar.com\/index.php?rest_route=%2Fwp%2Fv2%2Fproduct_tag&post=79803"}],"curies":[{"name":"wp","href":"https:\/\/api.w.org\/{rel}","templated":true}]}}