{"id":79894,"date":"2026-04-30T02:23:46","date_gmt":"2026-04-30T05:23:46","guid":{"rendered":"https:\/\/www.hediyepazar.com\/?product=buyuk-boy-yorgan-ignesi-seti"},"modified":"2026-04-30T02:23:46","modified_gmt":"2026-04-30T05:23:46","slug":"buyuk-boy-yorgan-ignesi-seti","status":"publish","type":"product","link":"https:\/\/www.hediyepazar.com\/?product=buyuk-boy-yorgan-ignesi-seti","title":{"rendered":"B\u00fcy\u00fck Boy Yorgan \u0130\u011fnesi Seti"},"content":{"rendered":"<table style=\"border-collapse:collapse; width:225pt; border:none\" width=\"300\">\n<colgroup>\n<col style=\"width:225pt\" width=\"300\" \/>\n\t<\/colgroup>\n<tbody>\n<tr height=\"20\" style=\"height:15.0pt\">\n<td height=\"20\" style=\"border:none; height:15.0pt; width:89pt; padding-top:1px; padding-right:1px; padding-left:1px; vertical-align:bottom; white-space:nowrap\" width=\"118\"><span style=\"font-size:11pt\"><span style=\"color:black\"><span style=\"font-weight:400\"><span style=\"font-style:normal\"><span style=\"text-decoration:none\"><span style=\"font-family:Calibri,sans-serif\">Yabal\u0131 B&uuml;y&uuml;k Boy Yorgan \u0130\u011fnesinin ucu h\u0131zl\u0131 ve verimli &ccedil;al\u0131\u015fmay\u0131 sa\u011flar.<br \/>\n\t\t\tB&uuml;y&uuml;k tasar\u0131m delikleri ile katl\u0131 iplikleri ge&ccedil;irebilmenizi kolayla\u015ft\u0131r\u0131r.<\/p>\n<p>\t\t\tPaket \u0130&ccedil;eri\u011fi<br \/>\n\t\t\t1 Adet 11 cm &#39;lik \u0130\u011fne<br \/>\n\t\t\t1 Adet 15 cm &#39;lik \u0130\u011fne<br \/>\n\t\t\t2 Adet 17 cm &#39;lik \u0130\u011fne<\/span><\/span><\/span><\/span><\/span><\/span><\/td>\n<\/tr>\n<tr>\n<td height=\"20\" style=\"border:none; height:15.0pt; width:89pt; padding-top:1px; padding-right:1px; padding-left:1px; vertical-align:bottom; white-space:nowrap\" width=\"118\">&nbsp;<\/td>\n<\/tr>\n<\/tbody>\n<\/table>\n","protected":false},"excerpt":{"rendered":"<p>B\u00fcy\u00fck Boy Yorgan \u0130\u011fnesi Seti<\/p>\n","protected":false},"featured_media":79893,"comment_status":"open","ping_status":"closed","template":"","meta":{"_kad_post_transparent":"","_kad_post_title":"","_kad_post_layout":"","_kad_post_sidebar_id":"","_kad_post_content_style":"","_kad_post_vertical_padding":"","_kad_post_feature":"","_kad_post_feature_position":"","_kad_post_header":false,"_kad_post_footer":false,"_kad_post_classname":""},"product_brand":[],"product_cat":[557,568,569],"product_tag":[],"class_list":{"0":"post-79894","1":"product","2":"type-product","3":"status-publish","4":"has-post-thumbnail","6":"product_cat-ev-yasam","7":"product_cat-hobi","8":"product_cat-hobi-malzemeleri","10":"first","11":"instock","12":"shipping-taxable","13":"purchasable","14":"product-type-simple","15":"entry","16":"content-bg","17":"loop-entry"},"_links":{"self":[{"href":"https:\/\/www.hediyepazar.com\/index.php?rest_route=\/wp\/v2\/product\/79894","targetHints":{"allow":["GET"]}}],"collection":[{"href":"https:\/\/www.hediyepazar.com\/index.php?rest_route=\/wp\/v2\/product"}],"about":[{"href":"https:\/\/www.hediyepazar.com\/index.php?rest_route=\/wp\/v2\/types\/product"}],"replies":[{"embeddable":true,"href":"https:\/\/www.hediyepazar.com\/index.php?rest_route=%2Fwp%2Fv2%2Fcomments&post=79894"}],"wp:featuredmedia":[{"embeddable":true,"href":"https:\/\/www.hediyepazar.com\/index.php?rest_route=\/wp\/v2\/media\/79893"}],"wp:attachment":[{"href":"https:\/\/www.hediyepazar.com\/index.php?rest_route=%2Fwp%2Fv2%2Fmedia&parent=79894"}],"wp:term":[{"taxonomy":"product_brand","embeddable":true,"href":"https:\/\/www.hediyepazar.com\/index.php?rest_route=%2Fwp%2Fv2%2Fproduct_brand&post=79894"},{"taxonomy":"product_cat","embeddable":true,"href":"https:\/\/www.hediyepazar.com\/index.php?rest_route=%2Fwp%2Fv2%2Fproduct_cat&post=79894"},{"taxonomy":"product_tag","embeddable":true,"href":"https:\/\/www.hediyepazar.com\/index.php?rest_route=%2Fwp%2Fv2%2Fproduct_tag&post=79894"}],"curies":[{"name":"wp","href":"https:\/\/api.w.org\/{rel}","templated":true}]}}