{"id":79948,"date":"2026-04-30T02:28:28","date_gmt":"2026-04-30T05:28:28","guid":{"rendered":"https:\/\/www.hediyepazar.com\/?product=geri-akis-backflow-selale-seramik-tutsuluk-5-adet-tutsu-hediye"},"modified":"2026-04-30T02:28:28","modified_gmt":"2026-04-30T05:28:28","slug":"geri-akis-backflow-selale-seramik-tutsuluk-5-adet-tutsu-hediye","status":"publish","type":"product","link":"https:\/\/www.hediyepazar.com\/?product=geri-akis-backflow-selale-seramik-tutsuluk-5-adet-tutsu-hediye","title":{"rendered":"Geri Ak\u0131\u015f Backflow \u015eelale Seramik T\u00fcts\u00fcl\u00fck 5 Adet T\u00fcts\u00fc Hediye"},"content":{"rendered":"<table style=\"border-collapse:collapse; width:196pt; border:none\" width=\"261\">\n<colgroup>\n<col style=\"width:196pt\" width=\"261\" \/>\n\t<\/colgroup>\n<tbody>\n<tr height=\"20\" style=\"height:15.0pt\">\n<td height=\"20\" style=\"border:none; height:15.0pt; width:196pt; padding-top:1px; padding-right:1px; padding-left:1px; vertical-align:bottom; white-space:nowrap\" width=\"261\"><span style=\"font-size:11pt\"><span style=\"color:black\"><span style=\"font-weight:400\"><span style=\"font-style:normal\"><span style=\"text-decoration:none\"><span style=\"font-family:Calibri,sans-serif\">Geri Ak\u0131\u015f Backflow \u015eelale Seramik T&uuml;ts&uuml;l&uuml;k 5 Adet T&uuml;ts&uuml; Hediye<br \/>\n\t\t\t\u015eelale t&uuml;ts&uuml;l&uuml;k sa\u011fl\u0131kl\u0131 seramik malzemeden &uuml;retilmi\u015ftir.<br \/>\n\t\t\tAl\u0131\u015f\u0131lm\u0131\u015f t&uuml;ts&uuml;lerden farkl\u0131 olarak, &ouml;zel t&uuml;ts&uuml; konileri yak\u0131ld\u0131\u011f\u0131nda<br \/>\n\t\t\tDuman\u0131 a\u015fa\u011f\u0131 do\u011fru akarak g&ouml;rsel bir \u015f&ouml;len olu\u015fturur.<br \/>\n\t\t\t\u015eelale \u015feklinde akan duman\u0131 seyretmekten kendinizi alamayacaks\u0131n\u0131z.<br \/>\n\t\t\t&Ouml;zg&uuml;n tasar\u0131m\u0131 ile ilgi &ccedil;eken bir aksesuar dekor olarak kullanabileceksiniz.<br \/>\n\t\t\t5 adet \u015felale t&uuml;ts&uuml; hediye.<br \/>\n\t\t\tSeramik &Uuml;r&uuml;n &Ouml;zellikleri : S\u0131r ile kaplanm\u0131\u015f , birinci kalite do\u011fal, f\u0131r\u0131nlanm\u0131\u015f seramikten yap\u0131lm\u0131\u015ft\u0131r.<br \/>\n\t\t\tAl&ccedil;\u0131 veya tozlardan yap\u0131lan &uuml;r&uuml;nlerden de\u011fildir.<br \/>\n\t\t\t\u0130ster \u0131slak bir bezle silebilir, isterseniz bula\u015f\u0131k makinenizde y\u0131kayabilirsiniz.<br \/>\n\t\t\tT&uuml;ts&uuml; konilerinin &Ouml;zellikleri: Tamamen organiktir.<br \/>\n\t\t\tAromalar\u0131nda, kar\u0131\u015f\u0131k olarak g&ouml;nderim yap\u0131lacakt\u0131r.<br \/>\n\t\t\tT&uuml;ts&uuml; konileri 15-20 dakika yanarak koku vermektedir.<br \/>\n\t\t\tT&uuml;ts&uuml; konileriniz bitti\u011finde uygun fiyata ma\u011fazam\u0131zdan yedek t&uuml;ts&uuml; sat\u0131n alabilirsiniz.<br \/>\n\t\t\tT&uuml;ts&uuml; yak\u0131ld\u0131\u011f\u0131nda &ccedil;ocuklar\u0131n eri\u015femeyece\u011fi bir yerde olmas\u0131na dikkat ediniz.<br \/>\n\t\t\tPaket i&ccedil;eri\u011fi;<br \/>\n\t\t\t1 Adet Seramik Geri Ak\u0131\u015f T&uuml;ts&uuml;l&uuml;k<br \/>\n\t\t\t1 Adet Opium &Ccedil;i&ccedil;e\u011fi Kokulu T&uuml;ts&uuml;<br \/>\n\t\t\t1 Adet G&uuml;l Kokulu T&uuml;ts&uuml;<br \/>\n\t\t\t1 Adet Musk Kokulu T&uuml;ts&uuml;<br \/>\n\t\t\t1 Adet Lotus &Ccedil;i&ccedil;e\u011fi Kokulu T&uuml;ts&uuml;<br \/>\n\t\t\t1 Adet Vanilya Kokulu T&uuml;ts&uuml;<\/span><\/span><\/span><\/span><\/span><\/span><\/td>\n<\/tr>\n<\/tbody>\n<\/table>\n","protected":false},"excerpt":{"rendered":"<p>Geri Ak\u0131\u015f Backflow \u015eelale Seramik T\u00fcts\u00fcl\u00fck 5 Adet T\u00fcts\u00fc Hediye<\/p>\n","protected":false},"featured_media":79947,"comment_status":"open","ping_status":"closed","template":"","meta":{"_kad_post_transparent":"","_kad_post_title":"","_kad_post_layout":"","_kad_post_sidebar_id":"","_kad_post_content_style":"","_kad_post_vertical_padding":"","_kad_post_feature":"","_kad_post_feature_position":"","_kad_post_header":false,"_kad_post_footer":false,"_kad_post_classname":""},"product_brand":[],"product_cat":[557,621,652],"product_tag":[],"class_list":{"0":"post-79948","1":"product","2":"type-product","3":"status-publish","4":"has-post-thumbnail","6":"product_cat-ev-yasam","7":"product_cat-ev-dekorasyon","8":"product_cat-tutsu-ve-buhurdanlik","10":"first","11":"instock","12":"shipping-taxable","13":"purchasable","14":"product-type-simple","15":"entry","16":"content-bg","17":"loop-entry"},"_links":{"self":[{"href":"https:\/\/www.hediyepazar.com\/index.php?rest_route=\/wp\/v2\/product\/79948","targetHints":{"allow":["GET"]}}],"collection":[{"href":"https:\/\/www.hediyepazar.com\/index.php?rest_route=\/wp\/v2\/product"}],"about":[{"href":"https:\/\/www.hediyepazar.com\/index.php?rest_route=\/wp\/v2\/types\/product"}],"replies":[{"embeddable":true,"href":"https:\/\/www.hediyepazar.com\/index.php?rest_route=%2Fwp%2Fv2%2Fcomments&post=79948"}],"wp:featuredmedia":[{"embeddable":true,"href":"https:\/\/www.hediyepazar.com\/index.php?rest_route=\/wp\/v2\/media\/79947"}],"wp:attachment":[{"href":"https:\/\/www.hediyepazar.com\/index.php?rest_route=%2Fwp%2Fv2%2Fmedia&parent=79948"}],"wp:term":[{"taxonomy":"product_brand","embeddable":true,"href":"https:\/\/www.hediyepazar.com\/index.php?rest_route=%2Fwp%2Fv2%2Fproduct_brand&post=79948"},{"taxonomy":"product_cat","embeddable":true,"href":"https:\/\/www.hediyepazar.com\/index.php?rest_route=%2Fwp%2Fv2%2Fproduct_cat&post=79948"},{"taxonomy":"product_tag","embeddable":true,"href":"https:\/\/www.hediyepazar.com\/index.php?rest_route=%2Fwp%2Fv2%2Fproduct_tag&post=79948"}],"curies":[{"name":"wp","href":"https:\/\/api.w.org\/{rel}","templated":true}]}}