{"id":79976,"date":"2026-04-30T02:30:58","date_gmt":"2026-04-30T05:30:58","guid":{"rendered":"https:\/\/www.hediyepazar.com\/?product=kelebek-tasarimli-tek-fircali-girgir-asorti-17x7x4-cm"},"modified":"2026-04-30T02:30:58","modified_gmt":"2026-04-30T05:30:58","slug":"kelebek-tasarimli-tek-fircali-girgir-asorti-17x7x4-cm","status":"publish","type":"product","link":"https:\/\/www.hediyepazar.com\/?product=kelebek-tasarimli-tek-fircali-girgir-asorti-17x7x4-cm","title":{"rendered":"Kelebek Tasar\u0131ml\u0131 Tek F\u0131r\u00e7al\u0131 G\u0131rg\u0131r Asorti 17x7x4 cm"},"content":{"rendered":"<p>Kelebek Tasar\u0131ml\u0131 Tek F\u0131r&ccedil;al\u0131 G\u0131rg\u0131r Asorti 17x7x4 cm<\/p>\n<table style=\"border-collapse:collapse; width:178pt; border:none\" width=\"237\">\n<tbody>\n<tr height=\"25\" style=\"height:18.75pt\">\n<td height=\"25\" style=\"border:none; height:18.75pt; width:178pt; padding-top:1px; padding-right:1px; padding-left:1px; vertical-align:bottom; white-space:nowrap\" width=\"237\">&nbsp;<\/td>\n<\/tr>\n<tr>\n<td height=\"25\" style=\"border:none; height:18.75pt; width:65pt; padding-top:1px; padding-right:1px; padding-left:1px; vertical-align:bottom; white-space:nowrap\" width=\"86\"><span style=\"font-size:11pt\"><span style=\"color:black\"><span style=\"font-weight:400\"><span style=\"font-style:normal\"><span style=\"text-decoration:none\"><span style=\"font-family:Calibri,sans-serif\">&Ccedil;&ouml;p, toz, k\u0131r\u0131nt\u0131 vb. at\u0131klar\u0131n s&uuml;p&uuml;r&uuml;l&uuml;p toplanmas\u0131nda kullan\u0131l\u0131r.<br \/>\n\t\t\tG\u0131rg\u0131r i&ccedil;inde bulunan f\u0131r&ccedil;as\u0131, hal\u0131daki k\u0131l t&uuml;y toplamakta yard\u0131mc\u0131 olurken, i&ccedil;indeki hazneside hal\u0131daki k\u0131r\u0131nt\u0131lar\u0131 toplay\u0131p biriktirir<br \/>\n\t\t\tK\u0131r\u0131lmalara ve &ccedil;arpmalara dayan\u0131kl\u0131d\u0131r.<br \/>\n\t\t\tDayan\u0131kl\u0131 yap\u0131s\u0131yla uzun &ouml;m&uuml;rl&uuml; kullan\u0131m sa\u011flar.<br \/>\n\t\t\tStoktaki &uuml;r&uuml;n rengine g&ouml;re g&ouml;nderim yap\u0131l\u0131r.<\/span><\/span><\/span><\/span><\/span><\/span><\/td>\n<\/tr>\n<\/tbody>\n<\/table>\n","protected":false},"excerpt":{"rendered":"<p>Kelebek Tasar\u0131ml\u0131 Tek F\u0131r\u00e7al\u0131 G\u0131rg\u0131r Asorti<\/p>\n","protected":false},"featured_media":79975,"comment_status":"open","ping_status":"closed","template":"","meta":{"_kad_post_transparent":"","_kad_post_title":"","_kad_post_layout":"","_kad_post_sidebar_id":"","_kad_post_content_style":"","_kad_post_vertical_padding":"","_kad_post_feature":"","_kad_post_feature_position":"","_kad_post_header":false,"_kad_post_footer":false,"_kad_post_classname":""},"product_brand":[],"product_cat":[557,603,654],"product_tag":[],"class_list":{"0":"post-79976","1":"product","2":"type-product","3":"status-publish","4":"has-post-thumbnail","6":"product_cat-ev-yasam","7":"product_cat-ev-gerecleri","8":"product_cat-plastik-ev-gerecleri","10":"first","11":"instock","12":"shipping-taxable","13":"purchasable","14":"product-type-simple","15":"entry","16":"content-bg","17":"loop-entry"},"_links":{"self":[{"href":"https:\/\/www.hediyepazar.com\/index.php?rest_route=\/wp\/v2\/product\/79976","targetHints":{"allow":["GET"]}}],"collection":[{"href":"https:\/\/www.hediyepazar.com\/index.php?rest_route=\/wp\/v2\/product"}],"about":[{"href":"https:\/\/www.hediyepazar.com\/index.php?rest_route=\/wp\/v2\/types\/product"}],"replies":[{"embeddable":true,"href":"https:\/\/www.hediyepazar.com\/index.php?rest_route=%2Fwp%2Fv2%2Fcomments&post=79976"}],"wp:featuredmedia":[{"embeddable":true,"href":"https:\/\/www.hediyepazar.com\/index.php?rest_route=\/wp\/v2\/media\/79975"}],"wp:attachment":[{"href":"https:\/\/www.hediyepazar.com\/index.php?rest_route=%2Fwp%2Fv2%2Fmedia&parent=79976"}],"wp:term":[{"taxonomy":"product_brand","embeddable":true,"href":"https:\/\/www.hediyepazar.com\/index.php?rest_route=%2Fwp%2Fv2%2Fproduct_brand&post=79976"},{"taxonomy":"product_cat","embeddable":true,"href":"https:\/\/www.hediyepazar.com\/index.php?rest_route=%2Fwp%2Fv2%2Fproduct_cat&post=79976"},{"taxonomy":"product_tag","embeddable":true,"href":"https:\/\/www.hediyepazar.com\/index.php?rest_route=%2Fwp%2Fv2%2Fproduct_tag&post=79976"}],"curies":[{"name":"wp","href":"https:\/\/api.w.org\/{rel}","templated":true}]}}