{"id":80120,"date":"2026-04-30T02:38:40","date_gmt":"2026-04-30T05:38:40","guid":{"rendered":"https:\/\/www.hediyepazar.com\/?product=el-orgusu-kislik-sik-kadin-yun-patik-d8"},"modified":"2026-04-30T02:38:40","modified_gmt":"2026-04-30T05:38:40","slug":"el-orgusu-kislik-sik-kadin-yun-patik-d8","status":"publish","type":"product","link":"https:\/\/www.hediyepazar.com\/?product=el-orgusu-kislik-sik-kadin-yun-patik-d8","title":{"rendered":"El \u00d6rg\u00fcs\u00fc K\u0131\u015fl\u0131k \u015e\u0131k Kad\u0131n Y\u00fcn Patik D8"},"content":{"rendered":"<table style=\"border-collapse:collapse; width:295pt; border:none\" width=\"393\">\n<colgroup>\n<col style=\"width:295pt\" width=\"393\" \/>\n\t<\/colgroup>\n<tbody>\n<tr height=\"20\" style=\"height:15.0pt\">\n<td height=\"20\" style=\"border:none; height:15.0pt; width:295pt; padding-top:1px; padding-right:1px; padding-left:1px; vertical-align:bottom; white-space:nowrap\" width=\"393\"><span style=\"font-size:11pt\"><span style=\"color:black\"><span style=\"font-weight:400\"><span style=\"font-style:normal\"><span style=\"text-decoration:none\"><span style=\"font-family:Calibri,sans-serif\">K\u0131\u015fl\u0131k \u015e\u0131k Kad\u0131n Y&uuml;n Patik<br \/>\n\t\t\tK\u0131\u015f aylar\u0131nda ayak &uuml;\u015f&uuml;mesi ya\u015fayanlar i&ccedil;in %100 y&uuml;nden el &ouml;rmesi olarak &uuml;retilmi\u015ftir.<br \/>\n\t\t\tOtantik g&ouml;r&uuml;nt&uuml;s&uuml; sayesinde nostalji hissini ya\u015fatmas\u0131n\u0131n yan\u0131 s\u0131ra olduk&ccedil;a \u015f\u0131k ve dikkat &ccedil;ekicidir.<br \/>\n\t\t\tMisafirlikte &ccedil;orap &uuml;zerine giyilerek veya ev i&ccedil;erisinde tek ba\u015f\u0131na giyilerek kullan\u0131l\u0131r.<br \/>\n\t\t\tDokusu yumu\u015fakt\u0131r ve ayaklar\u0131n\u0131z\u0131 a\u011fr\u0131tmaz.<br \/>\n\t\t\tOlduk&ccedil;a \u015f\u0131k bir g&ouml;r&uuml;nt&uuml; sunan bu patikler k\u0131\u015f aylar\u0131nda ayaklar\u0131n\u0131z s\u0131cac\u0131k tutacakt\u0131r.<br \/>\n\t\t\t30 derecede elde veya makinede y\u0131kanabilir.<br \/>\n\t\t\tPaket \u0130&ccedil;eri\u011fi: 1 &Ccedil;ift Patik<br \/>\n\t\t\tRenk : G&ouml;r&uuml;nen<\/span><\/span><\/span><\/span><\/span><\/span><\/td>\n<\/tr>\n<\/tbody>\n<\/table>\n","protected":false},"excerpt":{"rendered":"<p>El \u00d6rg\u00fcs\u00fc K\u0131\u015fl\u0131k \u015e\u0131k Kad\u0131n Y\u00fcn Patik D8<\/p>\n","protected":false},"featured_media":80119,"comment_status":"open","ping_status":"closed","template":"","meta":{"_kad_post_transparent":"","_kad_post_title":"","_kad_post_layout":"","_kad_post_sidebar_id":"","_kad_post_content_style":"","_kad_post_vertical_padding":"","_kad_post_feature":"","_kad_post_feature_position":"","_kad_post_header":false,"_kad_post_footer":false,"_kad_post_classname":""},"product_brand":[],"product_cat":[660,537,661],"product_tag":[],"class_list":{"0":"post-80120","1":"product","2":"type-product","3":"status-publish","4":"has-post-thumbnail","6":"product_cat-ayakkabi-canta-2","7":"product_cat-kadin","8":"product_cat-kadin-ayakkabi","10":"first","11":"instock","12":"shipping-taxable","13":"purchasable","14":"product-type-simple","15":"entry","16":"content-bg","17":"loop-entry"},"_links":{"self":[{"href":"https:\/\/www.hediyepazar.com\/index.php?rest_route=\/wp\/v2\/product\/80120","targetHints":{"allow":["GET"]}}],"collection":[{"href":"https:\/\/www.hediyepazar.com\/index.php?rest_route=\/wp\/v2\/product"}],"about":[{"href":"https:\/\/www.hediyepazar.com\/index.php?rest_route=\/wp\/v2\/types\/product"}],"replies":[{"embeddable":true,"href":"https:\/\/www.hediyepazar.com\/index.php?rest_route=%2Fwp%2Fv2%2Fcomments&post=80120"}],"wp:featuredmedia":[{"embeddable":true,"href":"https:\/\/www.hediyepazar.com\/index.php?rest_route=\/wp\/v2\/media\/80119"}],"wp:attachment":[{"href":"https:\/\/www.hediyepazar.com\/index.php?rest_route=%2Fwp%2Fv2%2Fmedia&parent=80120"}],"wp:term":[{"taxonomy":"product_brand","embeddable":true,"href":"https:\/\/www.hediyepazar.com\/index.php?rest_route=%2Fwp%2Fv2%2Fproduct_brand&post=80120"},{"taxonomy":"product_cat","embeddable":true,"href":"https:\/\/www.hediyepazar.com\/index.php?rest_route=%2Fwp%2Fv2%2Fproduct_cat&post=80120"},{"taxonomy":"product_tag","embeddable":true,"href":"https:\/\/www.hediyepazar.com\/index.php?rest_route=%2Fwp%2Fv2%2Fproduct_tag&post=80120"}],"curies":[{"name":"wp","href":"https:\/\/api.w.org\/{rel}","templated":true}]}}