{"id":80204,"date":"2026-04-30T02:43:47","date_gmt":"2026-04-30T05:43:47","guid":{"rendered":"https:\/\/www.hediyepazar.com\/?product=sultan-kis-cayi-winter-tea-22-li-karisim"},"modified":"2026-04-30T02:43:47","modified_gmt":"2026-04-30T05:43:47","slug":"sultan-kis-cayi-winter-tea-22-li-karisim","status":"publish","type":"product","link":"https:\/\/www.hediyepazar.com\/?product=sultan-kis-cayi-winter-tea-22-li-karisim","title":{"rendered":"Sultan K\u0131\u015f \u00c7ay\u0131 Winter Tea 22 li Kar\u0131\u015f\u0131m"},"content":{"rendered":"<p>Sultan K\u0131\u015f &Ccedil;ay\u0131 Winter Tea 23 l&uuml; Kar\u0131\u015f\u0131m<\/p>\n<p>\u0130&ccedil;indekiler<\/p>\n<p>Ada&ccedil;ay\u0131<br \/>\nMentoll&uuml; nane<br \/>\nBo\u011fumlu ada&ccedil;ay\u0131<br \/>\nSar\u0131 papatya<br \/>\nIhlamur<br \/>\nOkaliptus<br \/>\nMersin<br \/>\nTomurcu Hatmi<br \/>\nHatmi &Ccedil;i&ccedil;ek<br \/>\nHibiscus<br \/>\nKu\u015fburnu<br \/>\n&Ccedil;uha &Ccedil;i&ccedil;e\u011fi<br \/>\nEbeg&uuml;meci<br \/>\nPortakal kabu\u011fu<br \/>\nAlt\u0131n otu<br \/>\nBeyaz papatya<br \/>\nAyva yapra\u011f\u0131<br \/>\nEkinezya &ccedil;i&ccedil;ek<br \/>\nZeytin yapra\u011f\u0131<br \/>\nHarnup<br \/>\nElma<br \/>\nNar kabu\u011fu<\/p>\n","protected":false},"excerpt":{"rendered":"<p>Sultan K\u0131\u015f \u00c7ay\u0131 Winter Tea 22 li Kar\u0131\u015f\u0131m<\/p>\n","protected":false},"featured_media":80203,"comment_status":"open","ping_status":"closed","template":"","meta":{"_kad_post_transparent":"","_kad_post_title":"","_kad_post_layout":"","_kad_post_sidebar_id":"","_kad_post_content_style":"","_kad_post_vertical_padding":"","_kad_post_feature":"","_kad_post_feature_position":"","_kad_post_header":false,"_kad_post_footer":false,"_kad_post_classname":""},"product_brand":[],"product_cat":[627,625],"product_tag":[],"class_list":{"0":"post-80204","1":"product","2":"type-product","3":"status-publish","4":"has-post-thumbnail","6":"product_cat-bitki-cayi","7":"product_cat-bitkisel-organik","9":"first","10":"instock","11":"shipping-taxable","12":"purchasable","13":"product-type-simple","14":"entry","15":"content-bg","16":"loop-entry"},"_links":{"self":[{"href":"https:\/\/www.hediyepazar.com\/index.php?rest_route=\/wp\/v2\/product\/80204","targetHints":{"allow":["GET"]}}],"collection":[{"href":"https:\/\/www.hediyepazar.com\/index.php?rest_route=\/wp\/v2\/product"}],"about":[{"href":"https:\/\/www.hediyepazar.com\/index.php?rest_route=\/wp\/v2\/types\/product"}],"replies":[{"embeddable":true,"href":"https:\/\/www.hediyepazar.com\/index.php?rest_route=%2Fwp%2Fv2%2Fcomments&post=80204"}],"wp:featuredmedia":[{"embeddable":true,"href":"https:\/\/www.hediyepazar.com\/index.php?rest_route=\/wp\/v2\/media\/80203"}],"wp:attachment":[{"href":"https:\/\/www.hediyepazar.com\/index.php?rest_route=%2Fwp%2Fv2%2Fmedia&parent=80204"}],"wp:term":[{"taxonomy":"product_brand","embeddable":true,"href":"https:\/\/www.hediyepazar.com\/index.php?rest_route=%2Fwp%2Fv2%2Fproduct_brand&post=80204"},{"taxonomy":"product_cat","embeddable":true,"href":"https:\/\/www.hediyepazar.com\/index.php?rest_route=%2Fwp%2Fv2%2Fproduct_cat&post=80204"},{"taxonomy":"product_tag","embeddable":true,"href":"https:\/\/www.hediyepazar.com\/index.php?rest_route=%2Fwp%2Fv2%2Fproduct_tag&post=80204"}],"curies":[{"name":"wp","href":"https:\/\/api.w.org\/{rel}","templated":true}]}}