{"id":80516,"date":"2026-04-30T03:03:00","date_gmt":"2026-04-30T06:03:00","guid":{"rendered":"https:\/\/www.hediyepazar.com\/?product=3-paket-20-cubuklu-tutsu-musk-clove-strawberry-kayik-hediyeli"},"modified":"2026-04-30T03:03:00","modified_gmt":"2026-04-30T06:03:00","slug":"3-paket-20-cubuklu-tutsu-musk-clove-strawberry-kayik-hediyeli","status":"publish","type":"product","link":"https:\/\/www.hediyepazar.com\/?product=3-paket-20-cubuklu-tutsu-musk-clove-strawberry-kayik-hediyeli","title":{"rendered":"3 Paket 20 \u00c7ubuklu T\u00fcts\u00fc Musk &#8211; Clove &#8211; Strawberry &#8211; Kay\u0131k Hediyeli"},"content":{"rendered":"<table style=\"border-collapse:collapse; width:196pt; border:none\" width=\"261\">\n<colgroup>\n<col style=\"width:196pt\" width=\"261\" \/>\n\t<\/colgroup>\n<tbody>\n<tr height=\"20\" style=\"height:15.0pt\">\n<td height=\"20\" style=\"border:none; height:15.0pt; width:196pt; padding-top:1px; padding-right:1px; padding-left:1px; vertical-align:bottom; white-space:nowrap\" width=\"261\"><span style=\"font-size:11pt\"><span style=\"color:black\"><span style=\"font-weight:400\"><span style=\"font-style:normal\"><span style=\"text-decoration:none\"><span style=\"font-family:Calibri,sans-serif\">3 Paket 20 &Ccedil;ubuklu T&uuml;ts&uuml; Musk &#8211; Clove &#8211; Strawberry &#8211; Kay\u0131k Hediyeli<br \/>\n\t\t\tT&uuml;ts&uuml; Re&ccedil;inesi Sayesinde Yak\u0131ld\u0131\u011f\u0131 Zaman Bulundu Ortama Ferahl\u0131k Sa\u011flar<br \/>\n\t\t\tK&ouml;t&uuml; Enerjiyi Yok Eder<br \/>\n\t\t\tK&uuml;lt&uuml;r&uuml;m&uuml;zde &Ccedil;ok Eski Yere Sahip Olan T&uuml;ts&uuml;ler Zamanla Yayg\u0131nla\u015farak<br \/>\n\t\t\tKullan\u0131m Alan\u0131n\u0131 Her Ge&ccedil;en G&uuml;n Geni\u015flemi\u015ftir<br \/>\n\t\t\tT&uuml;ts&uuml;ledi\u011fi Ortamda \u0130&ccedil;erisindeki Muhteviyat\u0131 Sayesinde &Ouml;zelli\u011fine G&ouml;re<br \/>\n\t\t\tOrtam\u0131 Kokutup Unutulmaz Bir Hava Esintisi Sa\u011flar<br \/>\n\t\t\tBir T&uuml;ts&uuml; &Ccedil;ubu\u011funun Yanma S&uuml;resi Ortalama 40 dakikad\u0131r.<br \/>\n\t\t\tBir Pakette 20 T&uuml;ts&uuml; &Ccedil;ubu\u011fu Bulunmaktad\u0131r.<br \/>\n\t\t\tPaket i&ccedil;eri\u011fi: 3 Paket 20 &Ccedil;ubuklu T&uuml;ts&uuml; Musk &#8211; Clove &#8211; Strawberry<\/span><\/span><\/span><\/span><\/span><\/span><\/td>\n<\/tr>\n<\/tbody>\n<\/table>\n","protected":false},"excerpt":{"rendered":"<p>3 Paket 20 \u00c7ubuklu T\u00fcts\u00fc Musk &#8211; Clove &#8211; Strawberry &#8211; Kay\u0131k Hediyeli<\/p>\n","protected":false},"featured_media":80515,"comment_status":"open","ping_status":"closed","template":"","meta":{"_kad_post_transparent":"","_kad_post_title":"","_kad_post_layout":"","_kad_post_sidebar_id":"","_kad_post_content_style":"","_kad_post_vertical_padding":"","_kad_post_feature":"","_kad_post_feature_position":"","_kad_post_header":false,"_kad_post_footer":false,"_kad_post_classname":""},"product_brand":[],"product_cat":[557,621,652],"product_tag":[],"class_list":{"0":"post-80516","1":"product","2":"type-product","3":"status-publish","4":"has-post-thumbnail","6":"product_cat-ev-yasam","7":"product_cat-ev-dekorasyon","8":"product_cat-tutsu-ve-buhurdanlik","10":"first","11":"instock","12":"shipping-taxable","13":"purchasable","14":"product-type-simple","15":"entry","16":"content-bg","17":"loop-entry"},"_links":{"self":[{"href":"https:\/\/www.hediyepazar.com\/index.php?rest_route=\/wp\/v2\/product\/80516","targetHints":{"allow":["GET"]}}],"collection":[{"href":"https:\/\/www.hediyepazar.com\/index.php?rest_route=\/wp\/v2\/product"}],"about":[{"href":"https:\/\/www.hediyepazar.com\/index.php?rest_route=\/wp\/v2\/types\/product"}],"replies":[{"embeddable":true,"href":"https:\/\/www.hediyepazar.com\/index.php?rest_route=%2Fwp%2Fv2%2Fcomments&post=80516"}],"wp:featuredmedia":[{"embeddable":true,"href":"https:\/\/www.hediyepazar.com\/index.php?rest_route=\/wp\/v2\/media\/80515"}],"wp:attachment":[{"href":"https:\/\/www.hediyepazar.com\/index.php?rest_route=%2Fwp%2Fv2%2Fmedia&parent=80516"}],"wp:term":[{"taxonomy":"product_brand","embeddable":true,"href":"https:\/\/www.hediyepazar.com\/index.php?rest_route=%2Fwp%2Fv2%2Fproduct_brand&post=80516"},{"taxonomy":"product_cat","embeddable":true,"href":"https:\/\/www.hediyepazar.com\/index.php?rest_route=%2Fwp%2Fv2%2Fproduct_cat&post=80516"},{"taxonomy":"product_tag","embeddable":true,"href":"https:\/\/www.hediyepazar.com\/index.php?rest_route=%2Fwp%2Fv2%2Fproduct_tag&post=80516"}],"curies":[{"name":"wp","href":"https:\/\/api.w.org\/{rel}","templated":true}]}}