{"id":80644,"date":"2026-04-30T03:14:01","date_gmt":"2026-04-30T06:14:01","guid":{"rendered":"https:\/\/www.hediyepazar.com\/?product=mavi-toz-acici-oryal-500-gr-profesyonel-sac-bakim"},"modified":"2026-04-30T03:14:01","modified_gmt":"2026-04-30T06:14:01","slug":"mavi-toz-acici-oryal-500-gr-profesyonel-sac-bakim","status":"publish","type":"product","link":"https:\/\/www.hediyepazar.com\/?product=mavi-toz-acici-oryal-500-gr-profesyonel-sac-bakim","title":{"rendered":"Mavi Toz A\u00e7\u0131c\u0131 Oryal 500 Gr Profesyonel Sa\u00e7 Bak\u0131m"},"content":{"rendered":"<p>Mavi Toz A&ccedil;\u0131c\u0131 Oryal 500 Gr Profesyonel Sa&ccedil; Bak\u0131m&nbsp;<br \/>\nProfesyonel kuaf&ouml;rlerin tercihi toz a&ccedil;\u0131c\u0131 oryal&nbsp;<br \/>\nMetal olmayan bir kab\u0131n i&ccedil;erisine gerekli miktarda lilafix a&ccedil;\u0131c\u0131 koyunuz.<br \/>\nKoyu renk k\u0131vam al\u0131ncaya kadar lilafix oksidan krem ilave ediniz.&nbsp;<br \/>\n100 gr lilafix a&ccedil;\u0131c\u0131 i&ccedil;in 150 ml oksidan krem yeterlidir. Uygulama s&uuml;reci sa&ccedil;\u0131n durumuna g&ouml;re 40-45 dakikad\u0131r<br \/>\nKuaf&ouml;r sa&ccedil; bak\u0131m oryal a&ccedil;\u0131c\u0131 toz mavi<br \/>\nPaket i&ccedil;eri\u011fi 500 gr&nbsp;<br \/>\n&nbsp;<\/p>\n","protected":false},"excerpt":{"rendered":"<p>Mavi Toz A\u00e7\u0131c\u0131 Oryal 500 Gr Profesyonel Sa\u00e7 Bak\u0131m<\/p>\n","protected":false},"featured_media":80643,"comment_status":"open","ping_status":"closed","template":"","meta":{"_kad_post_transparent":"","_kad_post_title":"","_kad_post_layout":"","_kad_post_sidebar_id":"","_kad_post_content_style":"","_kad_post_vertical_padding":"","_kad_post_feature":"","_kad_post_feature_position":"","_kad_post_header":false,"_kad_post_footer":false,"_kad_post_classname":""},"product_brand":[],"product_cat":[664,452,586],"product_tag":[],"class_list":{"0":"post-80644","1":"product","2":"type-product","3":"status-publish","4":"has-post-thumbnail","6":"product_cat-boya-acici-oksidan","7":"product_cat-kozmetik","8":"product_cat-sac-bakimi","10":"first","11":"instock","12":"shipping-taxable","13":"purchasable","14":"product-type-simple","15":"entry","16":"content-bg","17":"loop-entry"},"_links":{"self":[{"href":"https:\/\/www.hediyepazar.com\/index.php?rest_route=\/wp\/v2\/product\/80644","targetHints":{"allow":["GET"]}}],"collection":[{"href":"https:\/\/www.hediyepazar.com\/index.php?rest_route=\/wp\/v2\/product"}],"about":[{"href":"https:\/\/www.hediyepazar.com\/index.php?rest_route=\/wp\/v2\/types\/product"}],"replies":[{"embeddable":true,"href":"https:\/\/www.hediyepazar.com\/index.php?rest_route=%2Fwp%2Fv2%2Fcomments&post=80644"}],"wp:featuredmedia":[{"embeddable":true,"href":"https:\/\/www.hediyepazar.com\/index.php?rest_route=\/wp\/v2\/media\/80643"}],"wp:attachment":[{"href":"https:\/\/www.hediyepazar.com\/index.php?rest_route=%2Fwp%2Fv2%2Fmedia&parent=80644"}],"wp:term":[{"taxonomy":"product_brand","embeddable":true,"href":"https:\/\/www.hediyepazar.com\/index.php?rest_route=%2Fwp%2Fv2%2Fproduct_brand&post=80644"},{"taxonomy":"product_cat","embeddable":true,"href":"https:\/\/www.hediyepazar.com\/index.php?rest_route=%2Fwp%2Fv2%2Fproduct_cat&post=80644"},{"taxonomy":"product_tag","embeddable":true,"href":"https:\/\/www.hediyepazar.com\/index.php?rest_route=%2Fwp%2Fv2%2Fproduct_tag&post=80644"}],"curies":[{"name":"wp","href":"https:\/\/api.w.org\/{rel}","templated":true}]}}