{"id":80722,"date":"2026-04-30T03:21:33","date_gmt":"2026-04-30T06:21:33","guid":{"rendered":"https:\/\/www.hediyepazar.com\/?product=hijyenik-ped-kutusu-duzenleyici"},"modified":"2026-04-30T03:21:33","modified_gmt":"2026-04-30T06:21:33","slug":"hijyenik-ped-kutusu-duzenleyici","status":"publish","type":"product","link":"https:\/\/www.hediyepazar.com\/?product=hijyenik-ped-kutusu-duzenleyici","title":{"rendered":"Hijyenik Ped Kutusu D\u00fczenleyici"},"content":{"rendered":"<table style=\"border-collapse:collapse; width:65pt; border:none\" width=\"86\">\n<colgroup>\n<col style=\"width:65pt\" width=\"86\" \/>\n\t<\/colgroup>\n<tbody>\n<tr height=\"25\" style=\"height:18.75pt\">\n<td height=\"25\" style=\"border:none; height:18.75pt; width:65pt; padding-top:1px; padding-right:1px; padding-left:1px; vertical-align:bottom; white-space:nowrap\" width=\"86\"><span style=\"font-size:11pt\"><span style=\"color:black\"><span style=\"font-weight:400\"><span style=\"font-style:normal\"><span style=\"text-decoration:none\"><span style=\"font-family:Calibri,sans-serif\">Hijyenik Ped Kutusu D&uuml;zenleyici<br \/>\n\t\t\t&Uuml;r&uuml;n ebat\u0131: 10.5x9x3,1<br \/>\n\t\t\tHijyenik pedlerinizi &ccedil;antan\u0131zda temiz ve d&uuml;zenli bir \u015fekilde ta\u015f\u0131man\u0131z\u0131 sa\u011flar.<br \/>\n\t\t\tHemen hemen her &ccedil;antan\u0131za s\u0131\u011fabilecek boyutta oldu\u011fundan dolay\u0131 s&uuml;rekli yan\u0131n\u0131zda ta\u015f\u0131mak i&ccedil;in uygundur.<br \/>\n\t\t\tIki tarafl\u0131 a&ccedil;\u0131labilir kapa\u011f\u0131 sayesinde kolay bir kullan\u0131m sa\u011flamaktad\u0131r.<br \/>\n\t\t\tKaliteli sert plastikten &uuml;retilmi\u015ftir.<br \/>\n\t\t\t&Uuml;r&uuml;n rengi pembedir.<br \/>\n\t\t\tC&uuml;zdan b&uuml;y&uuml;kl&uuml;\u011f&uuml;ndeki ped kutular\u0131, her &ccedil;antaya kolayca s\u0131\u011fabilir ve pedleri kamufle ederek k&uuml;&ccedil;&uuml;k kazalar\u0131 &ouml;nler.<br \/>\n\t\t\t&Ccedil;ok \u015f\u0131k ped kutular\u0131 ile &ccedil;anta ya da cebinizde pedlerinizi organize ederek ta\u015f\u0131yabileceksiniz.<br \/>\n\t\t\t\u015e\u0131k g&ouml;r&uuml;n&uuml;m&uuml; ve kalitesi ile kendine hayran b\u0131rakan ped kutular\u0131, g&uuml;zel g&ouml;r&uuml;n&uuml;m&uuml; ile &ccedil;antan\u0131z\u0131n s&uuml;s&uuml; olacak.<br \/>\n\t\t\t&Uuml;r&uuml;n &ouml;zellikleri: Sert plastikten &uuml;retilmi\u015ftir.<br \/>\n\t\t\t&Ccedil;ok \u015f\u0131k ve farkl\u0131 bir tasar\u0131m<\/span><\/span><\/span><\/span><\/span><\/span><\/td>\n<\/tr>\n<\/tbody>\n<\/table>\n","protected":false},"excerpt":{"rendered":"<p>Hijyenik Ped Kutusu D\u00fczenleyici<\/p>\n","protected":false},"featured_media":80721,"comment_status":"open","ping_status":"closed","template":"","meta":{"_kad_post_transparent":"","_kad_post_title":"","_kad_post_layout":"","_kad_post_sidebar_id":"","_kad_post_content_style":"","_kad_post_vertical_padding":"","_kad_post_feature":"","_kad_post_feature_position":"","_kad_post_header":false,"_kad_post_footer":false,"_kad_post_classname":""},"product_brand":[],"product_cat":[668,667,452],"product_tag":[],"class_list":{"0":"post-80722","1":"product","2":"type-product","3":"status-publish","4":"has-post-thumbnail","6":"product_cat-hijyenik-ped","7":"product_cat-kadin-hijyen","8":"product_cat-kozmetik","10":"first","11":"instock","12":"shipping-taxable","13":"purchasable","14":"product-type-simple","15":"entry","16":"content-bg","17":"loop-entry"},"_links":{"self":[{"href":"https:\/\/www.hediyepazar.com\/index.php?rest_route=\/wp\/v2\/product\/80722","targetHints":{"allow":["GET"]}}],"collection":[{"href":"https:\/\/www.hediyepazar.com\/index.php?rest_route=\/wp\/v2\/product"}],"about":[{"href":"https:\/\/www.hediyepazar.com\/index.php?rest_route=\/wp\/v2\/types\/product"}],"replies":[{"embeddable":true,"href":"https:\/\/www.hediyepazar.com\/index.php?rest_route=%2Fwp%2Fv2%2Fcomments&post=80722"}],"wp:featuredmedia":[{"embeddable":true,"href":"https:\/\/www.hediyepazar.com\/index.php?rest_route=\/wp\/v2\/media\/80721"}],"wp:attachment":[{"href":"https:\/\/www.hediyepazar.com\/index.php?rest_route=%2Fwp%2Fv2%2Fmedia&parent=80722"}],"wp:term":[{"taxonomy":"product_brand","embeddable":true,"href":"https:\/\/www.hediyepazar.com\/index.php?rest_route=%2Fwp%2Fv2%2Fproduct_brand&post=80722"},{"taxonomy":"product_cat","embeddable":true,"href":"https:\/\/www.hediyepazar.com\/index.php?rest_route=%2Fwp%2Fv2%2Fproduct_cat&post=80722"},{"taxonomy":"product_tag","embeddable":true,"href":"https:\/\/www.hediyepazar.com\/index.php?rest_route=%2Fwp%2Fv2%2Fproduct_tag&post=80722"}],"curies":[{"name":"wp","href":"https:\/\/api.w.org\/{rel}","templated":true}]}}