{"id":81603,"date":"2026-04-30T04:17:25","date_gmt":"2026-04-30T07:17:25","guid":{"rendered":"https:\/\/www.hediyepazar.com\/?product=mercan-uzun-saksi-208x87x68-cm-no1-0-55-lt"},"modified":"2026-04-30T04:17:25","modified_gmt":"2026-04-30T07:17:25","slug":"mercan-uzun-saksi-208x87x68-cm-no1-0-55-lt","status":"publish","type":"product","link":"https:\/\/www.hediyepazar.com\/?product=mercan-uzun-saksi-208x87x68-cm-no1-0-55-lt","title":{"rendered":"Mercan Uzun Saks\u0131 20,8&#215;8,7&#215;6,8 cm No:1 0.55 Lt"},"content":{"rendered":"<table style=\"border-collapse:collapse; width:262pt; border:none\" width=\"349\">\n<colgroup>\n<col style=\"width:262pt\" width=\"349\" \/>\n\t<\/colgroup>\n<tbody>\n<tr height=\"20\" style=\"height:15.0pt\">\n<td height=\"20\" style=\"border:none; height:15.0pt; width:262pt; padding-top:1px; padding-right:1px; padding-left:1px; vertical-align:bottom; white-space:nowrap\" width=\"349\"><span style=\"font-size:11pt\"><span style=\"color:black\"><span style=\"font-weight:400\"><span style=\"font-style:normal\"><span style=\"text-decoration:none\"><span style=\"font-family:Calibri,sans-serif\">Mercan Uzun Saks\u0131 20,8&#215;8,7&#215;6,8 cm No:1 0.55 Lt<br \/>\n\t\t\tEn: 20.8 cm<br \/>\n\t\t\tBoy: 6.8 cm<br \/>\n\t\t\tY&uuml;kseklik: 8.7 cm<br \/>\n\t\t\tHacim: 0.55 Lt<br \/>\n\t\t\tKakt&uuml;s ve sukulentler i&ccedil;in idealdir.<br \/>\n\t\t\tDeniz mercanlar\u0131ndan ilham alarak yeniden yorumlad\u0131\u011f\u0131m\u0131z mercan serisi, Skulent, kakt&uuml;s ve &ccedil;i&ccedil;ekleriniz i&ccedil;in zarif bir saks\u0131 &uuml;r&uuml;n&uuml;d&uuml;r.<br \/>\n\t\t\t&Ouml;zel i&ccedil; taban\u0131 sayesinde bitkilerin kolay sulanmas\u0131n\u0131 sa\u011flar.<br \/>\n\t\t\tBirbirinden farkl\u0131 renk ve boy se&ccedil;enekleri ile ister evinizde ister ofisinizde farkl\u0131 kombinasyonlar yapabilirsiniz.<br \/>\n\t\t\t&Uuml;r&uuml;nlerimiz UV \u0131\u015f\u0131nlar\u0131na dayan\u0131kl\u0131 ve y&uuml;ksek kaliteli sa\u011flam plastik malzemeden &uuml;retilmi\u015ftir.<br \/>\n\t\t\tKolayca temizlenebilir. T&uuml;m &uuml;r&uuml;nlerimiz y&uuml;ksek &uuml;retim standartlar\u0131nda &uuml;retilmektedir.<br \/>\n\t\t\t&Ccedil;izgili dokusu ve birbirinden g&uuml;zel renkleriyle dekorasyonunuza farkl\u0131 bir hava katacak.<br \/>\n\t\t\tK\u0131r\u0131lmaya dayan\u0131kl\u0131 s\u0131cak ve so\u011fu\u011fa dayan\u0131kl\u0131d\u0131r.<br \/>\n\t\t\tHafiftir. \u0130&ccedil; ve d\u0131\u015f mekanda kullan\u0131ma uygundur.<br \/>\n\t\t\tSadece saks\u0131 g&ouml;nderilecektir, &ccedil;i&ccedil;ek dahil de\u011fildir.<\/span><\/span><\/span><\/span><\/span><\/span><\/td>\n<\/tr>\n<\/tbody>\n<\/table>\n","protected":false},"excerpt":{"rendered":"<p>Mercan Uzun Saks\u0131 20,8&#215;8,7&#215;6,8 cm No:1 0.55 Lt<\/p>\n","protected":false},"featured_media":81599,"comment_status":"open","ping_status":"closed","template":"","meta":{"_kad_post_transparent":"","_kad_post_title":"","_kad_post_layout":"","_kad_post_sidebar_id":"","_kad_post_content_style":"","_kad_post_vertical_padding":"","_kad_post_feature":"","_kad_post_feature_position":"","_kad_post_header":false,"_kad_post_footer":false,"_kad_post_classname":""},"product_brand":[],"product_cat":[638,678,557],"product_tag":[],"class_list":{"0":"post-81603","1":"product","2":"type-product","3":"status-publish","4":"has-post-thumbnail","6":"product_cat-bahce","7":"product_cat-cicek-bakimi-bitki-yetistirme","8":"product_cat-ev-yasam","10":"first","11":"instock","12":"shipping-taxable","13":"purchasable","14":"product-type-simple","15":"entry","16":"content-bg","17":"loop-entry"},"_links":{"self":[{"href":"https:\/\/www.hediyepazar.com\/index.php?rest_route=\/wp\/v2\/product\/81603","targetHints":{"allow":["GET"]}}],"collection":[{"href":"https:\/\/www.hediyepazar.com\/index.php?rest_route=\/wp\/v2\/product"}],"about":[{"href":"https:\/\/www.hediyepazar.com\/index.php?rest_route=\/wp\/v2\/types\/product"}],"replies":[{"embeddable":true,"href":"https:\/\/www.hediyepazar.com\/index.php?rest_route=%2Fwp%2Fv2%2Fcomments&post=81603"}],"wp:featuredmedia":[{"embeddable":true,"href":"https:\/\/www.hediyepazar.com\/index.php?rest_route=\/wp\/v2\/media\/81599"}],"wp:attachment":[{"href":"https:\/\/www.hediyepazar.com\/index.php?rest_route=%2Fwp%2Fv2%2Fmedia&parent=81603"}],"wp:term":[{"taxonomy":"product_brand","embeddable":true,"href":"https:\/\/www.hediyepazar.com\/index.php?rest_route=%2Fwp%2Fv2%2Fproduct_brand&post=81603"},{"taxonomy":"product_cat","embeddable":true,"href":"https:\/\/www.hediyepazar.com\/index.php?rest_route=%2Fwp%2Fv2%2Fproduct_cat&post=81603"},{"taxonomy":"product_tag","embeddable":true,"href":"https:\/\/www.hediyepazar.com\/index.php?rest_route=%2Fwp%2Fv2%2Fproduct_tag&post=81603"}],"curies":[{"name":"wp","href":"https:\/\/api.w.org\/{rel}","templated":true}]}}