{"id":81646,"date":"2026-04-30T04:22:36","date_gmt":"2026-04-30T07:22:36","guid":{"rendered":"https:\/\/www.hediyepazar.com\/?product=buyuk-boy-katlanabilir-plastik-tabure-katlanir-tabure-23x27x36-cm"},"modified":"2026-04-30T04:22:36","modified_gmt":"2026-04-30T07:22:36","slug":"buyuk-boy-katlanabilir-plastik-tabure-katlanir-tabure-23x27x36-cm","status":"publish","type":"product","link":"https:\/\/www.hediyepazar.com\/?product=buyuk-boy-katlanabilir-plastik-tabure-katlanir-tabure-23x27x36-cm","title":{"rendered":"B\u00fcy\u00fck Boy Katlanabilir Plastik Tabure &#8211; Katlan\u0131r Tabure 23x27x36 cm"},"content":{"rendered":"<table style=\"border-collapse:collapse; width:262pt; border:none\" width=\"349\">\n<colgroup>\n<col style=\"width:262pt\" width=\"349\" \/>\n\t<\/colgroup>\n<tbody>\n<tr height=\"20\" style=\"height:15.0pt\">\n<td height=\"20\" style=\"border:none; height:15.0pt; width:262pt; padding-top:1px; padding-right:1px; padding-left:1px; vertical-align:bottom; white-space:nowrap\" width=\"349\"><span style=\"font-size:11pt\"><span style=\"color:black\"><span style=\"font-weight:400\"><span style=\"font-style:normal\"><span style=\"text-decoration:none\"><span style=\"font-family:Calibri,sans-serif\">B&uuml;y&uuml;k Boy Katlanabilir Plastik Tabure &#8211; Katlan\u0131r Tabure 23x27x36 cm<br \/>\n\t\t\tKatlanabilir ve katland\u0131\u011f\u0131 zaman yer kaplamaz, ta\u015f\u0131nmas\u0131 kolayd\u0131r<br \/>\n\t\t\tmuhtevat\u0131nda insan sa\u011fl\u0131\u011f\u0131n\u0131 tehdit edici hi&ccedil; bir kimyasal madde i&ccedil;ermez<br \/>\n\t\t\tta\u015f\u0131ma kapasitesi &ccedil;ok y&uuml;ksektir pp homopolimer hammaddeden &uuml;retilmi\u015ftir<br \/>\n\t\t\t%100 yerli &uuml;retimdir<br \/>\n\t\t\t&uuml;r&uuml;n&uuml;n ebatlari: Oturak k\u0131sm\u0131 : 23 x 27 cm y&uuml;ksekli\u011fi : 36 cm<\/span><\/span><\/span><\/span><\/span><\/span><\/td>\n<\/tr>\n<\/tbody>\n<\/table>\n","protected":false},"excerpt":{"rendered":"<p>B\u00fcy\u00fck Boy Katlanabilir Plastik Tabure &#8211; Katlan\u0131r Tabure 23x27x36 cm<\/p>\n","protected":false},"featured_media":81644,"comment_status":"open","ping_status":"closed","template":"","meta":{"_kad_post_transparent":"","_kad_post_title":"","_kad_post_layout":"","_kad_post_sidebar_id":"","_kad_post_content_style":"","_kad_post_vertical_padding":"","_kad_post_feature":"","_kad_post_feature_position":"","_kad_post_header":false,"_kad_post_footer":false,"_kad_post_classname":""},"product_brand":[],"product_cat":[557,623,680],"product_tag":[],"class_list":{"0":"post-81646","1":"product","2":"type-product","3":"status-publish","4":"has-post-thumbnail","6":"product_cat-ev-yasam","7":"product_cat-mobilya","8":"product_cat-mutfak-banyo-mobilyasi","10":"first","11":"instock","12":"shipping-taxable","13":"purchasable","14":"product-type-simple","15":"entry","16":"content-bg","17":"loop-entry"},"_links":{"self":[{"href":"https:\/\/www.hediyepazar.com\/index.php?rest_route=\/wp\/v2\/product\/81646","targetHints":{"allow":["GET"]}}],"collection":[{"href":"https:\/\/www.hediyepazar.com\/index.php?rest_route=\/wp\/v2\/product"}],"about":[{"href":"https:\/\/www.hediyepazar.com\/index.php?rest_route=\/wp\/v2\/types\/product"}],"replies":[{"embeddable":true,"href":"https:\/\/www.hediyepazar.com\/index.php?rest_route=%2Fwp%2Fv2%2Fcomments&post=81646"}],"wp:featuredmedia":[{"embeddable":true,"href":"https:\/\/www.hediyepazar.com\/index.php?rest_route=\/wp\/v2\/media\/81644"}],"wp:attachment":[{"href":"https:\/\/www.hediyepazar.com\/index.php?rest_route=%2Fwp%2Fv2%2Fmedia&parent=81646"}],"wp:term":[{"taxonomy":"product_brand","embeddable":true,"href":"https:\/\/www.hediyepazar.com\/index.php?rest_route=%2Fwp%2Fv2%2Fproduct_brand&post=81646"},{"taxonomy":"product_cat","embeddable":true,"href":"https:\/\/www.hediyepazar.com\/index.php?rest_route=%2Fwp%2Fv2%2Fproduct_cat&post=81646"},{"taxonomy":"product_tag","embeddable":true,"href":"https:\/\/www.hediyepazar.com\/index.php?rest_route=%2Fwp%2Fv2%2Fproduct_tag&post=81646"}],"curies":[{"name":"wp","href":"https:\/\/api.w.org\/{rel}","templated":true}]}}