{"id":81666,"date":"2026-04-30T04:23:48","date_gmt":"2026-04-30T07:23:48","guid":{"rendered":"https:\/\/www.hediyepazar.com\/?product=ahsap-sapli-seramik-cay-nescafe-kupasi-siyah"},"modified":"2026-04-30T04:23:48","modified_gmt":"2026-04-30T07:23:48","slug":"ahsap-sapli-seramik-cay-nescafe-kupasi-siyah","status":"publish","type":"product","link":"https:\/\/www.hediyepazar.com\/?product=ahsap-sapli-seramik-cay-nescafe-kupasi-siyah","title":{"rendered":"Ah\u015fap Sapl\u0131 Seramik \u00c7ay Nescafe Kupas\u0131 Siyah"},"content":{"rendered":"<p>Ah\u015fap Sapl\u0131 Seramik &Ccedil;ay Nescafe Kupas\u0131 Siyah<br \/>\nSadelikten s\u0131k\u0131lan farkl\u0131 tarz kupalarla &ccedil;ay saati ve kahve saatlerini keyifli hale getiren ah\u015fap sapl\u0131 seramik kupalar<br \/>\neviniz ve mutfak dekorasyon g&ouml;r&uuml;nt&uuml;s&uuml; i&ccedil;in en iyi se&ccedil;enek olacakt\u0131r.<br \/>\nEv hediyesi se&ccedil;eneklerinde de\u011ferlendirebilirsiniz.<br \/>\nMateryal Seramik<\/p>\n","protected":false},"excerpt":{"rendered":"<p>Ah\u015fap Sapl\u0131 Seramik \u00c7ay Nescafe Kupas\u0131 Siyah<\/p>\n","protected":false},"featured_media":81665,"comment_status":"open","ping_status":"closed","template":"","meta":{"_kad_post_transparent":"","_kad_post_title":"","_kad_post_layout":"","_kad_post_sidebar_id":"","_kad_post_content_style":"","_kad_post_vertical_padding":"","_kad_post_feature":"","_kad_post_feature_position":"","_kad_post_header":false,"_kad_post_footer":false,"_kad_post_classname":""},"product_brand":[],"product_cat":[557,559,558],"product_tag":[],"class_list":{"0":"post-81666","1":"product","2":"type-product","3":"status-publish","4":"has-post-thumbnail","6":"product_cat-ev-yasam","7":"product_cat-sofra","8":"product_cat-sofra-mutfak-2","10":"first","11":"instock","12":"shipping-taxable","13":"purchasable","14":"product-type-simple","15":"entry","16":"content-bg","17":"loop-entry"},"_links":{"self":[{"href":"https:\/\/www.hediyepazar.com\/index.php?rest_route=\/wp\/v2\/product\/81666","targetHints":{"allow":["GET"]}}],"collection":[{"href":"https:\/\/www.hediyepazar.com\/index.php?rest_route=\/wp\/v2\/product"}],"about":[{"href":"https:\/\/www.hediyepazar.com\/index.php?rest_route=\/wp\/v2\/types\/product"}],"replies":[{"embeddable":true,"href":"https:\/\/www.hediyepazar.com\/index.php?rest_route=%2Fwp%2Fv2%2Fcomments&post=81666"}],"wp:featuredmedia":[{"embeddable":true,"href":"https:\/\/www.hediyepazar.com\/index.php?rest_route=\/wp\/v2\/media\/81665"}],"wp:attachment":[{"href":"https:\/\/www.hediyepazar.com\/index.php?rest_route=%2Fwp%2Fv2%2Fmedia&parent=81666"}],"wp:term":[{"taxonomy":"product_brand","embeddable":true,"href":"https:\/\/www.hediyepazar.com\/index.php?rest_route=%2Fwp%2Fv2%2Fproduct_brand&post=81666"},{"taxonomy":"product_cat","embeddable":true,"href":"https:\/\/www.hediyepazar.com\/index.php?rest_route=%2Fwp%2Fv2%2Fproduct_cat&post=81666"},{"taxonomy":"product_tag","embeddable":true,"href":"https:\/\/www.hediyepazar.com\/index.php?rest_route=%2Fwp%2Fv2%2Fproduct_tag&post=81666"}],"curies":[{"name":"wp","href":"https:\/\/api.w.org\/{rel}","templated":true}]}}