{"id":81672,"date":"2026-04-30T04:24:04","date_gmt":"2026-04-30T07:24:04","guid":{"rendered":"https:\/\/www.hediyepazar.com\/?product=kelebek-tasarimli-iki-fircali-girgir-yesil"},"modified":"2026-04-30T04:24:04","modified_gmt":"2026-04-30T07:24:04","slug":"kelebek-tasarimli-iki-fircali-girgir-yesil","status":"publish","type":"product","link":"https:\/\/www.hediyepazar.com\/?product=kelebek-tasarimli-iki-fircali-girgir-yesil","title":{"rendered":"Kelebek Tasar\u0131ml\u0131 \u0130ki F\u0131r\u00e7al\u0131 G\u0131rg\u0131r Ye\u015fil"},"content":{"rendered":"<table style=\"border-collapse:collapse; width:178pt; border:none\" width=\"237\">\n<colgroup>\n<col style=\"width:178pt\" width=\"237\" \/>\n\t<\/colgroup>\n<tbody>\n<tr height=\"25\" style=\"height:18.75pt\">\n<td height=\"25\" style=\"border:none; height:18.75pt; width:178pt; padding-top:1px; padding-right:1px; padding-left:1px; vertical-align:bottom; white-space:nowrap\" width=\"237\"><span style=\"font-size:11pt\"><span style=\"color:black\"><span style=\"font-weight:400\"><span style=\"font-style:normal\"><span style=\"text-decoration:none\"><span style=\"font-family:Calibri,sans-serif\">Kelebek Tasar\u0131ml\u0131 \u0130ki F\u0131r&ccedil;al\u0131 G\u0131rg\u0131r Asorti Ye\u015fil<\/span><\/span><\/span><\/span><\/span><\/span><br \/>\n\t\t\t&nbsp;<\/td>\n<\/tr>\n<tr>\n<td height=\"25\" style=\"border:none; height:18.75pt; width:65pt; padding-top:1px; padding-right:1px; padding-left:1px; vertical-align:bottom; white-space:nowrap\" width=\"86\"><span style=\"font-size:11pt\"><span style=\"color:black\"><span style=\"font-weight:400\"><span style=\"font-style:normal\"><span style=\"text-decoration:none\"><span style=\"font-family:Calibri,sans-serif\">Pratik kullan\u0131m\u0131 sayesinde hal\u0131lar\u0131n\u0131z\u0131n &uuml;zerine d&ouml;k&uuml;len k\u0131r\u0131nt\u0131lardan ve tozlardan an\u0131nda kurtulun.<br \/>\n\t\t\tEn ufak k\u0131r\u0131nt\u0131lar\u0131 temizlemek i&ccedil;in art\u0131k elektrikli s&uuml;p&uuml;rge &ccedil;al\u0131\u015ft\u0131rman\u0131za gerek kalmayacak.<br \/>\n\t\t\tSa\u011fl\u0131\u011fa zararl\u0131 hammadde i&ccedil;ermeyen plastikten &uuml;retilmi\u015f olan &uuml;r&uuml;n&uuml;m&uuml;z ile evlerinizde i\u015fleriniz &ccedil;ok kolayla\u015facak.<br \/>\n\t\t\tT&uuml;rkiye de &uuml;retilmi\u015ftir.<br \/>\n\t\t\t&Uuml;r&uuml;n &Ouml;l&ccedil;&uuml;s&uuml;:<br \/>\n\t\t\tUzunluk: 17 cm<br \/>\n\t\t\tYakla\u015f\u0131k En: 12,6 cm<\/span><\/span><\/span><\/span><\/span><\/span><br \/>\n\t\t\t&nbsp;<\/td>\n<\/tr>\n<\/tbody>\n<\/table>\n","protected":false},"excerpt":{"rendered":"<p>Kelebek Tasar\u0131ml\u0131 \u0130ki F\u0131r\u00e7al\u0131 G\u0131rg\u0131r Asorti<\/p>\n","protected":false},"featured_media":81671,"comment_status":"open","ping_status":"closed","template":"","meta":{"_kad_post_transparent":"","_kad_post_title":"","_kad_post_layout":"","_kad_post_sidebar_id":"","_kad_post_content_style":"","_kad_post_vertical_padding":"","_kad_post_feature":"","_kad_post_feature_position":"","_kad_post_header":false,"_kad_post_footer":false,"_kad_post_classname":""},"product_brand":[],"product_cat":[557,603,654],"product_tag":[],"class_list":{"0":"post-81672","1":"product","2":"type-product","3":"status-publish","4":"has-post-thumbnail","6":"product_cat-ev-yasam","7":"product_cat-ev-gerecleri","8":"product_cat-plastik-ev-gerecleri","10":"first","11":"instock","12":"shipping-taxable","13":"purchasable","14":"product-type-simple","15":"entry","16":"content-bg","17":"loop-entry"},"_links":{"self":[{"href":"https:\/\/www.hediyepazar.com\/index.php?rest_route=\/wp\/v2\/product\/81672","targetHints":{"allow":["GET"]}}],"collection":[{"href":"https:\/\/www.hediyepazar.com\/index.php?rest_route=\/wp\/v2\/product"}],"about":[{"href":"https:\/\/www.hediyepazar.com\/index.php?rest_route=\/wp\/v2\/types\/product"}],"replies":[{"embeddable":true,"href":"https:\/\/www.hediyepazar.com\/index.php?rest_route=%2Fwp%2Fv2%2Fcomments&post=81672"}],"wp:featuredmedia":[{"embeddable":true,"href":"https:\/\/www.hediyepazar.com\/index.php?rest_route=\/wp\/v2\/media\/81671"}],"wp:attachment":[{"href":"https:\/\/www.hediyepazar.com\/index.php?rest_route=%2Fwp%2Fv2%2Fmedia&parent=81672"}],"wp:term":[{"taxonomy":"product_brand","embeddable":true,"href":"https:\/\/www.hediyepazar.com\/index.php?rest_route=%2Fwp%2Fv2%2Fproduct_brand&post=81672"},{"taxonomy":"product_cat","embeddable":true,"href":"https:\/\/www.hediyepazar.com\/index.php?rest_route=%2Fwp%2Fv2%2Fproduct_cat&post=81672"},{"taxonomy":"product_tag","embeddable":true,"href":"https:\/\/www.hediyepazar.com\/index.php?rest_route=%2Fwp%2Fv2%2Fproduct_tag&post=81672"}],"curies":[{"name":"wp","href":"https:\/\/api.w.org\/{rel}","templated":true}]}}