{"id":82039,"date":"2026-04-30T04:38:35","date_gmt":"2026-04-30T07:38:35","guid":{"rendered":"https:\/\/www.hediyepazar.com\/?product=tuana-utu-masasi"},"modified":"2026-04-30T04:38:35","modified_gmt":"2026-04-30T07:38:35","slug":"tuana-utu-masasi","status":"publish","type":"product","link":"https:\/\/www.hediyepazar.com\/?product=tuana-utu-masasi","title":{"rendered":"Tuana \u00dct\u00fc Masas\u0131"},"content":{"rendered":"<ul>\n<li>&Uuml;r&uuml;n &ouml;l&ccedil;&uuml;lerimiz 38&#215;120 cm<\/li>\n<li>Tabla Ebat\u0131 40X90 cm Y&uuml;kseklik Ayar\u0131<\/li>\n<li>Estetik Dizayn, Ergonomik Tasar\u0131m<\/li>\n<li>Buhar Ge&ccedil;irici ve Geni\u015f Monoblok Sa&ccedil; Tabla<\/li>\n<li>Rahat Kullan\u0131ml\u0131 Sac &Uuml;t&uuml;l&uuml;k &Uuml;t&uuml; Taban\u0131 Koruyucu<\/li>\n<li>Yanmaz Silikon T\u0131palar Vakumlu \u015eeffaf Ambalaj<\/li>\n<\/ul>\n","protected":false},"excerpt":{"rendered":"<p>Tuana \u00dct\u00fc Masas\u0131<\/p>\n","protected":false},"featured_media":82038,"comment_status":"open","ping_status":"closed","template":"","meta":{"_kad_post_transparent":"","_kad_post_title":"","_kad_post_layout":"","_kad_post_sidebar_id":"","_kad_post_content_style":"","_kad_post_vertical_padding":"","_kad_post_feature":"","_kad_post_feature_position":"","_kad_post_header":false,"_kad_post_footer":false,"_kad_post_classname":""},"product_brand":[],"product_cat":[557,603,683],"product_tag":[],"class_list":{"0":"post-82039","1":"product","2":"type-product","3":"status-publish","4":"has-post-thumbnail","6":"product_cat-ev-yasam","7":"product_cat-ev-gerecleri","8":"product_cat-utu-masasi","10":"first","11":"instock","12":"shipping-taxable","13":"purchasable","14":"product-type-simple","15":"entry","16":"content-bg","17":"loop-entry"},"_links":{"self":[{"href":"https:\/\/www.hediyepazar.com\/index.php?rest_route=\/wp\/v2\/product\/82039","targetHints":{"allow":["GET"]}}],"collection":[{"href":"https:\/\/www.hediyepazar.com\/index.php?rest_route=\/wp\/v2\/product"}],"about":[{"href":"https:\/\/www.hediyepazar.com\/index.php?rest_route=\/wp\/v2\/types\/product"}],"replies":[{"embeddable":true,"href":"https:\/\/www.hediyepazar.com\/index.php?rest_route=%2Fwp%2Fv2%2Fcomments&post=82039"}],"wp:featuredmedia":[{"embeddable":true,"href":"https:\/\/www.hediyepazar.com\/index.php?rest_route=\/wp\/v2\/media\/82038"}],"wp:attachment":[{"href":"https:\/\/www.hediyepazar.com\/index.php?rest_route=%2Fwp%2Fv2%2Fmedia&parent=82039"}],"wp:term":[{"taxonomy":"product_brand","embeddable":true,"href":"https:\/\/www.hediyepazar.com\/index.php?rest_route=%2Fwp%2Fv2%2Fproduct_brand&post=82039"},{"taxonomy":"product_cat","embeddable":true,"href":"https:\/\/www.hediyepazar.com\/index.php?rest_route=%2Fwp%2Fv2%2Fproduct_cat&post=82039"},{"taxonomy":"product_tag","embeddable":true,"href":"https:\/\/www.hediyepazar.com\/index.php?rest_route=%2Fwp%2Fv2%2Fproduct_tag&post=82039"}],"curies":[{"name":"wp","href":"https:\/\/api.w.org\/{rel}","templated":true}]}}