{"id":82171,"date":"2026-04-30T04:47:44","date_gmt":"2026-04-30T07:47:44","guid":{"rendered":"https:\/\/www.hediyepazar.com\/?product=alize-camsil-22x3x23"},"modified":"2026-04-30T04:47:44","modified_gmt":"2026-04-30T07:47:44","slug":"alize-camsil-22x3x23","status":"publish","type":"product","link":"https:\/\/www.hediyepazar.com\/?product=alize-camsil-22x3x23","title":{"rendered":"Alize Camsil 22X3X23"},"content":{"rendered":"<table style=\"border-collapse:collapse; width:262pt; border:none\" width=\"349\">\n<colgroup>\n<col style=\"width:262pt\" width=\"349\" \/>\n\t<\/colgroup>\n<tbody>\n<tr height=\"320\" style=\"height:240.0pt\">\n<td class=\"xl65\" height=\"320\" style=\"border:none; height:240.0pt; width:262pt; white-space:normal; padding-top:1px; padding-right:1px; padding-left:1px; vertical-align:bottom\" width=\"349\"><span style=\"font-size:11pt\"><span style=\"color:black\"><span style=\"font-weight:400\"><span style=\"font-style:normal\"><span style=\"text-decoration:none\"><span style=\"font-family:Calibri,sans-serif\">Camlara p&uuml;sk&uuml;rt&uuml;len temizleyici s\u0131v\u0131lar\u0131n temizli\u011fi sa\u011flamas\u0131 sonras\u0131nda camdan uzakla\u015ft\u0131r\u0131lmas\u0131 amac\u0131yla kullan\u0131lan ekipmanlard\u0131r. Yersil ile olduk&ccedil;a benzer olan camsillerin yersilden fark\u0131 sadece cam i&ccedil;in kullan\u0131lmalar\u0131d\u0131r. Cam\u0131n yap\u0131s\u0131na uygun bir \u015fekilde tasarlanan bu &uuml;r&uuml;nlerin kalite konusunda da dikkat &ccedil;ekici oldu\u011fundan s&ouml;z etmek muhtemeldir.<br \/>\n\t\t\tCamlar\u0131n\u0131z\u0131n ebatlar\u0131na g&ouml;re tercih edece\u011finiz camsillerin kullan\u0131m kolayl\u0131\u011f\u0131 sa\u011flamas\u0131 kadar yap\u0131s\u0131 da olduk&ccedil;a de\u011ferlidir. Bu &ccedil;er&ccedil;evede camsiller plastik ve metal olmak &uuml;zere farkl\u0131 malzemelerle imal edilmektedir. Kullan\u0131lacaklar\u0131 alana g&ouml;re tercih edilmesi gereken camsiller ile alakal\u0131 en &ouml;zel &ccedil;&ouml;z&uuml;m&uuml; &Uuml;&ccedil;tem Plas ile yakalaman\u0131n tam zaman\u0131!<\/span><\/span><\/span><\/span><\/span><\/span><br \/>\n\t\t\t&nbsp;<\/td>\n<\/tr>\n<\/tbody>\n<\/table>\n","protected":false},"excerpt":{"rendered":"<p>Alize Camsil 22X3X23<\/p>\n","protected":false},"featured_media":82170,"comment_status":"open","ping_status":"closed","template":"","meta":{"_kad_post_transparent":"","_kad_post_title":"","_kad_post_layout":"","_kad_post_sidebar_id":"","_kad_post_content_style":"","_kad_post_vertical_padding":"","_kad_post_feature":"","_kad_post_feature_position":"","_kad_post_header":false,"_kad_post_footer":false,"_kad_post_classname":""},"product_brand":[],"product_cat":[557,603,618],"product_tag":[],"class_list":{"0":"post-82171","1":"product","2":"type-product","3":"status-publish","4":"has-post-thumbnail","6":"product_cat-ev-yasam","7":"product_cat-ev-gerecleri","8":"product_cat-pratik-temizlik-gerecleri","10":"first","11":"instock","12":"shipping-taxable","13":"purchasable","14":"product-type-simple","15":"entry","16":"content-bg","17":"loop-entry"},"_links":{"self":[{"href":"https:\/\/www.hediyepazar.com\/index.php?rest_route=\/wp\/v2\/product\/82171","targetHints":{"allow":["GET"]}}],"collection":[{"href":"https:\/\/www.hediyepazar.com\/index.php?rest_route=\/wp\/v2\/product"}],"about":[{"href":"https:\/\/www.hediyepazar.com\/index.php?rest_route=\/wp\/v2\/types\/product"}],"replies":[{"embeddable":true,"href":"https:\/\/www.hediyepazar.com\/index.php?rest_route=%2Fwp%2Fv2%2Fcomments&post=82171"}],"wp:featuredmedia":[{"embeddable":true,"href":"https:\/\/www.hediyepazar.com\/index.php?rest_route=\/wp\/v2\/media\/82170"}],"wp:attachment":[{"href":"https:\/\/www.hediyepazar.com\/index.php?rest_route=%2Fwp%2Fv2%2Fmedia&parent=82171"}],"wp:term":[{"taxonomy":"product_brand","embeddable":true,"href":"https:\/\/www.hediyepazar.com\/index.php?rest_route=%2Fwp%2Fv2%2Fproduct_brand&post=82171"},{"taxonomy":"product_cat","embeddable":true,"href":"https:\/\/www.hediyepazar.com\/index.php?rest_route=%2Fwp%2Fv2%2Fproduct_cat&post=82171"},{"taxonomy":"product_tag","embeddable":true,"href":"https:\/\/www.hediyepazar.com\/index.php?rest_route=%2Fwp%2Fv2%2Fproduct_tag&post=82171"}],"curies":[{"name":"wp","href":"https:\/\/api.w.org\/{rel}","templated":true}]}}