{"id":82327,"date":"2026-04-30T05:05:29","date_gmt":"2026-04-30T08:05:29","guid":{"rendered":"https:\/\/www.hediyepazar.com\/?product=miknatisli-kapi-sinekligi-tullu-105x205-cm"},"modified":"2026-04-30T05:05:29","modified_gmt":"2026-04-30T08:05:29","slug":"miknatisli-kapi-sinekligi-tullu-105x205-cm","status":"publish","type":"product","link":"https:\/\/www.hediyepazar.com\/?product=miknatisli-kapi-sinekligi-tullu-105x205-cm","title":{"rendered":"M\u0131knat\u0131sl\u0131 Kap\u0131 Sinekli\u011fi T\u00fcll\u00fc 105&#215;205 Cm"},"content":{"rendered":"<table style=\"border-collapse:collapse; width:49pt; border:none\" width=\"66\">\n<colgroup>\n<col style=\"width:49pt\" width=\"66\" \/>\n\t<\/colgroup>\n<tbody>\n<tr height=\"19\" style=\"height:14.4pt\">\n<td class=\"xl65\" height=\"19\" style=\"border:none; height:14.4pt; width:49pt; padding-top:1px; padding-right:1px; padding-left:1px; vertical-align:bottom; white-space:nowrap\" width=\"66\"><span style=\"font-size:11pt\"><span style=\"font-family:Calibri,sans-serif\"><span style=\"font-weight:400\"><span style=\"font-style:normal\"><span style=\"text-decoration:none\">Kolay kurulur.<br \/>\n\t\t\tDelme veya vidalama gerektirmez.M\u0131knat\u0131sl\u0131 yap\u0131s\u0131 sayes\u015fnde kendili\u011finden kapan\u0131r.<br \/>\n\t\t\tTekli kap\u0131rlara, kayar tip kap\u0131lara ve &uuml;r&uuml;n &ouml;l&ccedil;&uuml;s&uuml;ne uygun t&uuml;m kap\u0131lara uyumludur.<br \/>\n\t\t\tT&uuml;l&uuml; c\u0131rt bant &uuml;zerinden kolayca s&ouml;kebilir ve y\u0131kayabilirsiniz.<br \/>\n\t\t\t&Uuml;r&uuml;n montaj\u0131nda c\u0131rt bant kullan\u0131lmaktad\u0131r.<br \/>\n\t\t\tTekrar tekrar kullan\u0131labilir.<br \/>\n\t\t\tRenk beyaz.<br \/>\n\t\t\tY&uuml;kseklik 205 cm.Geni\u015flik 105 cm<br \/>\n\t\t\tx 2 adet t&uuml;l<\/span><\/span><\/span><\/span><\/span><\/td>\n<\/tr>\n<\/tbody>\n<\/table>\n","protected":false},"excerpt":{"rendered":"<p>M\u0131knat\u0131sl\u0131 Kap\u0131 Sinekli\u011fi T\u00fcll\u00fc 105&#215;205 Cm<\/p>\n","protected":false},"featured_media":82326,"comment_status":"open","ping_status":"closed","template":"","meta":{"_kad_post_transparent":"","_kad_post_title":"","_kad_post_layout":"","_kad_post_sidebar_id":"","_kad_post_content_style":"","_kad_post_vertical_padding":"","_kad_post_feature":"","_kad_post_feature_position":"","_kad_post_header":false,"_kad_post_footer":false,"_kad_post_classname":""},"product_brand":[],"product_cat":[557,603,666],"product_tag":[],"class_list":{"0":"post-82327","1":"product","2":"type-product","3":"status-publish","4":"has-post-thumbnail","6":"product_cat-ev-yasam","7":"product_cat-ev-gerecleri","8":"product_cat-pratik-ev-esyalari","10":"first","11":"instock","12":"shipping-taxable","13":"purchasable","14":"product-type-simple","15":"entry","16":"content-bg","17":"loop-entry"},"_links":{"self":[{"href":"https:\/\/www.hediyepazar.com\/index.php?rest_route=\/wp\/v2\/product\/82327","targetHints":{"allow":["GET"]}}],"collection":[{"href":"https:\/\/www.hediyepazar.com\/index.php?rest_route=\/wp\/v2\/product"}],"about":[{"href":"https:\/\/www.hediyepazar.com\/index.php?rest_route=\/wp\/v2\/types\/product"}],"replies":[{"embeddable":true,"href":"https:\/\/www.hediyepazar.com\/index.php?rest_route=%2Fwp%2Fv2%2Fcomments&post=82327"}],"wp:featuredmedia":[{"embeddable":true,"href":"https:\/\/www.hediyepazar.com\/index.php?rest_route=\/wp\/v2\/media\/82326"}],"wp:attachment":[{"href":"https:\/\/www.hediyepazar.com\/index.php?rest_route=%2Fwp%2Fv2%2Fmedia&parent=82327"}],"wp:term":[{"taxonomy":"product_brand","embeddable":true,"href":"https:\/\/www.hediyepazar.com\/index.php?rest_route=%2Fwp%2Fv2%2Fproduct_brand&post=82327"},{"taxonomy":"product_cat","embeddable":true,"href":"https:\/\/www.hediyepazar.com\/index.php?rest_route=%2Fwp%2Fv2%2Fproduct_cat&post=82327"},{"taxonomy":"product_tag","embeddable":true,"href":"https:\/\/www.hediyepazar.com\/index.php?rest_route=%2Fwp%2Fv2%2Fproduct_tag&post=82327"}],"curies":[{"name":"wp","href":"https:\/\/api.w.org\/{rel}","templated":true}]}}