{"id":82597,"date":"2026-04-30T05:47:27","date_gmt":"2026-04-30T08:47:27","guid":{"rendered":"https:\/\/www.hediyepazar.com\/?product=haki-yuksek-bel-fitilli-kadin-tayt-yazlik-2001"},"modified":"2026-04-30T05:47:27","modified_gmt":"2026-04-30T08:47:27","slug":"haki-yuksek-bel-fitilli-kadin-tayt-yazlik-2001","status":"publish","type":"product","link":"https:\/\/www.hediyepazar.com\/?product=haki-yuksek-bel-fitilli-kadin-tayt-yazlik-2001","title":{"rendered":"Haki Y\u00fcksek Bel Fitilli Kad\u0131n Tayt Yazl\u0131k 2001"},"content":{"rendered":"<p>Haki Y&uuml;ksek Bel Fitilli Kad\u0131n Tayt Yazl\u0131k 2001<br \/>\nFitilli yumu\u015fak kuma\u015f\u0131 ile yaz aylar\u0131nda serin tutar terletmez.<br \/>\nRahatl\u0131kla giyip kombinlerinizde kullanabilirsiniz.<br \/>\nKad\u0131n alt giyim vazge&ccedil;ilmezlerinden yazl\u0131k tayt renk ve beden se&ccedil;enekleri ile yaz\u0131n en &ccedil;ok tercih edilen kad\u0131n giyim olacakt\u0131r.<br \/>\nBile\u015fenler : %90 Polyester %10 Elastan<br \/>\nPaket \u0130&ccedil;eri\u011fi 1 adet<\/p>\n","protected":false},"excerpt":{"rendered":"<p>Haki Y\u00fcksek Bel Fitilli Kad\u0131n Tayt Yazl\u0131k 2001<\/p>\n","protected":false},"featured_media":82596,"comment_status":"open","ping_status":"closed","template":"","meta":{"_kad_post_transparent":"","_kad_post_title":"","_kad_post_layout":"","_kad_post_sidebar_id":"","_kad_post_content_style":"","_kad_post_vertical_padding":"","_kad_post_feature":"","_kad_post_feature_position":"","_kad_post_header":false,"_kad_post_footer":false,"_kad_post_classname":""},"product_brand":[],"product_cat":[457,537,548],"product_tag":[],"class_list":{"0":"post-82597","1":"product","2":"type-product","3":"status-publish","4":"has-post-thumbnail","6":"product_cat-giyim","7":"product_cat-kadin","8":"product_cat-tayt","10":"first","11":"instock","12":"shipping-taxable","13":"purchasable","14":"product-type-simple","15":"entry","16":"content-bg","17":"loop-entry"},"_links":{"self":[{"href":"https:\/\/www.hediyepazar.com\/index.php?rest_route=\/wp\/v2\/product\/82597","targetHints":{"allow":["GET"]}}],"collection":[{"href":"https:\/\/www.hediyepazar.com\/index.php?rest_route=\/wp\/v2\/product"}],"about":[{"href":"https:\/\/www.hediyepazar.com\/index.php?rest_route=\/wp\/v2\/types\/product"}],"replies":[{"embeddable":true,"href":"https:\/\/www.hediyepazar.com\/index.php?rest_route=%2Fwp%2Fv2%2Fcomments&post=82597"}],"wp:featuredmedia":[{"embeddable":true,"href":"https:\/\/www.hediyepazar.com\/index.php?rest_route=\/wp\/v2\/media\/82596"}],"wp:attachment":[{"href":"https:\/\/www.hediyepazar.com\/index.php?rest_route=%2Fwp%2Fv2%2Fmedia&parent=82597"}],"wp:term":[{"taxonomy":"product_brand","embeddable":true,"href":"https:\/\/www.hediyepazar.com\/index.php?rest_route=%2Fwp%2Fv2%2Fproduct_brand&post=82597"},{"taxonomy":"product_cat","embeddable":true,"href":"https:\/\/www.hediyepazar.com\/index.php?rest_route=%2Fwp%2Fv2%2Fproduct_cat&post=82597"},{"taxonomy":"product_tag","embeddable":true,"href":"https:\/\/www.hediyepazar.com\/index.php?rest_route=%2Fwp%2Fv2%2Fproduct_tag&post=82597"}],"curies":[{"name":"wp","href":"https:\/\/api.w.org\/{rel}","templated":true}]}}