{"id":82732,"date":"2026-04-30T06:11:04","date_gmt":"2026-04-30T09:11:04","guid":{"rendered":"https:\/\/www.hediyepazar.com\/?product=5li-karma-paket-fitilli-tanga-s3"},"modified":"2026-04-30T06:11:04","modified_gmt":"2026-04-30T09:11:04","slug":"5li-karma-paket-fitilli-tanga-s3","status":"publish","type":"product","link":"https:\/\/www.hediyepazar.com\/?product=5li-karma-paket-fitilli-tanga-s3","title":{"rendered":"5&#8217;li Karma Paket Fitilli Tanga S3"},"content":{"rendered":"<table style=\"border-collapse:collapse; width:99pt; border:none\" width=\"132\">\n<colgroup>\n<col style=\"width:99pt\" width=\"132\" \/>\n\t<\/colgroup>\n<tbody>\n<tr height=\"20\" style=\"height:15.0pt\">\n<td class=\"xl66\" height=\"20\" style=\"border:none; height:15.0pt; width:99pt; white-space:nowrap; padding-top:1px; padding-right:1px; padding-left:1px; vertical-align:bottom\" width=\"132\"><span style=\"font-size:11pt\"><span style=\"color:black\"><span style=\"font-weight:400\"><span style=\"font-style:normal\"><span style=\"text-decoration:none\"><span style=\"font-family:Calibri,sans-serif\">5&#39;li Karma Paket Fitilli Tanga S3<br \/>\n\t\t\tRoyaleks olarak tanga kesim &uuml;retiminde ge&ccedil;mi\u015f &uuml;r&uuml;nlerimizdeki tecr&uuml;belerimizi kullanarak<br \/>\n\t\t\tsizlere en ideal tanga kesim &uuml;r&uuml;n&uuml; sunar\u0131z.<br \/>\n\t\t\tFitilli yap\u0131ya sahip bel k\u0131sm\u0131 ile belinizi kavrayarak tanga kesimi ile<br \/>\n\t\t\tmuazzam rahatl\u0131k sunacakt\u0131r.<br \/>\n\t\t\t%100 organik pamuktan imal edilen fitilli kuma\u015f\u0131 ile<br \/>\n\t\t\tg&uuml;n boyu rahatl\u0131\u011f\u0131ndan vazge&ccedil;emeyeceksiniz.<br \/>\n\t\t\t5&#39;li paketten olu\u015fan &uuml;r&uuml;nlerimiz g&ouml;rsellerinde g&ouml;r&uuml;nd&uuml;\u011f&uuml; renklerde taraf\u0131n\u0131za g&ouml;nderilecektir.<br \/>\n\t\t\tY\u0131kama talimatlar\u0131na uyarak uzun &ouml;m&uuml;rl&uuml; kullan\u0131m sa\u011flayabilirsiniz.<br \/>\n\t\t\tPaket i&ccedil;eri\u011fi : 5&#39;li Karma Paket Fitilli Tanga S3<\/span><\/span><\/span><\/span><\/span><\/span><\/td>\n<\/tr>\n<\/tbody>\n<\/table>\n","protected":false},"excerpt":{"rendered":"<p>5&#8217;li Karma Paket Fitilli Tanga S3<\/p>\n","protected":false},"featured_media":82731,"comment_status":"open","ping_status":"closed","template":"","meta":{"_kad_post_transparent":"","_kad_post_title":"","_kad_post_layout":"","_kad_post_sidebar_id":"","_kad_post_content_style":"","_kad_post_vertical_padding":"","_kad_post_feature":"","_kad_post_feature_position":"","_kad_post_header":false,"_kad_post_footer":false,"_kad_post_classname":""},"product_brand":[],"product_cat":[538,537,539],"product_tag":[],"class_list":{"0":"post-82732","1":"product","2":"type-product","3":"status-publish","4":"has-post-thumbnail","6":"product_cat-ic-giyim","7":"product_cat-kadin","8":"product_cat-kulot","10":"first","11":"instock","12":"shipping-taxable","13":"purchasable","14":"product-type-simple","15":"entry","16":"content-bg","17":"loop-entry"},"_links":{"self":[{"href":"https:\/\/www.hediyepazar.com\/index.php?rest_route=\/wp\/v2\/product\/82732","targetHints":{"allow":["GET"]}}],"collection":[{"href":"https:\/\/www.hediyepazar.com\/index.php?rest_route=\/wp\/v2\/product"}],"about":[{"href":"https:\/\/www.hediyepazar.com\/index.php?rest_route=\/wp\/v2\/types\/product"}],"replies":[{"embeddable":true,"href":"https:\/\/www.hediyepazar.com\/index.php?rest_route=%2Fwp%2Fv2%2Fcomments&post=82732"}],"wp:featuredmedia":[{"embeddable":true,"href":"https:\/\/www.hediyepazar.com\/index.php?rest_route=\/wp\/v2\/media\/82731"}],"wp:attachment":[{"href":"https:\/\/www.hediyepazar.com\/index.php?rest_route=%2Fwp%2Fv2%2Fmedia&parent=82732"}],"wp:term":[{"taxonomy":"product_brand","embeddable":true,"href":"https:\/\/www.hediyepazar.com\/index.php?rest_route=%2Fwp%2Fv2%2Fproduct_brand&post=82732"},{"taxonomy":"product_cat","embeddable":true,"href":"https:\/\/www.hediyepazar.com\/index.php?rest_route=%2Fwp%2Fv2%2Fproduct_cat&post=82732"},{"taxonomy":"product_tag","embeddable":true,"href":"https:\/\/www.hediyepazar.com\/index.php?rest_route=%2Fwp%2Fv2%2Fproduct_tag&post=82732"}],"curies":[{"name":"wp","href":"https:\/\/api.w.org\/{rel}","templated":true}]}}