{"id":82874,"date":"2026-04-30T06:32:22","date_gmt":"2026-04-30T09:32:22","guid":{"rendered":"https:\/\/www.hediyepazar.com\/?product=2-adet-arctic-aksesuar-hirka-giysi-orgu-yunu-ipi-104"},"modified":"2026-04-30T06:32:22","modified_gmt":"2026-04-30T09:32:22","slug":"2-adet-arctic-aksesuar-hirka-giysi-orgu-yunu-ipi-104","status":"publish","type":"product","link":"https:\/\/www.hediyepazar.com\/?product=2-adet-arctic-aksesuar-hirka-giysi-orgu-yunu-ipi-104","title":{"rendered":"2 Adet Arctic Aksesuar H\u0131rka Giysi \u00d6rg\u00fc Y\u00fcn\u00fc \u0130pi &#8211; 104"},"content":{"rendered":"<table style=\"border-collapse:collapse; width:98pt; border:none\" width=\"131\">\n<colgroup>\n<col style=\"width:98pt\" width=\"131\" \/>\n\t<\/colgroup>\n<tbody>\n<tr height=\"20\" style=\"height:15.0pt\">\n<td height=\"20\" style=\"border:none; height:15.0pt; width:98pt; padding-top:1px; padding-right:1px; padding-left:1px; vertical-align:bottom; white-space:nowrap\" width=\"131\"><span style=\"font-size:11pt\"><span style=\"color:black\"><span style=\"font-weight:400\"><span style=\"font-style:normal\"><span style=\"text-decoration:none\"><span style=\"font-family:Calibri,sans-serif\">2 Adet Arctic Aksesuar H\u0131rka Giysi &Ouml;rg&uuml; Y&uuml;n&uuml; \u0130pi &#8211; 104<br \/>\n\t\t\tKategori: Yeti\u015fkin<br \/>\n\t\t\t\u0130&ccedil;erik: %80 Akrilik %20 Y&uuml;n<\/p>\n<p>\t\t\tYumak A\u011f\u0131rl\u0131\u011f\u0131: 190gr<\/p>\n<p>\t\t\tYumak Metresi: 95mt<\/p>\n<p>\t\t\t&Ouml;rg&uuml; \u0130lmek Bilgisi: 10cm x 10cm &ouml;l&ccedil;&uuml; i&ccedil;in 12 ilmek -16 s\u0131ra<br \/>\n\t\t\t\u015ei\u015f Numaras\u0131: 13mm<\/p>\n<p>\t\t\tT\u0131\u011f \u0130lmek Bilgisi: 10cm x 10cm &ouml;l&ccedil;&uuml; i&ccedil;in 9 ilmek &#8211; 11 s\u0131ra<br \/>\n\t\t\tT\u0131\u011f Numaras\u0131: 15mm<\/p>\n<p>\t\t\tY\u0131kama \u015eekli: So\u011fuk makine y\u0131kama ve makine kurutmaya uygundur.<\/p>\n<p>\t\t\tK\u0131\u015f gard\u0131robunuz i&ccedil;in iddial\u0131 bir par&ccedil;a olarak m&uuml;kemmel,<br \/>\n\t\t\tg&uuml;&ccedil;l&uuml; renklerden olu\u015fan harika bir se&ccedil;imle gelen, &ccedil;ok de\u011ferli bir y&uuml;n ve akrilik kar\u0131\u015f\u0131m\u0131d\u0131r!<br \/>\n\t\t\tYeni ba\u015flayan &ouml;rg&uuml; &ouml;renler i&ccedil;in bile ideal, yumu\u015fakl\u0131\u011f\u0131n\u0131n tad\u0131n\u0131 &ccedil;\u0131kar\u0131n!<br \/>\n\t\t\tRahatlay\u0131n ve ipli\u011fin ritmine g&ouml;re &ouml;rmeyi &ouml;\u011frenin.<br \/>\n\t\t\tAksesuarlar, giysiler ve hatta en \u015firin h\u0131rkalar bile bir anda &ouml;r&uuml;lebilir.<br \/>\n\t\t\tPaket i&ccedil;eri\u011fi: 2 Adet Arctic Aksesuar H\u0131rka Giysi &Ouml;rg&uuml; Y&uuml;n&uuml; \u0130pi &#8211; 104<\/span><\/span><\/span><\/span><\/span><\/span><\/td>\n<\/tr>\n<\/tbody>\n<\/table>\n","protected":false},"excerpt":{"rendered":"<p>2 Adet Arctic Aksesuar H\u0131rka Giysi \u00d6rg\u00fc Y\u00fcn\u00fc \u0130pi &#8211; 104<\/p>\n","protected":false},"featured_media":82873,"comment_status":"open","ping_status":"closed","template":"","meta":{"_kad_post_transparent":"","_kad_post_title":"","_kad_post_layout":"","_kad_post_sidebar_id":"","_kad_post_content_style":"","_kad_post_vertical_padding":"","_kad_post_feature":"","_kad_post_feature_position":"","_kad_post_header":false,"_kad_post_footer":false,"_kad_post_classname":""},"product_brand":[],"product_cat":[557,568,569],"product_tag":[],"class_list":{"0":"post-82874","1":"product","2":"type-product","3":"status-publish","4":"has-post-thumbnail","6":"product_cat-ev-yasam","7":"product_cat-hobi","8":"product_cat-hobi-malzemeleri","10":"first","11":"instock","12":"shipping-taxable","13":"purchasable","14":"product-type-simple","15":"entry","16":"content-bg","17":"loop-entry"},"_links":{"self":[{"href":"https:\/\/www.hediyepazar.com\/index.php?rest_route=\/wp\/v2\/product\/82874","targetHints":{"allow":["GET"]}}],"collection":[{"href":"https:\/\/www.hediyepazar.com\/index.php?rest_route=\/wp\/v2\/product"}],"about":[{"href":"https:\/\/www.hediyepazar.com\/index.php?rest_route=\/wp\/v2\/types\/product"}],"replies":[{"embeddable":true,"href":"https:\/\/www.hediyepazar.com\/index.php?rest_route=%2Fwp%2Fv2%2Fcomments&post=82874"}],"wp:featuredmedia":[{"embeddable":true,"href":"https:\/\/www.hediyepazar.com\/index.php?rest_route=\/wp\/v2\/media\/82873"}],"wp:attachment":[{"href":"https:\/\/www.hediyepazar.com\/index.php?rest_route=%2Fwp%2Fv2%2Fmedia&parent=82874"}],"wp:term":[{"taxonomy":"product_brand","embeddable":true,"href":"https:\/\/www.hediyepazar.com\/index.php?rest_route=%2Fwp%2Fv2%2Fproduct_brand&post=82874"},{"taxonomy":"product_cat","embeddable":true,"href":"https:\/\/www.hediyepazar.com\/index.php?rest_route=%2Fwp%2Fv2%2Fproduct_cat&post=82874"},{"taxonomy":"product_tag","embeddable":true,"href":"https:\/\/www.hediyepazar.com\/index.php?rest_route=%2Fwp%2Fv2%2Fproduct_tag&post=82874"}],"curies":[{"name":"wp","href":"https:\/\/api.w.org\/{rel}","templated":true}]}}