{"id":82978,"date":"2026-04-30T06:37:30","date_gmt":"2026-04-30T09:37:30","guid":{"rendered":"https:\/\/www.hediyepazar.com\/?product=mikrofiber-duster-toz-alici-softon-tp-337"},"modified":"2026-04-30T06:37:30","modified_gmt":"2026-04-30T09:37:30","slug":"mikrofiber-duster-toz-alici-softon-tp-337","status":"publish","type":"product","link":"https:\/\/www.hediyepazar.com\/?product=mikrofiber-duster-toz-alici-softon-tp-337","title":{"rendered":"Mikrofiber Duster Toz Al\u0131c\u0131 Softon Tp 337"},"content":{"rendered":"<table style=\"border-collapse:collapse; width:269pt; border:none\" width=\"359\">\n<colgroup>\n<col style=\"width:269pt\" width=\"359\" \/>\n\t<\/colgroup>\n<tbody>\n<tr height=\"19\" style=\"height:14.4pt\">\n<td height=\"19\" style=\"border:none; height:14.4pt; width:269pt; padding-top:1px; padding-right:1px; padding-left:1px; vertical-align:bottom; white-space:nowrap\" width=\"359\"><span style=\"font-size:11pt\"><span style=\"color:black\"><span style=\"font-weight:400\"><span style=\"font-style:normal\"><span style=\"text-decoration:none\"><span style=\"font-family:Calibri,sans-serif\">Mikrofiber Toz Al\u0131c\u0131 Softon<br \/>\n\t\t\t\u0130&ccedil;indeki Fiberlerle Tozlar\u0131 Statik Olarak Yakalar ve \u0130&ccedil;inde Hapseder.<br \/>\n\t\t\tNormal Toz Bezleriyle Ula\u015famayaca\u011f\u0131n\u0131z Yerlere Kolayl\u0131kla Ula\u015farak Toz Almay\u0131 Kolayla\u015ft\u0131r\u0131r.<br \/>\n\t\t\tEv,Ofis ve Araban\u0131zdaki Tozlu Y&uuml;zeyleri Pratik Bir \u015eekilde Temizler.<br \/>\n\t\t\tNormal Bezlerle Ula\u015famayaca\u011f\u0131n\u0131z Yerleri Temizlemenize Yard\u0131mc\u0131 Olur.<br \/>\n\t\t\tTv ve Bilgisayar Monit&ouml;rleri Gibi Hassas Elektronik &Uuml;r&uuml;nler \u0130&ccedil;in \u0130dealdir.<br \/>\n\t\t\tDeterjan Gerektirmez.<br \/>\n\t\t\tDi\u011fer Temizlik Maddeleriyle Birlikte Kullan\u0131lmaz.<br \/>\n\t\t\tMicrofiber Ba\u015fl\u0131\u011f\u0131 Y\u0131kamaya Gerek Yoktur.<br \/>\n\t\t\tKullanmadan &Ouml;nce Elinizle Microfiber Ba\u015fl\u0131\u011f\u0131n<br \/>\n\t\t\tT&uuml;ylerini Kabartarak Daha \u0130yi Sonu&ccedil; Elde Edebilirsiniz.<br \/>\n\t\t\tPaket \u0130&ccedil;eri\u011fi : 1 Adet Mikrofiber Duster Toz Al\u0131c\u0131<\/span><\/span><\/span><\/span><\/span><\/span><\/td>\n<\/tr>\n<\/tbody>\n<\/table>\n","protected":false},"excerpt":{"rendered":"<p>Mikrofiber Duster Toz Al\u0131c\u0131 Softon  Tp 337<\/p>\n","protected":false},"featured_media":82977,"comment_status":"open","ping_status":"closed","template":"","meta":{"_kad_post_transparent":"","_kad_post_title":"","_kad_post_layout":"","_kad_post_sidebar_id":"","_kad_post_content_style":"","_kad_post_vertical_padding":"","_kad_post_feature":"","_kad_post_feature_position":"","_kad_post_header":false,"_kad_post_footer":false,"_kad_post_classname":""},"product_brand":[],"product_cat":[557,603,618],"product_tag":[],"class_list":{"0":"post-82978","1":"product","2":"type-product","3":"status-publish","4":"has-post-thumbnail","6":"product_cat-ev-yasam","7":"product_cat-ev-gerecleri","8":"product_cat-pratik-temizlik-gerecleri","10":"first","11":"instock","12":"shipping-taxable","13":"purchasable","14":"product-type-simple","15":"entry","16":"content-bg","17":"loop-entry"},"_links":{"self":[{"href":"https:\/\/www.hediyepazar.com\/index.php?rest_route=\/wp\/v2\/product\/82978","targetHints":{"allow":["GET"]}}],"collection":[{"href":"https:\/\/www.hediyepazar.com\/index.php?rest_route=\/wp\/v2\/product"}],"about":[{"href":"https:\/\/www.hediyepazar.com\/index.php?rest_route=\/wp\/v2\/types\/product"}],"replies":[{"embeddable":true,"href":"https:\/\/www.hediyepazar.com\/index.php?rest_route=%2Fwp%2Fv2%2Fcomments&post=82978"}],"wp:featuredmedia":[{"embeddable":true,"href":"https:\/\/www.hediyepazar.com\/index.php?rest_route=\/wp\/v2\/media\/82977"}],"wp:attachment":[{"href":"https:\/\/www.hediyepazar.com\/index.php?rest_route=%2Fwp%2Fv2%2Fmedia&parent=82978"}],"wp:term":[{"taxonomy":"product_brand","embeddable":true,"href":"https:\/\/www.hediyepazar.com\/index.php?rest_route=%2Fwp%2Fv2%2Fproduct_brand&post=82978"},{"taxonomy":"product_cat","embeddable":true,"href":"https:\/\/www.hediyepazar.com\/index.php?rest_route=%2Fwp%2Fv2%2Fproduct_cat&post=82978"},{"taxonomy":"product_tag","embeddable":true,"href":"https:\/\/www.hediyepazar.com\/index.php?rest_route=%2Fwp%2Fv2%2Fproduct_tag&post=82978"}],"curies":[{"name":"wp","href":"https:\/\/api.w.org\/{rel}","templated":true}]}}