{"id":83061,"date":"2026-04-30T06:42:06","date_gmt":"2026-04-30T09:42:06","guid":{"rendered":"https:\/\/www.hediyepazar.com\/?product=3-adet-misvak-ozlu-karanfil-sulu-dis-macunu-100-ml"},"modified":"2026-04-30T06:42:06","modified_gmt":"2026-04-30T09:42:06","slug":"3-adet-misvak-ozlu-karanfil-sulu-dis-macunu-100-ml","status":"publish","type":"product","link":"https:\/\/www.hediyepazar.com\/?product=3-adet-misvak-ozlu-karanfil-sulu-dis-macunu-100-ml","title":{"rendered":"3 Adet Misvak \u00d6zl\u00fc Karanfil Sulu Di\u015f Macunu 100 Ml"},"content":{"rendered":"<table style=\"border-collapse:collapse; width:221pt; border:none\" width=\"294\">\n<colgroup>\n<col style=\"width:221pt\" width=\"294\" \/>\n\t<\/colgroup>\n<tbody>\n<tr height=\"24\" style=\"height:18.0pt\">\n<td class=\"xl65\" height=\"24\" style=\"border:none; height:18.0pt; width:221pt; vertical-align:middle; padding-top:1px; padding-right:1px; padding-left:1px; white-space:nowrap\" width=\"294\"><span style=\"font-size:11pt\"><span style=\"color:black\"><span style=\"font-weight:400\"><span style=\"font-style:normal\"><span style=\"text-decoration:none\"><span style=\"font-family:Calibri,sans-serif\">3 Adet Misvak &Ouml;zl&uuml; Karanfil Sulu Di\u015f Macunu 100 Ml<br \/>\n\t\t\tV&uuml;cudumuzun bir&ccedil;ok k\u0131sm\u0131n\u0131n tedavisi m&uuml;mk&uuml;n iken<br \/>\n\t\t\tdi\u015flerimiz i&ccedil;in ikinci bir \u015fans\u0131m\u0131z yoktur.<br \/>\n\t\t\tBu nedenle di\u015flerimizi korumak i&ccedil;in \u015fekerden olabildi\u011fince uzak durmal\u0131 ve<br \/>\n\t\t\tg&uuml;nde iki defa Cemilefendi Do\u011fal Di\u015f Macunu Misvak &Ouml;zl&uuml; ile f\u0131r&ccedil;alamal\u0131y\u0131z.<br \/>\n\t\t\tCemilefendi Do\u011fal Di\u015f Macunu Misvak &Ouml;zl&uuml;?<br \/>\n\t\t\t%100 Do\u011fal Karanfil Suyu i&ccedil;erir, Ayn\u0131sefa ve Propolis &ouml;zlerini i&ccedil;erir,<br \/>\n\t\t\tY&uuml;zy\u0131llard\u0131r kullan\u0131lan Misvak &ouml;z&uuml;n&uuml; i&ccedil;erir, Ferahlama sa\u011flamak i&ccedil;in Mentol ve tat hissi i&ccedil;in Nane ya\u011f\u0131 kullan\u0131lm\u0131\u015ft\u0131r.<\/p>\n<p>\t\t\tKullan\u0131m\u0131<\/p>\n<p>\t\t\tDi\u015f f\u0131r&ccedil;as\u0131n\u0131n &uuml;zerine f\u0131r&ccedil;a b&uuml;y&uuml;kl&uuml;\u011f&uuml;nde s\u0131karak uygulan\u0131r.<br \/>\n\t\t\tDi\u015flerinizi g&uuml;nde iki kez f\u0131r&ccedil;alaman\u0131z &ouml;nerilmektedir.<br \/>\n\t\t\tKulland\u0131ktan sonra kapa\u011f\u0131n\u0131 kapat\u0131n\u0131z.<\/p>\n<p>\t\t\tUyar\u0131lar<\/p>\n<p>\t\t\tIs\u0131 kaynaklar\u0131ndan ve direkt g&uuml;ne\u015f \u0131\u015f\u0131\u011f\u0131ndan uzak tutunuz.<br \/>\n\t\t\tOda s\u0131cakl\u0131\u011f\u0131nda ve &ccedil;ocuklar\u0131n ula\u015famayaca\u011f\u0131 yerde muhafaza ediniz.<br \/>\n\t\t\tG&ouml;z ile temas\u0131ndan ka&ccedil;\u0131n\u0131n\u0131z. Temas\u0131 halinde bol su ile durulay\u0131n\u0131z..<\/span><\/span><\/span><\/span><\/span><\/span><\/td>\n<\/tr>\n<\/tbody>\n<\/table>\n","protected":false},"excerpt":{"rendered":"<p>3 Adet Misvak \u00d6zl\u00fc Karanfil Sulu Di\u015f Macunu 100 Ml<\/p>\n","protected":false},"featured_media":83060,"comment_status":"open","ping_status":"closed","template":"","meta":{"_kad_post_transparent":"","_kad_post_title":"","_kad_post_layout":"","_kad_post_sidebar_id":"","_kad_post_content_style":"","_kad_post_vertical_padding":"","_kad_post_feature":"","_kad_post_feature_position":"","_kad_post_header":false,"_kad_post_footer":false,"_kad_post_classname":""},"product_brand":[],"product_cat":[693,695,452],"product_tag":[],"class_list":{"0":"post-83061","1":"product","2":"type-product","3":"status-publish","4":"has-post-thumbnail","6":"product_cat-agiz-bakim","7":"product_cat-dis-macunu","8":"product_cat-kozmetik","10":"first","11":"instock","12":"shipping-taxable","13":"purchasable","14":"product-type-simple","15":"entry","16":"content-bg","17":"loop-entry"},"_links":{"self":[{"href":"https:\/\/www.hediyepazar.com\/index.php?rest_route=\/wp\/v2\/product\/83061","targetHints":{"allow":["GET"]}}],"collection":[{"href":"https:\/\/www.hediyepazar.com\/index.php?rest_route=\/wp\/v2\/product"}],"about":[{"href":"https:\/\/www.hediyepazar.com\/index.php?rest_route=\/wp\/v2\/types\/product"}],"replies":[{"embeddable":true,"href":"https:\/\/www.hediyepazar.com\/index.php?rest_route=%2Fwp%2Fv2%2Fcomments&post=83061"}],"wp:featuredmedia":[{"embeddable":true,"href":"https:\/\/www.hediyepazar.com\/index.php?rest_route=\/wp\/v2\/media\/83060"}],"wp:attachment":[{"href":"https:\/\/www.hediyepazar.com\/index.php?rest_route=%2Fwp%2Fv2%2Fmedia&parent=83061"}],"wp:term":[{"taxonomy":"product_brand","embeddable":true,"href":"https:\/\/www.hediyepazar.com\/index.php?rest_route=%2Fwp%2Fv2%2Fproduct_brand&post=83061"},{"taxonomy":"product_cat","embeddable":true,"href":"https:\/\/www.hediyepazar.com\/index.php?rest_route=%2Fwp%2Fv2%2Fproduct_cat&post=83061"},{"taxonomy":"product_tag","embeddable":true,"href":"https:\/\/www.hediyepazar.com\/index.php?rest_route=%2Fwp%2Fv2%2Fproduct_tag&post=83061"}],"curies":[{"name":"wp","href":"https:\/\/api.w.org\/{rel}","templated":true}]}}