{"id":83063,"date":"2026-04-30T06:42:12","date_gmt":"2026-04-30T09:42:12","guid":{"rendered":"https:\/\/www.hediyepazar.com\/?product=akilli-masaj-kremi-90-ml"},"modified":"2026-04-30T06:42:12","modified_gmt":"2026-04-30T09:42:12","slug":"akilli-masaj-kremi-90-ml","status":"publish","type":"product","link":"https:\/\/www.hediyepazar.com\/?product=akilli-masaj-kremi-90-ml","title":{"rendered":"Ak\u0131ll\u0131 Masaj Kremi 90 Ml."},"content":{"rendered":"<table style=\"border-collapse:collapse; width:221pt; border:none\" width=\"294\">\n<colgroup>\n<col style=\"width:221pt\" width=\"294\" \/>\n\t<\/colgroup>\n<tbody>\n<tr height=\"24\" style=\"height:18.0pt\">\n<td class=\"xl65\" height=\"24\" style=\"border:none; height:18.0pt; width:221pt; vertical-align:middle; padding-top:1px; padding-right:1px; padding-left:1px; white-space:nowrap\" width=\"294\"><span style=\"font-size:11pt\"><span style=\"color:black\"><span style=\"font-weight:400\"><span style=\"font-style:normal\"><span style=\"text-decoration:none\"><span style=\"font-family:Calibri,sans-serif\">Ak\u0131ll\u0131 Masaj Kremi 90 Ml.<br \/>\n\t\t\t\u0130&ccedil;eri\u011finde yer alan y&uuml;ksek miktardaki u&ccedil;ucu Kekik,<br \/>\n\t\t\tArd\u0131&ccedil;, Nane, Karanfil ve Biberiye ya\u011flar\u0131 ile cildinizin g&uuml;nl&uuml;k bak\u0131m\u0131nda yard\u0131mc\u0131 olur.<br \/>\n\t\t\tAyr\u0131ca zengin i&ccedil;eri\u011fi sayesinde g&uuml;n boyu y\u0131pranan cildinizin beslenmesine yard\u0131mc\u0131 olur.<\/p>\n<p>\t\t\tKullan\u0131m\u0131<\/p>\n<p>\t\t\tYeteri miktarda Ak\u0131ll\u0131 Masaj Kremini istenilen b&ouml;lge iyice temizlendikten sonra<br \/>\n\t\t\tmasaj \u015feklinde uygulay\u0131n\u0131z ve v&uuml;cudunuzda bekletiniz.<\/p>\n<p>\t\t\tUyar\u0131lar<\/p>\n<p>\t\t\tSerin yerde, a\u011fz\u0131 kapal\u0131 olarak muhafaza ediniz.<br \/>\n\t\t\t&Ccedil;ocuklar\u0131n ula\u015famayaca\u011f\u0131 yerde saklay\u0131n\u0131z.<br \/>\n\t\t\tG&ouml;z ile temas\u0131ndan ka&ccedil;\u0131n\u0131n\u0131z.<br \/>\n\t\t\tTemas\u0131 halinde bol su ile durulay\u0131n\u0131z.<br \/>\n\t\t\tI\u015f\u0131ktan koruyunuz. Harici kullan\u0131m i&ccedil;indir.<\/span><\/span><\/span><\/span><\/span><\/span><\/td>\n<\/tr>\n<\/tbody>\n<\/table>\n","protected":false},"excerpt":{"rendered":"<p>Ak\u0131ll\u0131 Masaj Kremi 90 Ml.<\/p>\n","protected":false},"featured_media":83062,"comment_status":"open","ping_status":"closed","template":"","meta":{"_kad_post_transparent":"","_kad_post_title":"","_kad_post_layout":"","_kad_post_sidebar_id":"","_kad_post_content_style":"","_kad_post_vertical_padding":"","_kad_post_feature":"","_kad_post_feature_position":"","_kad_post_header":false,"_kad_post_footer":false,"_kad_post_classname":""},"product_brand":[],"product_cat":[696,591,570],"product_tag":[],"class_list":{"0":"post-83063","1":"product","2":"type-product","3":"status-publish","4":"has-post-thumbnail","6":"product_cat-masaj-aleti","7":"product_cat-saglik","8":"product_cat-supermarket","10":"first","11":"instock","12":"shipping-taxable","13":"purchasable","14":"product-type-simple","15":"entry","16":"content-bg","17":"loop-entry"},"_links":{"self":[{"href":"https:\/\/www.hediyepazar.com\/index.php?rest_route=\/wp\/v2\/product\/83063","targetHints":{"allow":["GET"]}}],"collection":[{"href":"https:\/\/www.hediyepazar.com\/index.php?rest_route=\/wp\/v2\/product"}],"about":[{"href":"https:\/\/www.hediyepazar.com\/index.php?rest_route=\/wp\/v2\/types\/product"}],"replies":[{"embeddable":true,"href":"https:\/\/www.hediyepazar.com\/index.php?rest_route=%2Fwp%2Fv2%2Fcomments&post=83063"}],"wp:featuredmedia":[{"embeddable":true,"href":"https:\/\/www.hediyepazar.com\/index.php?rest_route=\/wp\/v2\/media\/83062"}],"wp:attachment":[{"href":"https:\/\/www.hediyepazar.com\/index.php?rest_route=%2Fwp%2Fv2%2Fmedia&parent=83063"}],"wp:term":[{"taxonomy":"product_brand","embeddable":true,"href":"https:\/\/www.hediyepazar.com\/index.php?rest_route=%2Fwp%2Fv2%2Fproduct_brand&post=83063"},{"taxonomy":"product_cat","embeddable":true,"href":"https:\/\/www.hediyepazar.com\/index.php?rest_route=%2Fwp%2Fv2%2Fproduct_cat&post=83063"},{"taxonomy":"product_tag","embeddable":true,"href":"https:\/\/www.hediyepazar.com\/index.php?rest_route=%2Fwp%2Fv2%2Fproduct_tag&post=83063"}],"curies":[{"name":"wp","href":"https:\/\/api.w.org\/{rel}","templated":true}]}}