{"id":83123,"date":"2026-04-30T06:45:28","date_gmt":"2026-04-30T09:45:28","guid":{"rendered":"https:\/\/www.hediyepazar.com\/?product=elektrik-supurgesi-toz-torbasi-3-lu-philips-sydney-electrolux-aeg"},"modified":"2026-04-30T06:45:28","modified_gmt":"2026-04-30T09:45:28","slug":"elektrik-supurgesi-toz-torbasi-3-lu-philips-sydney-electrolux-aeg","status":"publish","type":"product","link":"https:\/\/www.hediyepazar.com\/?product=elektrik-supurgesi-toz-torbasi-3-lu-philips-sydney-electrolux-aeg","title":{"rendered":"Elektrik S\u00fcp\u00fcrgesi Toz Torbas\u0131 3 L\u00fc Philips Sydney Electrolux Aeg"},"content":{"rendered":"<p>Philips &#8211;&nbsp;Electrolux &#8211;&nbsp;Aeg &#8211;&nbsp;Sydney &#8211;&nbsp;Expression &#8211; Impact<br \/>\n&#8211; Ultra &#8211; Tokyo &#8211; Rio &#8211; Mobilo &#8211;&nbsp;Specialist Pro ve Alt Modelleri i&ccedil;in uygundur.<br \/>\nPaket \u0130&ccedil;eri\u011fi : 1 Adet&nbsp;Elektrik S&uuml;p&uuml;rgesi Toz Torbas\u0131 3 L&uuml; Philips Sydney Electrolux Aeg&nbsp;<\/p>\n","protected":false},"excerpt":{"rendered":"<p>Elektrik S\u00fcp\u00fcrgesi Toz Torbas\u0131 3 L\u00fc Philips Sydney Electrolux Aeg<\/p>\n","protected":false},"featured_media":83122,"comment_status":"open","ping_status":"closed","template":"","meta":{"_kad_post_transparent":"","_kad_post_title":"","_kad_post_layout":"","_kad_post_sidebar_id":"","_kad_post_content_style":"","_kad_post_vertical_padding":"","_kad_post_feature":"","_kad_post_feature_position":"","_kad_post_header":false,"_kad_post_footer":false,"_kad_post_classname":""},"product_brand":[],"product_cat":[596,449,597],"product_tag":[],"class_list":{"0":"post-83123","1":"product","2":"type-product","3":"status-publish","4":"has-post-thumbnail","6":"product_cat-elektrikli-ev-aletleri-2","7":"product_cat-elektronik","8":"product_cat-ev-aletleri-yedek-parca","10":"first","11":"instock","12":"shipping-taxable","13":"purchasable","14":"product-type-simple","15":"entry","16":"content-bg","17":"loop-entry"},"_links":{"self":[{"href":"https:\/\/www.hediyepazar.com\/index.php?rest_route=\/wp\/v2\/product\/83123","targetHints":{"allow":["GET"]}}],"collection":[{"href":"https:\/\/www.hediyepazar.com\/index.php?rest_route=\/wp\/v2\/product"}],"about":[{"href":"https:\/\/www.hediyepazar.com\/index.php?rest_route=\/wp\/v2\/types\/product"}],"replies":[{"embeddable":true,"href":"https:\/\/www.hediyepazar.com\/index.php?rest_route=%2Fwp%2Fv2%2Fcomments&post=83123"}],"wp:featuredmedia":[{"embeddable":true,"href":"https:\/\/www.hediyepazar.com\/index.php?rest_route=\/wp\/v2\/media\/83122"}],"wp:attachment":[{"href":"https:\/\/www.hediyepazar.com\/index.php?rest_route=%2Fwp%2Fv2%2Fmedia&parent=83123"}],"wp:term":[{"taxonomy":"product_brand","embeddable":true,"href":"https:\/\/www.hediyepazar.com\/index.php?rest_route=%2Fwp%2Fv2%2Fproduct_brand&post=83123"},{"taxonomy":"product_cat","embeddable":true,"href":"https:\/\/www.hediyepazar.com\/index.php?rest_route=%2Fwp%2Fv2%2Fproduct_cat&post=83123"},{"taxonomy":"product_tag","embeddable":true,"href":"https:\/\/www.hediyepazar.com\/index.php?rest_route=%2Fwp%2Fv2%2Fproduct_tag&post=83123"}],"curies":[{"name":"wp","href":"https:\/\/api.w.org\/{rel}","templated":true}]}}