{"id":83216,"date":"2026-04-30T06:51:02","date_gmt":"2026-04-30T09:51:02","guid":{"rendered":"https:\/\/www.hediyepazar.com\/?product=sihirli-kalpli-jel-el-isitici-cep-sobasi-el-sobasi"},"modified":"2026-04-30T06:51:02","modified_gmt":"2026-04-30T09:51:02","slug":"sihirli-kalpli-jel-el-isitici-cep-sobasi-el-sobasi","status":"publish","type":"product","link":"https:\/\/www.hediyepazar.com\/?product=sihirli-kalpli-jel-el-isitici-cep-sobasi-el-sobasi","title":{"rendered":"Sihirli Kalpli Jel El Is\u0131t\u0131c\u0131 Cep Sobas\u0131 El Sobas\u0131"},"content":{"rendered":"<p>KALP \u015eEKL\u0130NDE S\u0130H\u0130RL\u0130 JEL EL ISITICI&nbsp;<\/p>\n<p>So\u011fuk ayazlarda s\u0131cac\u0131k kalbiniz yan\u0131n\u0131zda! Kalp \u015eeklinde Sihirli Jel El Is\u0131t\u0131c\u0131<\/p>\n<p>Ellerinizi \u0131s\u0131tmak i&ccedil;in pratik &ccedil;&ouml;z&uuml;m! Evde, sokakta, konserde, ma&ccedil;ta, i\u015fe giderken, kampta&#8230;<br \/>\nher yerde ellerinizi s\u0131cac\u0131k tutar!<\/p>\n<p>A\u011fr\u0131yan veya &uuml;\u015f&uuml;yen ellerinize s\u0131cak pres yapar. Her t&uuml;rl&uuml; a&ccedil;\u0131k hava aktivitesinde ellerinizi \u0131s\u0131tmak i&ccedil;in,<br \/>\nkalp \u015feklinde tasarlanm\u0131\u015f \u0131s\u0131t\u0131c\u0131y\u0131 aktif hale getirip avucunuza giymeniz yeterli!<\/p>\n<p>&Uuml;r&uuml;n Kullan\u0131m\u0131:<\/p>\n<p>Metal yuvarla\u011fa iki elinizin yard\u0131m\u0131 ile &ccedil;\u0131tlat\u0131n.<\/p>\n<p>Jel el \u0131s\u0131t\u0131c\u0131, Yukar\u0131daki \u015fekilde g&ouml;r&uuml;ld&uuml;\u011f&uuml; gibi kat\u0131la\u015facakt\u0131r.<\/p>\n<p>S\u0131cakl\u0131\u011f\u0131 30-45 dk sonunda yava\u015f yava\u015f azalacakt\u0131r.<\/p>\n<p>Tamamen so\u011fudu\u011funda t&uuml;m kristaller jel alana kadar kaynar suda kaynat\u0131n\u0131z.<\/p>\n<p>T&uuml;m bu i\u015flemleri tekrar tekrar yaparak &uuml;r&uuml;n&uuml; s&uuml;rekli kullanabilirsiniz.<\/p>\n<p>Kullan\u0131rken Dikkat Edilmesi Gereken<\/p>\n<p>&nbsp;Jel cep \u0131s\u0131t\u0131c\u0131s\u0131n\u0131 kullanman\u0131z\u0131n ard\u0131ndan tekrar kaynatarak s\u0131v\u0131 hale getirebilir ve tekrar kullanabilirsiniz.<br \/>\nAncak &uuml;r&uuml;n&uuml; kaynatman\u0131z\u0131n hemen ard\u0131ndan, s\u0131cak halde iken metal pulu &ccedil;\u0131tlatmay\u0131n\u0131z.<\/p>\n<p>&Uuml;r&uuml;n kargoda aktiflenmi\u015f olabilece\u011finden elinize ula\u015ft\u0131\u011f\u0131nda kat\u0131 halde olabilir.<br \/>\nBu, &uuml;r&uuml;n&uuml;n ar\u0131zal\u0131 oldu\u011fu anlam\u0131na gelmemektedir. &Uuml;r&uuml;n&uuml; kaynatarak tekrar s\u0131v\u0131 hale getirebilir ve diledi\u011finiz zaman kullanabilirsiniz.<\/p>\n<p>\nJel El Is\u0131t\u0131c\u0131y\u0131 nerelerde kullanabilirim?<\/p>\n<p>Kar\u0131n a\u011fr\u0131lar\u0131nda, kar\u0131n b&ouml;lgesi ve ayaklara konabilir, Yata\u011f\u0131n\u0131z\u0131 veya yast\u0131\u011f\u0131n\u0131z\u0131 \u0131s\u0131tmak i&ccedil;in, yata\u011fa girmeden<br \/>\n5-10 dk &ouml;nceden yata\u011f\u0131n\u0131za koyarak, g&uuml;venli \u015fekilde \u0131s\u0131tabilirsiniz. Kayak yaparken veya y&uuml;r&uuml;y&uuml;\u015fte,<br \/>\nko\u015fuda, montunuzun i&ccedil;ini \u0131s\u0131tmak i&ccedil;in, da\u011fc\u0131l\u0131k, kamp ve avc\u0131l\u0131k da tulumlar\u0131n\u0131z\u0131 \u0131s\u0131tmak i&ccedil;in, a\u011fr\u0131 ve<br \/>\ns\u0131cak press gerektiren yerlerde, pansuman yapmak i&ccedil;in. S\u0131cak tutman\u0131z gereken b&ouml;lgelerinize an\u0131nda ve<br \/>\ngerekti\u011fi yerde s\u0131cakl\u0131k imkan\u0131 sa\u011flamak i&ccedil;in.&nbsp;<br \/>\nPaket \u0130&ccedil;eri\u011fi:<\/p>\n<p>1 Adet Kalp \u015eeklinde Sihirli Jel Is\u0131t\u0131c\u0131<\/p>\n","protected":false},"excerpt":{"rendered":"<p>Sihirli Kalpli Jel El Is\u0131t\u0131c\u0131 Cep Sobas\u0131 El Sobas\u0131<\/p>\n","protected":false},"featured_media":83215,"comment_status":"open","ping_status":"closed","template":"","meta":{"_kad_post_transparent":"","_kad_post_title":"","_kad_post_layout":"","_kad_post_sidebar_id":"","_kad_post_content_style":"","_kad_post_vertical_padding":"","_kad_post_feature":"","_kad_post_feature_position":"","_kad_post_header":false,"_kad_post_footer":false,"_kad_post_classname":""},"product_brand":[],"product_cat":[700,591,570],"product_tag":[],"class_list":{"0":"post-83216","1":"product","2":"type-product","3":"status-publish","4":"has-post-thumbnail","6":"product_cat-genel-saglik","7":"product_cat-saglik","8":"product_cat-supermarket","10":"first","11":"instock","12":"shipping-taxable","13":"purchasable","14":"product-type-simple","15":"entry","16":"content-bg","17":"loop-entry"},"_links":{"self":[{"href":"https:\/\/www.hediyepazar.com\/index.php?rest_route=\/wp\/v2\/product\/83216","targetHints":{"allow":["GET"]}}],"collection":[{"href":"https:\/\/www.hediyepazar.com\/index.php?rest_route=\/wp\/v2\/product"}],"about":[{"href":"https:\/\/www.hediyepazar.com\/index.php?rest_route=\/wp\/v2\/types\/product"}],"replies":[{"embeddable":true,"href":"https:\/\/www.hediyepazar.com\/index.php?rest_route=%2Fwp%2Fv2%2Fcomments&post=83216"}],"wp:featuredmedia":[{"embeddable":true,"href":"https:\/\/www.hediyepazar.com\/index.php?rest_route=\/wp\/v2\/media\/83215"}],"wp:attachment":[{"href":"https:\/\/www.hediyepazar.com\/index.php?rest_route=%2Fwp%2Fv2%2Fmedia&parent=83216"}],"wp:term":[{"taxonomy":"product_brand","embeddable":true,"href":"https:\/\/www.hediyepazar.com\/index.php?rest_route=%2Fwp%2Fv2%2Fproduct_brand&post=83216"},{"taxonomy":"product_cat","embeddable":true,"href":"https:\/\/www.hediyepazar.com\/index.php?rest_route=%2Fwp%2Fv2%2Fproduct_cat&post=83216"},{"taxonomy":"product_tag","embeddable":true,"href":"https:\/\/www.hediyepazar.com\/index.php?rest_route=%2Fwp%2Fv2%2Fproduct_tag&post=83216"}],"curies":[{"name":"wp","href":"https:\/\/api.w.org\/{rel}","templated":true}]}}